{"id":39,"date":"2025-04-16T13:16:18","date_gmt":"2025-04-16T11:16:18","guid":{"rendered":"https:\/\/uj.adatbank.ro\/lexikon\/?page_id=39"},"modified":"2025-04-29T15:35:43","modified_gmt":"2025-04-29T13:35:43","slug":"muemlek-adatlap-orokbefogadas","status":"publish","type":"page","link":"https:\/\/uj.adatbank.ro\/lexikon\/muemlek-adatlap-orokbefogadas\/","title":{"rendered":"M\u0171eml\u00e9k-adatlap \u00f6r\u00f6kbefogad\u00e1s"},"content":{"rendered":"\t\t<div data-elementor-type=\"wp-page\" data-elementor-id=\"39\" class=\"elementor elementor-39\" data-elementor-post-type=\"page\">\n\t\t\t\t<div class=\"elementor-element elementor-element-20e95d0 e-flex e-con-boxed e-con e-parent\" data-id=\"20e95d0\" data-element_type=\"container\" data-e-type=\"container\">\n\t\t\t\t\t<div class=\"e-con-inner\">\n\t\t<div class=\"elementor-element elementor-element-dcb58c6 e-con-full e-flex e-con e-child\" data-id=\"dcb58c6\" data-element_type=\"container\" data-e-type=\"container\">\n\t\t\t\t<div class=\"elementor-element elementor-element-55c1218 elementor-widget elementor-widget-text-editor\" data-id=\"55c1218\" data-element_type=\"widget\" data-e-type=\"widget\" data-widget_type=\"text-editor.default\">\n\t\t\t\t<div class=\"elementor-widget-container\">\n\t\t\t\t\t\t\t\t\t<p>T\u00e1mogassa a <strong>Lexikon.ro<\/strong> leend\u0151 sz\u00f3cikkeink meg\u00edr\u00e1s\u00e1t! Eur\u00f3pai Uni\u00f3s forr\u00e1sokb\u00f3l 150 k\u00e9tnyelv\u0171 lexikon sz\u00f3cikk legy\u00e1rt\u00e1s\u00e1ra volt lehet\u0151s\u00e9g\u00fcnk. Arra t\u00f6rekedt\u00fcnk, hogy meghat\u00e1roz\u00f3 m\u0171eml\u00e9kek le\u00edr\u00e1sai ne hi\u00e1nyozzanak, m\u00e9gis lexikonunk b\u00f6ng\u00e9sz\u0151inek joggal lehet hi\u00e1ny\u00e9rzete, hiszen a szerepeltetett 150 m\u0171eml\u00e9k a t\u00f6bb mint 10 ezer erd\u00e9lyi m\u0171eml\u00e9knek kis t\u00f6red\u00e9ke csup\u00e1n. Ez\u00e9rt arra b\u00edztatjuk a Lexikon.ro olvas\u00f3it, fogadjanak \u00f6r\u00f6kbe leend\u0151 sz\u00f3cikkeket: t\u00e1mogass\u00e1k azoknak a m\u0171eml\u00e9keknek a szakszer\u0171 megjelen\u00edt\u00e9s\u00e9t, amelyekhez k\u00f6t\u0151dnek.<\/p><p>Az al\u00e1bbi list\u00e1ban azok a m\u0171eml\u00e9kek tal\u00e1lhat\u00f3k, amelyeknek le\u00edr\u00e1sainak \u00f6r\u00f6kbe fogad\u00e1s\u00e1t a Lexikon.ro szakszerkeszt\u0151i javasolj\u00e1k. M\u00e9gis, amennyiben \u00d6n olyan m\u0171eml\u00e9kr\u0151l k\u00edv\u00e1n sz\u00f3cikket t\u00e1mogatni, amely nem szerepel a list\u00e1n, erre is van lehet\u0151s\u00e9g.<\/p><p>A sz\u00f3cikkeket minden esetben szak\u00e9rt\u0151k \u00edrj\u00e1k. Egy sz\u00f3cikk megjelen\u00edt\u00e9si k\u00f6lts\u00e9ge (szerkeszt\u00e9s, lektor\u00e1l\u00e1s, ford\u00edt\u00e1s, fot\u00f3z\u00e1s, digitaliz\u00e1l\u00e1s) 95 eur\u00f3ba ker\u00fcl. Az \u00f6r\u00f6kbefogad\u00f3 mag\u00e1nszem\u00e9lyek neve vagy c\u00e9gek log\u00f3i j\u00f3l l\u00e1that\u00f3 helyen, saj\u00e1t oldalra \u00e1tvezet\u0151 hivatkoz\u00e1ssal lesz elhelyezve. Ha tov\u00e1bbi r\u00e9szleteket szeretne megtudni az \u00f6r\u00f6kbefogad\u00e1si lehet\u0151s\u00e9gr\u0151l, vagy sz\u00e1nd\u00e9k\u00e1t k\u00edv\u00e1nja jelezni, k\u00e9rj\u00fck, \u00edrjon az <a href=\"mailto:adatbank@transindex.ro\">adatbank@transindex.ro<\/a> c\u00edmre vagy h\u00edvja a 0740-042581-es telefonsz\u00e1mot.<\/p><p>K\u00f6sz\u00f6nj\u00fck!<\/p><p><a href=\"\/lexikon\/wp-content\/uploads\/sites\/113\/2025\/04\/200-muemlek.pdf\" target=\"_blank\" rel=\"noopener\">A 200 v\u00e1laszthat\u00f3 erd\u00e9lyi m\u0171eml\u00e9k &gt;&gt;<\/a><\/p>\t\t\t\t\t\t\t\t<\/div>\n\t\t\t\t<\/div>\n\t\t\t\t<\/div>\n\t\t\t\t\t<\/div>\n\t\t\t\t<\/div>\n\t\t\t\t<\/div>\n\t\t","protected":false},"excerpt":{"rendered":"<p>T\u00e1mogassa a Lexikon.ro leend\u0151 sz\u00f3cikkeink meg\u00edr\u00e1s\u00e1t! Eur\u00f3pai Uni\u00f3s forr\u00e1sokb\u00f3l 150 k\u00e9tnyelv\u0171 lexikon sz\u00f3cikk legy\u00e1rt\u00e1s\u00e1ra volt lehet\u0151s\u00e9g\u00fcnk. Arra t\u00f6rekedt\u00fcnk, hogy meghat\u00e1roz\u00f3 m\u0171eml\u00e9kek le\u00edr\u00e1sai ne hi\u00e1nyozzanak, m\u00e9gis lexikonunk b\u00f6ng\u00e9sz\u0151inek joggal lehet hi\u00e1ny\u00e9rzete, hiszen a szerepeltetett 150 m\u0171eml\u00e9k a t\u00f6bb mint 10 ezer erd\u00e9lyi m\u0171eml\u00e9knek kis t\u00f6red\u00e9ke csup\u00e1n. Ez\u00e9rt arra b\u00edztatjuk a Lexikon.ro olvas\u00f3it, fogadjanak \u00f6r\u00f6kbe leend\u0151 sz\u00f3cikkeket: [&hellip;]<\/p>\n","protected":false},"author":3,"featured_media":0,"parent":0,"menu_order":0,"comment_status":"closed","ping_status":"closed","template":"","meta":{"footnotes":""},"class_list":["post-39","page","type-page","status-publish","hentry"],"_links":{"self":[{"href":"https:\/\/uj.adatbank.ro\/lexikon\/wp-json\/wp\/v2\/pages\/39","targetHints":{"allow":["GET"]}}],"collection":[{"href":"https:\/\/uj.adatbank.ro\/lexikon\/wp-json\/wp\/v2\/pages"}],"about":[{"href":"https:\/\/uj.adatbank.ro\/lexikon\/wp-json\/wp\/v2\/types\/page"}],"author":[{"embeddable":true,"href":"https:\/\/uj.adatbank.ro\/lexikon\/wp-json\/wp\/v2\/users\/3"}],"replies":[{"embeddable":true,"href":"https:\/\/uj.adatbank.ro\/lexikon\/wp-json\/wp\/v2\/comments?post=39"}],"version-history":[{"count":46,"href":"https:\/\/uj.adatbank.ro\/lexikon\/wp-json\/wp\/v2\/pages\/39\/revisions"}],"predecessor-version":[{"id":902,"href":"https:\/\/uj.adatbank.ro\/lexikon\/wp-json\/wp\/v2\/pages\/39\/revisions\/902"}],"wp:attachment":[{"href":"https:\/\/uj.adatbank.ro\/lexikon\/wp-json\/wp\/v2\/media?parent=39"}],"curies":[{"name":"wp","href":"https:\/\/api.w.org\/{rel}","templated":true}]}}