{"id":863,"date":"2025-04-29T14:45:26","date_gmt":"2025-04-29T12:45:26","guid":{"rendered":"https:\/\/uj.adatbank.ro\/lexikon\/?page_id=863"},"modified":"2025-04-29T14:45:28","modified_gmt":"2025-04-29T12:45:28","slug":"sustinatori-si-parteneri","status":"publish","type":"page","link":"https:\/\/uj.adatbank.ro\/lexikon\/ro\/sustinatori-si-parteneri\/","title":{"rendered":"Sus\u021bin\u0103tori \u0219i parteneri"},"content":{"rendered":"\t\t<div data-elementor-type=\"wp-page\" data-elementor-id=\"863\" class=\"elementor elementor-863\" data-elementor-post-type=\"page\">\n\t\t\t\t<div class=\"elementor-element elementor-element-20e95d0 e-flex e-con-boxed e-con e-parent\" data-id=\"20e95d0\" data-element_type=\"container\" data-e-type=\"container\">\n\t\t\t\t\t<div class=\"e-con-inner\">\n\t\t<div class=\"elementor-element elementor-element-69124a2 e-con-full e-flex e-con e-child\" data-id=\"69124a2\" data-element_type=\"container\" data-e-type=\"container\">\n\t\t<div class=\"elementor-element elementor-element-ee447c9 e-con-full e-flex e-con e-child\" data-id=\"ee447c9\" data-element_type=\"container\" data-e-type=\"container\">\n\t\t<div class=\"elementor-element elementor-element-44c06a2 e-con-full e-flex e-con e-child\" data-id=\"44c06a2\" data-element_type=\"container\" data-e-type=\"container\">\n\t\t\t\t<div class=\"elementor-element elementor-element-c9eada3 elementor-widget elementor-widget-image\" data-id=\"c9eada3\" data-element_type=\"widget\" data-e-type=\"widget\" data-widget_type=\"image.default\">\n\t\t\t\t<div class=\"elementor-widget-container\">\n\t\t\t\t\t\t\t\t\t\t\t\t\t\t\t\t<a href=\"https:\/\/eeagrants.org\/\" target=\"_blank\">\n\t\t\t\t\t\t\t<img decoding=\"async\" width=\"108\" height=\"84\" src=\"https:\/\/uj.adatbank.ro\/lexikon\/wp-content\/uploads\/sites\/113\/2025\/04\/eea.png\" class=\"attachment-medium size-medium wp-image-25\" alt=\"\" \/>\t\t\t\t\t\t\t\t<\/a>\n\t\t\t\t\t\t\t\t\t\t\t\t\t\t\t<\/div>\n\t\t\t\t<\/div>\n\t\t\t\t<\/div>\n\t\t<div class=\"elementor-element elementor-element-a1c2dc1 e-con-full e-flex e-con e-child\" data-id=\"a1c2dc1\" data-element_type=\"container\" data-e-type=\"container\">\n\t\t\t\t<div class=\"elementor-element elementor-element-83c792a elementor-widget elementor-widget-text-editor\" data-id=\"83c792a\" data-element_type=\"widget\" data-e-type=\"widget\" data-widget_type=\"text-editor.default\">\n\t\t\t\t<div class=\"elementor-widget-container\">\n\t\t\t\t\t\t\t\t\t<p id=\"kulso\">Az Erd\u00e9lyi \u00e9p\u00edtett \u00f6r\u00f6ks\u00e9g internetes megjelen\u00edt\u00e9s\u00e9t Izland-, Liechtenstein-, \u00e9s Norv\u00e9gia korm\u00e1nyzatai finansz\u00edrozt\u00e1k, az Eur\u00f3pai Gazdas\u00e1gi T\u00e9rs\u00e9g (EGT) p\u00e9nz\u00fcgyi mechanizmusa r\u00e9v\u00e9n.<\/p><p id=\"kulso\" align=\"left\">A site tartalma nem felt\u00e9tlen\u00fcl t\u00fckr\u00f6zi az Eur\u00f3pai Gazdas\u00e1gi T\u00e9rs\u00e9g (EGT) hivatalos \u00e1ll\u00e1spontj\u00e1t. A megjelen\u00edtett inform\u00e1ci\u00f3k pontoss\u00e1ga \u00e9s \u00e9rthet\u0151s\u00e9ge kiz\u00e1r\u00f3lag a weboldal m\u0171k\u00f6dtet\u0151inek felel\u0151ss\u00e9ge.<\/p>\t\t\t\t\t\t\t\t<\/div>\n\t\t\t\t<\/div>\n\t\t\t\t<\/div>\n\t\t\t\t<\/div>\n\t\t<div class=\"elementor-element elementor-element-02f78e1 e-con-full e-flex e-con e-child\" data-id=\"02f78e1\" data-element_type=\"container\" data-e-type=\"container\">\n\t\t<div class=\"elementor-element elementor-element-679749b e-con-full e-flex e-con e-child\" data-id=\"679749b\" data-element_type=\"container\" data-e-type=\"container\">\n\t\t\t\t<div class=\"elementor-element elementor-element-36f3d94 elementor-widget elementor-widget-image\" data-id=\"36f3d94\" data-element_type=\"widget\" data-e-type=\"widget\" data-widget_type=\"image.default\">\n\t\t\t\t<div class=\"elementor-widget-container\">\n\t\t\t\t\t\t\t\t\t\t\t\t\t\t\t\t<a href=\"http:\/\/www.szulofold.hu\/\" target=\"_blank\">\n\t\t\t\t\t\t\t<img decoding=\"async\" width=\"100\" height=\"100\" src=\"https:\/\/uj.adatbank.ro\/lexikon\/wp-content\/uploads\/sites\/113\/2025\/04\/szulofold.png\" class=\"attachment-medium size-medium wp-image-28\" alt=\"\" \/>\t\t\t\t\t\t\t\t<\/a>\n\t\t\t\t\t\t\t\t\t\t\t\t\t\t\t<\/div>\n\t\t\t\t<\/div>\n\t\t\t\t<\/div>\n\t\t<div class=\"elementor-element elementor-element-d96dc0f e-con-full e-flex e-con e-child\" data-id=\"d96dc0f\" data-element_type=\"container\" data-e-type=\"container\">\n\t\t\t\t<div class=\"elementor-element elementor-element-280799b elementor-widget elementor-widget-text-editor\" data-id=\"280799b\" data-element_type=\"widget\" data-e-type=\"widget\" data-widget_type=\"text-editor.default\">\n\t\t\t\t<div class=\"elementor-widget-container\">\n\t\t\t\t\t\t\t\t\t<p>Sz\u00fcl\u0151f\u00f6ld Alap<\/p>\t\t\t\t\t\t\t\t<\/div>\n\t\t\t\t<\/div>\n\t\t\t\t<\/div>\n\t\t\t\t<\/div>\n\t\t<div class=\"elementor-element elementor-element-8c88722 e-con-full e-flex e-con e-child\" data-id=\"8c88722\" data-element_type=\"container\" data-e-type=\"container\">\n\t\t<div class=\"elementor-element elementor-element-54768e6 e-con-full e-flex e-con e-child\" data-id=\"54768e6\" data-element_type=\"container\" data-e-type=\"container\">\n\t\t\t\t<div class=\"elementor-element elementor-element-df2bbe9 elementor-widget elementor-widget-image\" data-id=\"df2bbe9\" data-element_type=\"widget\" data-e-type=\"widget\" data-widget_type=\"image.default\">\n\t\t\t\t<div class=\"elementor-widget-container\">\n\t\t\t\t\t\t\t\t\t\t\t\t\t\t\t\t<a href=\"https:\/\/www.neprajztanszek.ro\/\" target=\"_blank\">\n\t\t\t\t\t\t\t<img decoding=\"async\" width=\"178\" height=\"176\" src=\"https:\/\/uj.adatbank.ro\/lexikon\/wp-content\/uploads\/sites\/113\/2025\/04\/neprajztanszek.png\" class=\"attachment-medium size-medium wp-image-27\" alt=\"\" srcset=\"https:\/\/uj.adatbank.ro\/lexikon\/wp-content\/uploads\/sites\/113\/2025\/04\/neprajztanszek.png 178w, https:\/\/uj.adatbank.ro\/lexikon\/wp-content\/uploads\/sites\/113\/2025\/04\/neprajztanszek-100x100.png 100w\" sizes=\"(max-width: 178px) 100vw, 178px\" \/>\t\t\t\t\t\t\t\t<\/a>\n\t\t\t\t\t\t\t\t\t\t\t\t\t\t\t<\/div>\n\t\t\t\t<\/div>\n\t\t\t\t<\/div>\n\t\t<div class=\"elementor-element elementor-element-7869521 e-con-full e-flex e-con e-child\" data-id=\"7869521\" data-element_type=\"container\" data-e-type=\"container\">\n\t\t\t\t<div class=\"elementor-element elementor-element-7b9438d elementor-widget elementor-widget-text-editor\" data-id=\"7b9438d\" data-element_type=\"widget\" data-e-type=\"widget\" data-widget_type=\"text-editor.default\">\n\t\t\t\t<div class=\"elementor-widget-container\">\n\t\t\t\t\t\t\t\t\t<p>BBTE Magyar N\u00e9prajz \u00e9s Antropol\u00f3gia Tansz\u00e9k<\/p>\t\t\t\t\t\t\t\t<\/div>\n\t\t\t\t<\/div>\n\t\t\t\t<\/div>\n\t\t\t\t<\/div>\n\t\t<div class=\"elementor-element elementor-element-817aa31 e-con-full e-flex e-con e-child\" data-id=\"817aa31\" data-element_type=\"container\" data-e-type=\"container\">\n\t\t<div class=\"elementor-element elementor-element-33e7f89 e-con-full e-flex e-con e-child\" data-id=\"33e7f89\" data-element_type=\"container\" data-e-type=\"container\">\n\t\t\t\t<div class=\"elementor-element elementor-element-62457d9 elementor-widget elementor-widget-image\" data-id=\"62457d9\" data-element_type=\"widget\" data-e-type=\"widget\" data-widget_type=\"image.default\">\n\t\t\t\t<div class=\"elementor-widget-container\">\n\t\t\t\t\t\t\t\t\t\t\t\t\t\t\t\t<a href=\"http:\/\/www.kjnt.ro\/\" target=\"_blank\">\n\t\t\t\t\t\t\t<img loading=\"lazy\" decoding=\"async\" width=\"200\" height=\"184\" src=\"https:\/\/uj.adatbank.ro\/lexikon\/wp-content\/uploads\/sites\/113\/2025\/04\/kriza_logo-300x276.png\" class=\"attachment-medium size-medium wp-image-26\" alt=\"\" srcset=\"https:\/\/uj.adatbank.ro\/lexikon\/wp-content\/uploads\/sites\/113\/2025\/04\/kriza_logo-300x276.png 300w, https:\/\/uj.adatbank.ro\/lexikon\/wp-content\/uploads\/sites\/113\/2025\/04\/kriza_logo-scaled-600x552.png 600w, https:\/\/uj.adatbank.ro\/lexikon\/wp-content\/uploads\/sites\/113\/2025\/04\/kriza_logo-1024x943.png 1024w, https:\/\/uj.adatbank.ro\/lexikon\/wp-content\/uploads\/sites\/113\/2025\/04\/kriza_logo-768x707.png 768w, https:\/\/uj.adatbank.ro\/lexikon\/wp-content\/uploads\/sites\/113\/2025\/04\/kriza_logo-1536x1414.png 1536w, https:\/\/uj.adatbank.ro\/lexikon\/wp-content\/uploads\/sites\/113\/2025\/04\/kriza_logo-2048x1885.png 2048w, https:\/\/uj.adatbank.ro\/lexikon\/wp-content\/uploads\/sites\/113\/2025\/04\/kriza_logo-543x500.png 543w, https:\/\/uj.adatbank.ro\/lexikon\/wp-content\/uploads\/sites\/113\/2025\/04\/kriza_logo-326x300.png 326w\" sizes=\"(max-width: 200px) 100vw, 200px\" \/>\t\t\t\t\t\t\t\t<\/a>\n\t\t\t\t\t\t\t\t\t\t\t\t\t\t\t<\/div>\n\t\t\t\t<\/div>\n\t\t\t\t<\/div>\n\t\t<div class=\"elementor-element elementor-element-4c2fa84 e-con-full e-flex e-con e-child\" data-id=\"4c2fa84\" data-element_type=\"container\" data-e-type=\"container\">\n\t\t\t\t<div class=\"elementor-element elementor-element-1f212a9 elementor-widget elementor-widget-text-editor\" data-id=\"1f212a9\" data-element_type=\"widget\" data-e-type=\"widget\" data-widget_type=\"text-editor.default\">\n\t\t\t\t<div class=\"elementor-widget-container\">\n\t\t\t\t\t\t\t\t\t<p>Kriza J\u00e1nos N\u00e9prajzi T\u00e1rsas\u00e1g<\/p>\t\t\t\t\t\t\t\t<\/div>\n\t\t\t\t<\/div>\n\t\t\t\t<\/div>\n\t\t\t\t<\/div>\n\t\t<div class=\"elementor-element elementor-element-38576f4 e-con-full e-flex e-con e-child\" data-id=\"38576f4\" data-element_type=\"container\" data-e-type=\"container\">\n\t\t<div class=\"elementor-element elementor-element-ec24ba2 e-con-full e-flex e-con e-child\" data-id=\"ec24ba2\" data-element_type=\"container\" data-e-type=\"container\">\n\t\t\t\t<div class=\"elementor-element elementor-element-5f8b804 elementor-widget elementor-widget-image\" data-id=\"5f8b804\" data-element_type=\"widget\" data-e-type=\"widget\" data-widget_type=\"image.default\">\n\t\t\t\t<div class=\"elementor-widget-container\">\n\t\t\t\t\t\t\t\t\t\t\t\t\t\t\t\t<a href=\"https:\/\/www.afcn.ro\/\" target=\"_blank\">\n\t\t\t\t\t\t\t<img loading=\"lazy\" decoding=\"async\" width=\"184\" height=\"200\" src=\"https:\/\/uj.adatbank.ro\/lexikon\/wp-content\/uploads\/sites\/113\/2025\/04\/afcn-276x300.png\" class=\"attachment-medium size-medium wp-image-24\" alt=\"\" srcset=\"https:\/\/uj.adatbank.ro\/lexikon\/wp-content\/uploads\/sites\/113\/2025\/04\/afcn-276x300.png 276w, https:\/\/uj.adatbank.ro\/lexikon\/wp-content\/uploads\/sites\/113\/2025\/04\/afcn-460x500.png 460w, https:\/\/uj.adatbank.ro\/lexikon\/wp-content\/uploads\/sites\/113\/2025\/04\/afcn.png 575w\" sizes=\"(max-width: 184px) 100vw, 184px\" \/>\t\t\t\t\t\t\t\t<\/a>\n\t\t\t\t\t\t\t\t\t\t\t\t\t\t\t<\/div>\n\t\t\t\t<\/div>\n\t\t\t\t<\/div>\n\t\t<div class=\"elementor-element elementor-element-6ffd5a8 e-con-full e-flex e-con e-child\" data-id=\"6ffd5a8\" data-element_type=\"container\" data-e-type=\"container\">\n\t\t\t\t<div class=\"elementor-element elementor-element-8b7e579 elementor-widget elementor-widget-text-editor\" data-id=\"8b7e579\" data-element_type=\"widget\" data-e-type=\"widget\" data-widget_type=\"text-editor.default\">\n\t\t\t\t<div class=\"elementor-widget-container\">\n\t\t\t\t\t\t\t\t\t<p>Administra\u0163ia Fondului Cultural Na\u0163ional<\/p>\t\t\t\t\t\t\t\t<\/div>\n\t\t\t\t<\/div>\n\t\t\t\t<\/div>\n\t\t\t\t<\/div>\n\t\t\t\t<div class=\"elementor-element elementor-element-1b25da7 elementor-widget elementor-widget-image\" data-id=\"1b25da7\" data-element_type=\"widget\" data-e-type=\"widget\" data-widget_type=\"image.default\">\n\t\t\t\t<div class=\"elementor-widget-container\">\n\t\t\t\t\t\t\t\t\t\t\t\t\t\t\t\t<a href=\"https:\/\/bgazrt.hu\/\" target=\"_blank\">\n\t\t\t\t\t\t\t<img loading=\"lazy\" decoding=\"async\" width=\"800\" height=\"200\" src=\"https:\/\/uj.adatbank.ro\/lexikon\/wp-content\/uploads\/sites\/113\/2025\/04\/bga-1024x256.png\" class=\"attachment-large size-large wp-image-32\" alt=\"\" srcset=\"https:\/\/uj.adatbank.ro\/lexikon\/wp-content\/uploads\/sites\/113\/2025\/04\/bga-1024x256.png 1024w, https:\/\/uj.adatbank.ro\/lexikon\/wp-content\/uploads\/sites\/113\/2025\/04\/bga-600x150.png 600w, https:\/\/uj.adatbank.ro\/lexikon\/wp-content\/uploads\/sites\/113\/2025\/04\/bga-300x75.png 300w, https:\/\/uj.adatbank.ro\/lexikon\/wp-content\/uploads\/sites\/113\/2025\/04\/bga-768x192.png 768w, https:\/\/uj.adatbank.ro\/lexikon\/wp-content\/uploads\/sites\/113\/2025\/04\/bga-1536x384.png 1536w, https:\/\/uj.adatbank.ro\/lexikon\/wp-content\/uploads\/sites\/113\/2025\/04\/bga-2048x512.png 2048w, https:\/\/uj.adatbank.ro\/lexikon\/wp-content\/uploads\/sites\/113\/2025\/04\/bga-840x210.png 840w\" sizes=\"(max-width: 800px) 100vw, 800px\" \/>\t\t\t\t\t\t\t\t<\/a>\n\t\t\t\t\t\t\t\t\t\t\t\t\t\t\t<\/div>\n\t\t\t\t<\/div>\n\t\t\t\t<\/div>\n\t\t\t\t\t<\/div>\n\t\t\t\t<\/div>\n\t\t\t\t<\/div>\n\t\t","protected":false},"excerpt":{"rendered":"","protected":false},"author":3,"featured_media":0,"parent":0,"menu_order":0,"comment_status":"closed","ping_status":"closed","template":"","meta":{"footnotes":""},"class_list":["post-863","page","type-page","status-publish","hentry"],"_links":{"self":[{"href":"https:\/\/uj.adatbank.ro\/lexikon\/wp-json\/wp\/v2\/pages\/863","targetHints":{"allow":["GET"]}}],"collection":[{"href":"https:\/\/uj.adatbank.ro\/lexikon\/wp-json\/wp\/v2\/pages"}],"about":[{"href":"https:\/\/uj.adatbank.ro\/lexikon\/wp-json\/wp\/v2\/types\/page"}],"author":[{"embeddable":true,"href":"https:\/\/uj.adatbank.ro\/lexikon\/wp-json\/wp\/v2\/users\/3"}],"replies":[{"embeddable":true,"href":"https:\/\/uj.adatbank.ro\/lexikon\/wp-json\/wp\/v2\/comments?post=863"}],"version-history":[{"count":1,"href":"https:\/\/uj.adatbank.ro\/lexikon\/wp-json\/wp\/v2\/pages\/863\/revisions"}],"predecessor-version":[{"id":864,"href":"https:\/\/uj.adatbank.ro\/lexikon\/wp-json\/wp\/v2\/pages\/863\/revisions\/864"}],"wp:attachment":[{"href":"https:\/\/uj.adatbank.ro\/lexikon\/wp-json\/wp\/v2\/media?parent=863"}],"curies":[{"name":"wp","href":"https:\/\/api.w.org\/{rel}","templated":true}]}}