{"id":10255,"date":"2025-06-29T13:13:50","date_gmt":"2025-06-29T11:13:50","guid":{"rendered":"https:\/\/uj.adatbank.ro\/lexikon\/termek\/iacob-alexandru-%c2%a7\/"},"modified":"2025-06-29T13:13:50","modified_gmt":"2025-06-29T11:13:50","slug":"iacob-alexandru-%c2%a7","status":"publish","type":"product","link":"https:\/\/uj.adatbank.ro\/lexikon\/termek\/iacob-alexandru-%c2%a7\/","title":{"rendered":"IACOB Alexandru, \u00a7"},"content":{"rendered":"<p>Marosszentgy\u00f6rgy, 1903. m\u00e1rc. 21., \u2020 Marosszentgy\u00f6rgy, 1991.: munk\u00e1s, igazgat\u00f3. \u2013 H\u00e9t oszt. a sz\u00fcl\u0151faluj\u00e1ban v\u00e9gezte. Tev\u00e9kenyen r\u00e9szt vett a k\u00f6zs\u00e9g m\u0171vel\u0151d\u00e9si \u00e9let\u00e9ben, majd kinevezt\u00e9k kult\u00farigazgat\u00f3nak (1951\u201353). M\u0171kedvel\u0151 csoportjaival benevezett a kut\u00far\u00e1lis versenyekbe. Saj\u00e1t maga is tagja volt a vegyes k\u00f3rusnak (1950\u201366). Nyugd\u00edjba vonult (1979). <br \/><strong>Irod.:<\/strong> Opri\u015f<\/br><\/p>\n","protected":false},"excerpt":{"rendered":"<p>Marosszentgy\u00f6rgy, 1903. m\u00e1rc. 21., \u2020 Marosszentgy\u00f6rgy, 1991.: munk\u00e1s, igazgat\u00f3. \u2013 H\u00e9t oszt. a sz\u00fcl\u0151faluj\u00e1ban v\u00e9gezte. Tev\u00e9kenyen r\u00e9szt vett a k\u00f6zs\u00e9g m\u0171vel\u0151d\u00e9si \u00e9let\u00e9ben, majd kinevezt\u00e9k kult\u00farigazgat\u00f3nak (1951\u201353). M\u0171kedvel\u0151 csoportjaival benevezett a kut\u00far\u00e1lis versenyekbe. Saj\u00e1t maga is tagja volt a vegyes k\u00f3rusnak (1950\u201366). Nyugd\u00edjba vonult (1979). Irod.: Opri\u015f<\/p>\n","protected":false},"featured_media":0,"comment_status":"open","ping_status":"closed","template":"","meta":[],"product_brand":[],"product_cat":[137],"product_tag":[],"class_list":{"0":"post-10255","1":"product","2":"type-product","3":"status-publish","5":"product_cat-maros-megyei-eletrajzi-lexikon","7":"first","8":"instock","9":"shipping-taxable","10":"product-type-simple"},"_links":{"self":[{"href":"https:\/\/uj.adatbank.ro\/lexikon\/wp-json\/wp\/v2\/product\/10255","targetHints":{"allow":["GET"]}}],"collection":[{"href":"https:\/\/uj.adatbank.ro\/lexikon\/wp-json\/wp\/v2\/product"}],"about":[{"href":"https:\/\/uj.adatbank.ro\/lexikon\/wp-json\/wp\/v2\/types\/product"}],"replies":[{"embeddable":true,"href":"https:\/\/uj.adatbank.ro\/lexikon\/wp-json\/wp\/v2\/comments?post=10255"}],"wp:attachment":[{"href":"https:\/\/uj.adatbank.ro\/lexikon\/wp-json\/wp\/v2\/media?parent=10255"}],"wp:term":[{"taxonomy":"product_brand","embeddable":true,"href":"https:\/\/uj.adatbank.ro\/lexikon\/wp-json\/wp\/v2\/product_brand?post=10255"},{"taxonomy":"product_cat","embeddable":true,"href":"https:\/\/uj.adatbank.ro\/lexikon\/wp-json\/wp\/v2\/product_cat?post=10255"},{"taxonomy":"product_tag","embeddable":true,"href":"https:\/\/uj.adatbank.ro\/lexikon\/wp-json\/wp\/v2\/product_tag?post=10255"}],"curies":[{"name":"wp","href":"https:\/\/api.w.org\/{rel}","templated":true}]}}