{"id":10256,"date":"2025-06-29T13:13:52","date_gmt":"2025-06-29T11:13:52","guid":{"rendered":"https:\/\/uj.adatbank.ro\/lexikon\/termek\/iacob-dumitru\/"},"modified":"2025-06-29T13:13:52","modified_gmt":"2025-06-29T11:13:52","slug":"iacob-dumitru","status":"publish","type":"product","link":"https:\/\/uj.adatbank.ro\/lexikon\/termek\/iacob-dumitru\/","title":{"rendered":"IACOB Dumitru"},"content":{"rendered":"<p>Ny\u00e1r\u00e1dt\u0151, 1906. j\u00fal. 17., \u2020 Kv., 1957. m\u00e1j. 23.: geol\u00f3gus-paleontol\u00f3gus, egyetemi, tan\u00e1r, tudom\u00e1nyos kutat\u00f3. \u2013 A k\u00f6z\u00e9piskol\u00e1t Mv.-en a Papiu Ilarian L\u00edc. -ban (1928), az egyetemet Francio. -ban P\u00e1rizsban \u00e9s Nancyban v\u00e9gezte (1928\u201332); doktor\u00e1lt Magna cum laude-val (1945). Tan\u00e1rk\u00e9nt kezdte p\u00e1ly\u00e1j\u00e1t Sz\u00e1szv\u00e1roson (1932\u201346), ahol jelent\u0151s archeol\u00f3giai \u00e9s \u00e1sv\u00e1nytani gy\u0171jtem\u00e9nyt l\u00e9tes\u00edtett. Tan\u00e1r a kv.-i pedag\u00f3giai szemin\u00e1riumban az akkor l\u00e9tes\u00edtett egyetem Geol\u00f3gia Fakult\u00e1s\u00e1n (1946\u201359); katedraf\u0151n\u00f6k (1949\u201357); a Geol\u00f3gia-F\u00f6ldrajz kar d\u00e9k\u00e1nja (1948\u201350). F\u0151geol\u00f3gus a B\u00e1ny\u00e1szati Miniszt\u00e9riumban; tan\u00e1csos a Medgyesi G\u00e1z Met\u00e1n v\u00e1llalatn\u00e1l. Kutat\u00e1si ter\u00fclete a Maros menti hegys\u00e9gek sztratigrafiai vizsg\u00e1lata; \u00fajabb b\u00e1ny\u00e1szati lel\u0151helyek felt\u00e1r\u00e1sa. \u2013 <strong>F. m.:<\/strong> <strong>t\u00e1rssz.:<\/strong> Studia Universitatis Victor Babes et Bolyai. Serie II. Fasciculus 1. Geologia. Geograhia (Kv., 1957, 1958). <br \/><strong>Irod.:<\/strong> Liceul Al Papiu Ilarian; Ungheni 735 (Ungheni, 1999); Clujeni ai sec. 20; Todea\u2013F\u00fcl\u00f6p\u2013Avram<\/br><\/p>\n","protected":false},"excerpt":{"rendered":"<p>Ny\u00e1r\u00e1dt\u0151, 1906. j\u00fal. 17., \u2020 Kv., 1957. m\u00e1j. 23.: geol\u00f3gus-paleontol\u00f3gus, egyetemi, tan\u00e1r, tudom\u00e1nyos kutat\u00f3. \u2013 A k\u00f6z\u00e9piskol\u00e1t Mv.-en a Papiu Ilarian L\u00edc. -ban (1928), az egyetemet Francio. -ban P\u00e1rizsban \u00e9s Nancyban v\u00e9gezte (1928\u201332); doktor\u00e1lt Magna cum laude-val (1945). Tan\u00e1rk\u00e9nt kezdte p\u00e1ly\u00e1j\u00e1t Sz\u00e1szv\u00e1roson (1932\u201346), ahol jelent\u0151s archeol\u00f3giai \u00e9s \u00e1sv\u00e1nytani gy\u0171jtem\u00e9nyt l\u00e9tes\u00edtett. Tan\u00e1r a kv.-i pedag\u00f3giai szemin\u00e1riumban [&hellip;]<\/p>\n","protected":false},"featured_media":0,"comment_status":"open","ping_status":"closed","template":"","meta":[],"product_brand":[],"product_cat":[137],"product_tag":[],"class_list":{"0":"post-10256","1":"product","2":"type-product","3":"status-publish","5":"product_cat-maros-megyei-eletrajzi-lexikon","7":"first","8":"instock","9":"shipping-taxable","10":"product-type-simple"},"_links":{"self":[{"href":"https:\/\/uj.adatbank.ro\/lexikon\/wp-json\/wp\/v2\/product\/10256","targetHints":{"allow":["GET"]}}],"collection":[{"href":"https:\/\/uj.adatbank.ro\/lexikon\/wp-json\/wp\/v2\/product"}],"about":[{"href":"https:\/\/uj.adatbank.ro\/lexikon\/wp-json\/wp\/v2\/types\/product"}],"replies":[{"embeddable":true,"href":"https:\/\/uj.adatbank.ro\/lexikon\/wp-json\/wp\/v2\/comments?post=10256"}],"wp:attachment":[{"href":"https:\/\/uj.adatbank.ro\/lexikon\/wp-json\/wp\/v2\/media?parent=10256"}],"wp:term":[{"taxonomy":"product_brand","embeddable":true,"href":"https:\/\/uj.adatbank.ro\/lexikon\/wp-json\/wp\/v2\/product_brand?post=10256"},{"taxonomy":"product_cat","embeddable":true,"href":"https:\/\/uj.adatbank.ro\/lexikon\/wp-json\/wp\/v2\/product_cat?post=10256"},{"taxonomy":"product_tag","embeddable":true,"href":"https:\/\/uj.adatbank.ro\/lexikon\/wp-json\/wp\/v2\/product_tag?post=10256"}],"curies":[{"name":"wp","href":"https:\/\/api.w.org\/{rel}","templated":true}]}}

<p>Nyárádtő, 1906. júl. 17., † Kv., 1957. máj. 23.: geológus-paleontológus, egyetemi, tanár, tudományos kutató. – A középiskolát Mv.-en a Papiu Ilarian Líc. -ban (1928), az egyetemet Francio. -ban Párizsban és Nancyban végezte (1928–32); doktorált Magna cum laude-val (1945). Tanárként kezdte pályáját Szászvároson (1932–46), ahol jelentős archeológiai és ásványtani gyűjteményt létesített. Tanár a kv.-i pedagógiai szemináriumban az akkor létesített egyetem Geológia Fakultásán (1946–59); katedrafőnök (1949–57); a Geológia-Földrajz kar dékánja (1948–50). Főgeológus a Bányászati Minisztériumban; tanácsos a Medgyesi Gáz Metán vállalatnál. Kutatási területe a Maros menti hegységek sztratigrafiai vizsgálata; újabb bányászati lelőhelyek feltárása. – <strong>F. m.:</strong> <strong>társsz.:</strong> Studia Universitatis Victor Babes et Bolyai. Serie II. Fasciculus 1. Geologia. Geograhia (Kv., 1957, 1958). <br /><strong>Irod.:</strong> Liceul Al Papiu Ilarian; Ungheni 735 (Ungheni, 1999); Clujeni ai sec. 20; Todea–Fülöp–Avram</br></p>

<p>Nyárádtő, 1906. júl. 17., † Kv., 1957. máj. 23.: geológus-paleontológus, egyetemi, tanár, tudományos kutató. – A középiskolát Mv.-en a Papiu Ilarian Líc. -ban (1928), az egyetemet Francio. -ban Párizsban és Nancyban végezte (1928–32); doktorált Magna cum laude-val (1945). Tanárként kezdte pályáját Szászvároson (1932–46), ahol jelentős archeológiai és ásványtani gyűjteményt létesített. Tanár a kv.-i pedagógiai szemináriumban [&hellip;]</p>
