{"id":10258,"date":"2025-06-29T13:13:55","date_gmt":"2025-06-29T11:13:55","guid":{"rendered":"https:\/\/uj.adatbank.ro\/lexikon\/termek\/iacob-ioan-%c2%a7\/"},"modified":"2025-06-29T13:13:55","modified_gmt":"2025-06-29T11:13:55","slug":"iacob-ioan-%c2%a7","status":"publish","type":"product","link":"https:\/\/uj.adatbank.ro\/lexikon\/termek\/iacob-ioan-%c2%a7\/","title":{"rendered":"IACOB Ioan, \u00a7"},"content":{"rendered":"<p>Ny\u00e1r\u00e1dt\u0151, 1891. apr. 10., \u2020 Mv., 1969. j\u00fal. 15.: tan\u00edt\u00f3. \u2013 Tanulm\u00e1nyait sz\u00fcl\u0151faluj\u00e1ban kezdte, majd Bal\u00e1zsfalv\u00e1n folytatta a gr. kat. tan\u00edt\u00f3k\u00e9pz\u0151ben (1909\u201313). Tan\u00edtott Kisk\u00f6k\u00e9nyesen (1913\u201318), majd Kisszentl\u0151rincen a felekezeti iskol\u00e1ban. Hivatalos k\u00fcld\u00f6tt a gyulafeh\u00e9rv\u00e1ri nagygy\u0171l\u00e9sen (1918. dec. 1.), az Erd\u00e9ly Rom\u00e1ni\u00e1hoz val\u00f3 csatol\u00e1s\u00e1t kimond\u00f3 nyilatkozat egyik al\u00e1\u00edr\u00f3ja volt. R\u00e9szt vett Sz\u00e9kelys\u00e1rdon a Rom\u00e1n Nemzeti Tan\u00e1cs alakul\u00f3 \u00fcl\u00e9s\u00e9n (1918. dec. 8). Mv.-en tan\u00edtott a Mihai Eminescu elemi iskol\u00e1ban (1919\u2013), iskolaigazgat\u00f3 u. o. (1934\u201340). Tev\u00e9kenykedett m\u00e9g a Maros-Torda megyei tanfel\u00fcgyel\u0151s\u00e9gen (1919\u201320), tisztvisel\u0151 az It\u00e9l\u0151 T\u00e1bl\u00e1n (1922\u201324), Mv. Biztos\u00edt\u00f3 Int\u00e9zet\u00e9n\u00e9l mint oszt\u00e1lyvezet\u0151 helyettes. \u00dajra tan\u00edt\u00f3, Mv.-en az elemi fi\u00faiskol\u00e1ban, Mez\u0151szabad-on (1940\u201344), Mv.-en a 2. sz elemi iskol\u00e1ban, Sz\u00e9naf\u0171n (1948\u201349). A mv.-i F\u00e9mipari K\u00f6z\u00e9piskol\u00e1ban pedag\u00f3gus (1951\u201353); pedag\u00f3gus \u00e9s helyettes tan\u00e1r a Papiu Ilarian \u00e9s a Mez\u0151gazdas\u00e1gi L\u00edc. -ban. Nyugd\u00edjazt\u00e1k (1962). Az ASTRA tagja (1919). Kisszentl\u0151rinc iskol\u00e1j\u00e1nak fal\u00e1n m\u00e1rv\u00e1nyt\u00e1bla \u0151rzi eml\u00e9k\u00e9t (1999\u2013). A ny\u00e1r\u00e1dt\u0151i iskola felvette a nev\u00e9t (1999). <br \/><strong>Irod.:<\/strong> Bosoanc\u0103; Bosoanc\u0103\u2013Opri\u015f; Sepsisz\u00e9ki; Todea 2013<\/br><\/p>\n","protected":false},"excerpt":{"rendered":"<p>Ny\u00e1r\u00e1dt\u0151, 1891. apr. 10., \u2020 Mv., 1969. j\u00fal. 15.: tan\u00edt\u00f3. \u2013 Tanulm\u00e1nyait sz\u00fcl\u0151faluj\u00e1ban kezdte, majd Bal\u00e1zsfalv\u00e1n folytatta a gr. kat. tan\u00edt\u00f3k\u00e9pz\u0151ben (1909\u201313). Tan\u00edtott Kisk\u00f6k\u00e9nyesen (1913\u201318), majd Kisszentl\u0151rincen a felekezeti iskol\u00e1ban. Hivatalos k\u00fcld\u00f6tt a gyulafeh\u00e9rv\u00e1ri nagygy\u0171l\u00e9sen (1918. dec. 1.), az Erd\u00e9ly Rom\u00e1ni\u00e1hoz val\u00f3 csatol\u00e1s\u00e1t kimond\u00f3 nyilatkozat egyik al\u00e1\u00edr\u00f3ja volt. R\u00e9szt vett Sz\u00e9kelys\u00e1rdon a Rom\u00e1n Nemzeti Tan\u00e1cs [&hellip;]<\/p>\n","protected":false},"featured_media":0,"comment_status":"open","ping_status":"closed","template":"","meta":[],"product_brand":[],"product_cat":[137],"product_tag":[],"class_list":{"0":"post-10258","1":"product","2":"type-product","3":"status-publish","5":"product_cat-maros-megyei-eletrajzi-lexikon","7":"first","8":"instock","9":"shipping-taxable","10":"product-type-simple"},"_links":{"self":[{"href":"https:\/\/uj.adatbank.ro\/lexikon\/wp-json\/wp\/v2\/product\/10258","targetHints":{"allow":["GET"]}}],"collection":[{"href":"https:\/\/uj.adatbank.ro\/lexikon\/wp-json\/wp\/v2\/product"}],"about":[{"href":"https:\/\/uj.adatbank.ro\/lexikon\/wp-json\/wp\/v2\/types\/product"}],"replies":[{"embeddable":true,"href":"https:\/\/uj.adatbank.ro\/lexikon\/wp-json\/wp\/v2\/comments?post=10258"}],"wp:attachment":[{"href":"https:\/\/uj.adatbank.ro\/lexikon\/wp-json\/wp\/v2\/media?parent=10258"}],"wp:term":[{"taxonomy":"product_brand","embeddable":true,"href":"https:\/\/uj.adatbank.ro\/lexikon\/wp-json\/wp\/v2\/product_brand?post=10258"},{"taxonomy":"product_cat","embeddable":true,"href":"https:\/\/uj.adatbank.ro\/lexikon\/wp-json\/wp\/v2\/product_cat?post=10258"},{"taxonomy":"product_tag","embeddable":true,"href":"https:\/\/uj.adatbank.ro\/lexikon\/wp-json\/wp\/v2\/product_tag?post=10258"}],"curies":[{"name":"wp","href":"https:\/\/api.w.org\/{rel}","templated":true}]}}

<p>Nyárádtő, 1891. apr. 10., † Mv., 1969. júl. 15.: tanító. – Tanulmányait szülőfalujában kezdte, majd Balázsfalván folytatta a gr. kat. tanítóképzőben (1909–13). Tanított Kiskökényesen (1913–18), majd Kisszentlőrincen a felekezeti iskolában. Hivatalos küldött a gyulafehérvári nagygyűlésen (1918. dec. 1.), az Erdély Romániához való csatolását kimondó nyilatkozat egyik aláírója volt. Részt vett Székelysárdon a Román Nemzeti Tanács alakuló ülésén (1918. dec. 8). Mv.-en tanított a Mihai Eminescu elemi iskolában (1919–), iskolaigazgató u. o. (1934–40). Tevékenykedett még a Maros-Torda megyei tanfelügyelőségen (1919–20), tisztviselő az Itélő Táblán (1922–24), Mv. Biztosító Intézeténél mint osztályvezető helyettes. Újra tanító, Mv.-en az elemi fiúiskolában, Mezőszabad-on (1940–44), Mv.-en a 2. sz elemi iskolában, Szénafűn (1948–49). A mv.-i Fémipari Középiskolában pedagógus (1951–53); pedagógus és helyettes tanár a Papiu Ilarian és a Mezőgazdasági Líc. -ban. Nyugdíjazták (1962). Az ASTRA tagja (1919). Kisszentlőrinc iskolájának falán márványtábla őrzi emlékét (1999–). A nyárádtői iskola felvette a nevét (1999). <br /><strong>Irod.:</strong> Bosoancă; Bosoancă–Opriş; Sepsiszéki; Todea 2013</br></p>

<p>Nyárádtő, 1891. apr. 10., † Mv., 1969. júl. 15.: tanító. – Tanulmányait szülőfalujában kezdte, majd Balázsfalván folytatta a gr. kat. tanítóképzőben (1909–13). Tanított Kiskökényesen (1913–18), majd Kisszentlőrincen a felekezeti iskolában. Hivatalos küldött a gyulafehérvári nagygyűlésen (1918. dec. 1.), az Erdély Romániához való csatolását kimondó nyilatkozat egyik aláírója volt. Részt vett Székelysárdon a Román Nemzeti Tanács [&hellip;]</p>
