{"id":10261,"date":"2025-06-29T13:14:01","date_gmt":"2025-06-29T11:14:01","guid":{"rendered":"https:\/\/uj.adatbank.ro\/lexikon\/termek\/iancu-avram-%c2%a7-avram-iancu\/"},"modified":"2025-06-29T13:14:01","modified_gmt":"2025-06-29T11:14:01","slug":"iancu-avram-%c2%a7-avram-iancu","status":"publish","type":"product","link":"https:\/\/uj.adatbank.ro\/lexikon\/termek\/iancu-avram-%c2%a7-avram-iancu\/","title":{"rendered":"IANCU Avram, \u00a7 Avram Iancu"},"content":{"rendered":"<p>Fels\u0151vidra, ma Avram Iancu, 1824. \u2020 K\u0151r\u00f6sb\u00e1nya, 1872. szept. 10., Cebe-ben temett\u00e9k el : \u00fcgyv\u00e9d, forradalm\u00e1r, rom\u00e1n n\u00e9pvez\u00e9r. \u2013 Elemi iskol\u00e1ba Vidr\u00e1n \u00e9s Top\u00e1nfalv\u00e1n j\u00e1rt, gimn. -ot Zalatn\u00e1n (1837\u201341) \u00e9s Nagyenyeden, a b\u00f6lcseleti \u00e9s jogi tanulm\u00e1nyait Kv.-on v\u00e9gezte a piarist\u00e1kn\u00e1l (1841\u201345). R\u00f6vid ideig Szebenben a kincst\u00e1rn\u00e1l volt gyakornok, Mv.-en a Kir\u00e1lyi T\u00e1bl\u00e1n\u00e1l \u00fcgyv\u00e9di p\u00e1ly\u00e1ra k\u00e9sz\u00fclt, kancellista \/ irodatiszt volt, \u00e9s itt tette le a vizsg\u00e1t; patron\u00e1lta a kancellist\u00e1k olvas\u00f3 t\u00e1rsas\u00e1g\u00e1t (1847\u201348). A kv.-i ogy.-en megfigyel\u0151k\u00e9nt volt jelen (1847. jan. 15.). Mv.-i lak\u00e1sa a j\u00f6v\u0151 forradalm\u00e1rainak (Al. Papiu Ilarian, Iacob Bologa, Poru\u0163iu, I. M\u0103rgineanu, Ioan Oros) tal\u00e1lkoz\u00f3helye volt. R\u00e9szt vett a m. ifjak \u00f6sszej\u00f6vetelein, amikor a forradalom h\u00edre elj\u00fatott Mv.-re is (1848. m\u00e1rc. 25.), a rom\u00e1n ifjak Iancu lak\u00e1s\u00e1n tal\u00e1lkoztak (1848. m\u00e1rc. 26), elhat\u00e1rozt\u00e1k, hogy r\u00e9szt vesznek a bal\u00e1zsfalvi \u00f6sszej\u00f6vetelen. (1848. \u00e1pr. 30.). V\u00e9gleg elhagyta Mv. -et (1848. m\u00e1rc. v\u00e9g\u00e9n). Jelen volt n\u00e9h\u00e1ny ezer m\u00f3c kis\u00e9ret\u00e9ben a bal\u00e1zsfalvi gy\u0171l\u00e9sen (1848. m\u00e1j. 3\/15), ahol a k\u00f6zponti nemzeti tan\u00e1csba v\u00e1lasztott\u00e1k. A cseresznyefuruly\u00e1j\u00e1n megsz\u00f3lal\u00f3 saj\u00e1t indul\u00f3ja: \u201eAst\u0103zi cu bucurie, Rom\u00e2nilor veni\u0163i, pe Iancu \u00een c\u00e2mpie cu to\u0163ii \u00eel \u00eenso\u0163i\u0163i\u201d, az asszonyok k\u00fcrtjei (bucium, tulnic) seg\u00edts\u00e9g\u00e9vel is mozg\u00f3s\u00edtott a harcra. Fels\u0151vidr\u00e1n tal\u00e1lkozott Vasv\u00e1ri P\u00e1llal (1848. jan.), a m\u00f3cok sz\u00e9tvert\u00e9k a m. sereget (1849. m\u00e1j. -j\u00fan). Nem fogadott el sem kit\u00fcntet\u00e9st, sem \u00e1ll\u00e1st az osztr\u00e1kokt\u00f3l, elbor\u00falt elm\u00e9vel \u00e9lte utols\u00f3 \u00e9veit. Nemzeti h\u0151sk\u00e9nt szereti a rom\u00e1n n\u00e9p, k\u00f6lt\u00e9szet\u00e9ben is eg\u00e9nekelt. Mv. F\u0151ter\u00e9n, ma R\u00f3zs\u00e1k lovasszobr\u00e1t el\u0151sz\u00f6r (1924-ben) \u00e1ll\u00edtott\u00e1k fel, majd Top\u00e1nfalv\u00e1ra menek\u00edtett\u00e9k (1940), m\u00e1sodszor, Florin Codre buk.-i szobr\u00e1sz alkot\u00e1s\u00e1t, avat\u00e1k fel (1978), \u201eA\u201d kateg\u00f3ri\u00e1j\u00fa m\u0171eml\u00e9k szobor. Mv.-en utca is viseli a nev\u00e9t, amelyben hajdani lak\u00e1s\u00e1n (18. sz.) eml\u00e9kt\u00e1bla \u00e1ll (Avram Iancu u. 23. sz.), a mv.-i barokk st\u00edlus\u00fa volt Kir\u00e1lyi It\u00e9l\u0151t\u00e1bla (1789) homlokzat\u00e1n ugyancsak eml\u00e9kt\u00e1bla \u00e1ll: Itt volt jur\u00e1tus Avram Iancu \u00e9s Al. Papiu Ilarian, ezek \u201eB\u201d kateg\u00f3ri\u00e1j\u00fa m\u0171eml\u00e9kek. \u2013 <strong>F. m.:<\/strong> Raportulu A. I. despre faptele ostei poporane, care a statu sub comanda a lui pe timpulu resboiului civile din Transilvania in anii 1848\u201349. (Sibiiu, 1884); Maior, Liviu: A. I. scrisori (Cluj, 1972). <br \/><strong>Irod.:<\/strong> Andri\u0163oiu, Alexandru: A. I. (antol.; Buc., 1972); Badea, Marin, Bodea, Gh. I.: A. I. \u00een con\u015ftiin\u0163a poporului rom\u00e2n (Cluj-N., 1976); Borda; Bota, Sorina; C\u00e2ntecele lui Iancu: adunate de Traian Drago\u015f (Ed. \u00cengrijit\u0103 \u015fi cuv. \u00cenainte Vasile Drago\u015f; Tg. M., 2001); C\u00eentece \u015fi tradi\u0163iile populare despre Horea \u015fi A. I. (Buc., 1985); C. L. (1994. jan. 28.); Csepreghy 2010; Dragomir, Silviu: A. I. (monogr.; Buc., 1988); Duda\u015f Florian: A. I. \u00een tradi\u0163ia poporului rom\u00e2n (Timi\u015foara, 1989); EMP; Erd\u00e9ly (portr\u00e9 is ); F\u00fcl\u00f6p\u2013Ferencz; Id\u0151t\u00e1r 4.; In memoriam A. I. (Tg. M., 1972); M. t\u00f6rt\u00e9net\u00edr\u00f3k A. I. -r\u00f3l (Buk., 1972); Mihalache, Marin: A. I. (Buc., 1968); Mure\u015f, jude\u0163; Paget; Pap L.: ferences nyomd\u00e1k; Pascu, \u015etefan: A. I.: Via\u0163a \u015fi faptele unui erou \u015fi martir (Buc., 1972); Paget; Ploe\u015fteanu, Grigore: Canceli\u015ftii rom\u00e2ni t\u00e2rgumure\u015feni \u00een revolu\u0163ia de la 1848 = Studii \u015fi cercet\u0103ri de \u015ftiin\u0163e sociale (Buc., 1977); Ploe\u015fteanu, Grigore: M\u0103rturii despre revolu\u0163ie \u015fi despre A. I.; Eroul martir A. I. \u2013 M\u0103rturii inedite din arhive str\u0103ine  =  Rom\u00e2nii \u00een con\u015ftiin\u0163a Europei (Tg. M., 2010); Poslu\u015fnicu; Profiluri mure\u015fene. 2.; Predescu; Ranca 1996; Szab\u00f3 Mikl\u00f3s: A. I. (\u00daj \u00c9let, 9. sz., 1974.); Szinnyei; Teodor, Pompiliu: A. I. \u00een memorialistic\u0103 (Cluj, 1972); Todea 2013; T\u00f3falvi Zolt\u00e1n: 1848 m\u00e1rciusa a Sz\u00e9kelyf\u00f6ld\u00f6n, Mv.-en (N\u00fa., 1998. m\u00e1rc. 12\u201313.); Tg. \u2013Mure\u0219 \u2013 Mv.; Ursu, Horia\u00a0: A. I. (Buc., 1966); Valori mure\u015fene de patrimoniu<\/br><\/p>\n","protected":false},"excerpt":{"rendered":"<p>Fels\u0151vidra, ma Avram Iancu, 1824. \u2020 K\u0151r\u00f6sb\u00e1nya, 1872. szept. 10., Cebe-ben temett\u00e9k el : \u00fcgyv\u00e9d, forradalm\u00e1r, rom\u00e1n n\u00e9pvez\u00e9r. \u2013 Elemi iskol\u00e1ba Vidr\u00e1n \u00e9s Top\u00e1nfalv\u00e1n j\u00e1rt, gimn. -ot Zalatn\u00e1n (1837\u201341) \u00e9s Nagyenyeden, a b\u00f6lcseleti \u00e9s jogi tanulm\u00e1nyait Kv.-on v\u00e9gezte a piarist\u00e1kn\u00e1l (1841\u201345). R\u00f6vid ideig Szebenben a kincst\u00e1rn\u00e1l volt gyakornok, Mv.-en a Kir\u00e1lyi T\u00e1bl\u00e1n\u00e1l \u00fcgyv\u00e9di p\u00e1ly\u00e1ra k\u00e9sz\u00fclt, [&hellip;]<\/p>\n","protected":false},"featured_media":0,"comment_status":"open","ping_status":"closed","template":"","meta":[],"product_brand":[],"product_cat":[137],"product_tag":[],"class_list":{"0":"post-10261","1":"product","2":"type-product","3":"status-publish","5":"product_cat-maros-megyei-eletrajzi-lexikon","7":"first","8":"instock","9":"shipping-taxable","10":"product-type-simple"},"_links":{"self":[{"href":"https:\/\/uj.adatbank.ro\/lexikon\/wp-json\/wp\/v2\/product\/10261","targetHints":{"allow":["GET"]}}],"collection":[{"href":"https:\/\/uj.adatbank.ro\/lexikon\/wp-json\/wp\/v2\/product"}],"about":[{"href":"https:\/\/uj.adatbank.ro\/lexikon\/wp-json\/wp\/v2\/types\/product"}],"replies":[{"embeddable":true,"href":"https:\/\/uj.adatbank.ro\/lexikon\/wp-json\/wp\/v2\/comments?post=10261"}],"wp:attachment":[{"href":"https:\/\/uj.adatbank.ro\/lexikon\/wp-json\/wp\/v2\/media?parent=10261"}],"wp:term":[{"taxonomy":"product_brand","embeddable":true,"href":"https:\/\/uj.adatbank.ro\/lexikon\/wp-json\/wp\/v2\/product_brand?post=10261"},{"taxonomy":"product_cat","embeddable":true,"href":"https:\/\/uj.adatbank.ro\/lexikon\/wp-json\/wp\/v2\/product_cat?post=10261"},{"taxonomy":"product_tag","embeddable":true,"href":"https:\/\/uj.adatbank.ro\/lexikon\/wp-json\/wp\/v2\/product_tag?post=10261"}],"curies":[{"name":"wp","href":"https:\/\/api.w.org\/{rel}","templated":true}]}}

<p>Felsővidra, ma Avram Iancu, 1824. † Kőrösbánya, 1872. szept. 10., Cebe-ben temették el : ügyvéd, forradalmár, román népvezér. – Elemi iskolába Vidrán és Topánfalván járt, gimn. -ot Zalatnán (1837–41) és Nagyenyeden, a bölcseleti és jogi tanulmányait Kv.-on végezte a piaristáknál (1841–45). Rövid ideig Szebenben a kincstárnál volt gyakornok, Mv.-en a Királyi Táblánál ügyvédi pályára készült, kancellista / irodatiszt volt, és itt tette le a vizsgát; patronálta a kancellisták olvasó társaságát (1847–48). A kv.-i ogy.-en megfigyelőként volt jelen (1847. jan. 15.). Mv.-i lakása a jövő forradalmárainak (Al. Papiu Ilarian, Iacob Bologa, Poruţiu, I. Mărgineanu, Ioan Oros) találkozóhelye volt. Részt vett a m. ifjak összejövetelein, amikor a forradalom híre eljútott Mv.-re is (1848. márc. 25.), a román ifjak Iancu lakásán találkoztak (1848. márc. 26), elhatározták, hogy részt vesznek a balázsfalvi összejövetelen. (1848. ápr. 30.). Végleg elhagyta Mv. -et (1848. márc. végén). Jelen volt néhány ezer móc kiséretében a balázsfalvi gyűlésen (1848. máj. 3/15), ahol a központi nemzeti tanácsba választották. A cseresznyefurulyáján megszólaló saját indulója: „Astăzi cu bucurie, Românilor veniţi, pe Iancu în câmpie cu toţii îl însoţiţi”, az asszonyok kürtjei (bucium, tulnic) segítségével is mozgósított a harcra. Felsővidrán találkozott Vasvári Pállal (1848. jan.), a mócok szétverték a m. sereget (1849. máj. -jún). Nem fogadott el sem kitüntetést, sem állást az osztrákoktól, elborúlt elmével élte utolsó éveit. Nemzeti hősként szereti a román nép, költészetében is egénekelt. Mv. Főterén, ma Rózsák lovasszobrát először (1924-ben) állították fel, majd Topánfalvára menekítették (1940), másodszor, Florin Codre buk.-i szobrász alkotását, avaták fel (1978), „A” kategóriájú műemlék szobor. Mv.-en utca is viseli a nevét, amelyben hajdani lakásán (18. sz.) emléktábla áll (Avram Iancu u. 23. sz.), a mv.-i barokk stílusú volt Királyi Itélőtábla (1789) homlokzatán ugyancsak emléktábla áll: Itt volt jurátus Avram Iancu és Al. Papiu Ilarian, ezek „B” kategóriájú műemlékek. – <strong>F. m.:</strong> Raportulu A. I. despre faptele ostei poporane, care a statu sub comanda a lui pe timpulu resboiului civile din Transilvania in anii 1848–49. (Sibiiu, 1884); Maior, Liviu: A. I. scrisori (Cluj, 1972). <br /><strong>Irod.:</strong> Andriţoiu, Alexandru: A. I. (antol.; Buc., 1972); Badea, Marin, Bodea, Gh. I.: A. I. în conştiinţa poporului român (Cluj-N., 1976); Borda; Bota, Sorina; Cântecele lui Iancu: adunate de Traian Dragoş (Ed. Îngrijită şi cuv. Înainte Vasile Dragoş; Tg. M., 2001); Cîntece şi tradiţiile populare despre Horea şi A. I. (Buc., 1985); C. L. (1994. jan. 28.); Csepreghy 2010; Dragomir, Silviu: A. I. (monogr.; Buc., 1988); Dudaş Florian: A. I. în tradiţia poporului român (Timişoara, 1989); EMP; Erdély (portré is ); Fülöp–Ferencz; Időtár 4.; In memoriam A. I. (Tg. M., 1972); M. történetírók A. I. -ról (Buk., 1972); Mihalache, Marin: A. I. (Buc., 1968); Mureş, judeţ; Paget; Pap L.: ferences nyomdák; Pascu, Ştefan: A. I.: Viaţa şi faptele unui erou şi martir (Buc., 1972); Paget; Ploeşteanu, Grigore: Canceliştii români târgumureşeni în revoluţia de la 1848 = Studii şi cercetări de ştiinţe sociale (Buc., 1977); Ploeşteanu, Grigore: Mărturii despre revoluţie şi despre A. I.; Eroul martir A. I. – Mărturii inedite din arhive străine  =  Românii în conştiinţa Europei (Tg. M., 2010); Posluşnicu; Profiluri mureşene. 2.; Predescu; Ranca 1996; Szabó Miklós: A. I. (Új Élet, 9. sz., 1974.); Szinnyei; Teodor, Pompiliu: A. I. în memorialistică (Cluj, 1972); Todea 2013; Tófalvi Zoltán: 1848 márciusa a Székelyföldön, Mv.-en (Nú., 1998. márc. 12–13.); Tg. –Mureș – Mv.; Ursu, Horia : A. I. (Buc., 1966); Valori mureşene de patrimoniu</br></p>

<p>Felsővidra, ma Avram Iancu, 1824. † Kőrösbánya, 1872. szept. 10., Cebe-ben temették el : ügyvéd, forradalmár, román népvezér. – Elemi iskolába Vidrán és Topánfalván járt, gimn. -ot Zalatnán (1837–41) és Nagyenyeden, a bölcseleti és jogi tanulmányait Kv.-on végezte a piaristáknál (1841–45). Rövid ideig Szebenben a kincstárnál volt gyakornok, Mv.-en a Királyi Táblánál ügyvédi pályára készült, [&hellip;]</p>
