{"id":10266,"date":"2025-06-29T13:14:12","date_gmt":"2025-06-29T11:14:12","guid":{"rendered":"https:\/\/uj.adatbank.ro\/lexikon\/termek\/ieremia-lucian-stefan-anton\/"},"modified":"2025-06-29T13:14:12","modified_gmt":"2025-06-29T11:14:12","slug":"ieremia-lucian-stefan-anton","status":"publish","type":"product","link":"https:\/\/uj.adatbank.ro\/lexikon\/termek\/ieremia-lucian-stefan-anton\/","title":{"rendered":"IEREMIA Lucian \u015etefan Anton"},"content":{"rendered":"<p>Mv., 1929. febr. 1., \u2020\u00a0Mv., 2009. j\u00fan. 1.: orvos, el\u0151ad\u00f3tan\u00e1r, dr. \u2013 Mv.-en a Mircea cel B\u0103tr\u00een L\u00edc. (1941\u201345), az Al. Papiu Ilarian L\u00edc. -ban tanult (1945\u201349); OGYE Kv. \u2013on v\u00e9gezte (1950\u201356), doktor\u00e1tust nyert (1970). \u00c1ltal\u00e1nos fog\u00e1sz Marosilly\u00e9n (1956\u201362). A mv.-i OGYI -ra ker\u00fclt: repar\u00e1tor (1962\u201364), tan\u00e1rseg\u00e9d (1964\u201371), mint adjunktus Mocanu-Bardac Vener\u00e1t, k\u00f6vette a Fog\u00e1szati Propedeutika Tansz\u00e9k vezet\u0151jek\u00e9nt (1971\u201379), egyetemi el\u0151ad\u00f3tan\u00e1r a Fogpr\u00f3t\u00e9zis tansz\u00e9ken, majd \u00e1tvette a Fogp\u00f3tl\u00e1stani Klinika vezet\u00e9s\u00e9t (1979\u2013), doktor\u00e1tus vezet\u0151 (1990\u2013). Kutat\u00e1si ter\u00fclete a fog\u00e1szati prot\u00e9zisek \u00e9s fogp\u00f3tl\u00e1sok technol\u00f3gi\u00e1ja. T\u00f6bb \u00faj\u00edt\u00e1si szabadalma volt. T\u00f6bb mint 250 tudom\u00e1nyos dolgozatot mutatott be hazai \u00e9s k\u00fclf\u00f6ldi tudom\u00e1nyos \u00e9rtekezleteken, amelyekb\u0151l 93-at szakfoly\u00f3iratokban k\u00f6z\u00f6lt: Revista de stomatologie, Revista medical\u0103 Tg. M., Clujul medical, Revista ORL, Revista Psihiatrie, Stomatologia Mure\u015fan\u0103, Revista de medicin\u0103 \u015fi farmacie UMF Tg. M. K\u00e9sz\u00edtett 3 tudom\u00e1nyos \u2013 didaktikai filmet a teljes \u00e9s r\u00e9szleges fogprot\u00e9zis alkalmaz\u00e1s\u00e1r\u00f3l, amelyeket hazai \u00e9s nemzetk\u00f6zi kongrsszusokon mutatott be. Szakk\u00e9pes\u00edt\u00e9sen vett r\u00e9szt Franciao. -ban (1978). Prof., doktor honoris causa, \u00e9rdemes egyetemi el\u0151ad\u00f3tan\u00e1r a konstancai Ovidius Egyetemen. Tagja volt a Rom\u00e1n Akad. -nak, a Nemzetk\u00f6zi Fog\u00e1sz Sz\u00f6vets\u00e9gnek, P\u00e1rizs (1973\u2013). \u2013 <strong>F. m.:<\/strong> Protetikai fog\u00e1szati propedentika 1.: A teljes prot\u00e9zis (ford. Cseh Zolt\u00e1n; Mv. 1979); Tratat de semiologie a medicinei dentare \u00een corelare cu aspecte ale patologiei generale (Tg. M., 2008); <strong>t\u00e1rssz.:<\/strong> Tehnici dentare speciale de protezare total\u0103 (Mocanu-Bardac Venera, Cseh Zolt\u00e1n; Buc, 1981); Func\u0163ia \u015fi disfunc\u0163ia ocluzal\u0103 (Ioni\u0163\u0103 Dociu-val; Buc., 1987); Culegere de probleme de stomatologie infantil\u0103 (Buc., 1988); Gerontognaprotetic\u0103 (Mioara Chiril\u0103-vel; Tg. M., 1999); Metodologia de examinare \u00een protetica dentar\u0103 (D. Bratu, Meda Negru\u0163iu-val; Timi\u015foara, 2000); Determina\u0163ii func\u0163ionali ai sistemului stomatognat. Elemente de ocluzologie, morfofiziologie \u015fi moprfopatologie (D. Bratu, S. Uram-\u0162uculescu-val; Timi\u015foara, 2001); Contribu\u0163ii la elaborarea unei metodologii de investiga\u0163ie a disfunc\u0163iei articula\u0163iei temporo-mandibulare (Totolici, Drago\u015f, Suciu, Mircea-val; Tg. M., 2008); Disfunc\u0163ia cranio-mandibular\u0103 \u00een ortodon\u0163ie \u015fi posibila corec\u0163ie cu malocluziile de clasa a II-a Angle (Doru Roman-nal; Tg. M., 2008). <br \/><strong>Irod.:<\/strong> Costea 1999; [Nekrol\u00f3g] (N\u00fa., 2009. j\u00fan. 2.); P\u00e9ter Mih\u00e1ly 2006; Todea\u2013F\u00fcl\u00f6p\u2013Avram<\/br><\/p>\n","protected":false},"excerpt":{"rendered":"<p>Mv., 1929. febr. 1., \u2020\u00a0Mv., 2009. j\u00fan. 1.: orvos, el\u0151ad\u00f3tan\u00e1r, dr. \u2013 Mv.-en a Mircea cel B\u0103tr\u00een L\u00edc. (1941\u201345), az Al. Papiu Ilarian L\u00edc. -ban tanult (1945\u201349); OGYE Kv. \u2013on v\u00e9gezte (1950\u201356), doktor\u00e1tust nyert (1970). \u00c1ltal\u00e1nos fog\u00e1sz Marosilly\u00e9n (1956\u201362). A mv.-i OGYI -ra ker\u00fclt: repar\u00e1tor (1962\u201364), tan\u00e1rseg\u00e9d (1964\u201371), mint adjunktus Mocanu-Bardac Vener\u00e1t, k\u00f6vette a Fog\u00e1szati [&hellip;]<\/p>\n","protected":false},"featured_media":0,"comment_status":"open","ping_status":"closed","template":"","meta":[],"product_brand":[],"product_cat":[137],"product_tag":[],"class_list":{"0":"post-10266","1":"product","2":"type-product","3":"status-publish","5":"product_cat-maros-megyei-eletrajzi-lexikon","7":"first","8":"instock","9":"shipping-taxable","10":"product-type-simple"},"_links":{"self":[{"href":"https:\/\/uj.adatbank.ro\/lexikon\/wp-json\/wp\/v2\/product\/10266","targetHints":{"allow":["GET"]}}],"collection":[{"href":"https:\/\/uj.adatbank.ro\/lexikon\/wp-json\/wp\/v2\/product"}],"about":[{"href":"https:\/\/uj.adatbank.ro\/lexikon\/wp-json\/wp\/v2\/types\/product"}],"replies":[{"embeddable":true,"href":"https:\/\/uj.adatbank.ro\/lexikon\/wp-json\/wp\/v2\/comments?post=10266"}],"wp:attachment":[{"href":"https:\/\/uj.adatbank.ro\/lexikon\/wp-json\/wp\/v2\/media?parent=10266"}],"wp:term":[{"taxonomy":"product_brand","embeddable":true,"href":"https:\/\/uj.adatbank.ro\/lexikon\/wp-json\/wp\/v2\/product_brand?post=10266"},{"taxonomy":"product_cat","embeddable":true,"href":"https:\/\/uj.adatbank.ro\/lexikon\/wp-json\/wp\/v2\/product_cat?post=10266"},{"taxonomy":"product_tag","embeddable":true,"href":"https:\/\/uj.adatbank.ro\/lexikon\/wp-json\/wp\/v2\/product_tag?post=10266"}],"curies":[{"name":"wp","href":"https:\/\/api.w.org\/{rel}","templated":true}]}}

IEREMIA Lucian Ştefan Anton

<p>Mv., 1929. febr. 1., † Mv., 2009. jún. 1.: orvos, előadótanár, dr. – Mv.-en a Mircea cel Bătrîn Líc. (1941–45), az Al. Papiu Ilarian Líc. -ban tanult (1945–49); OGYE Kv. –on végezte (1950–56), doktorátust nyert (1970). Általános fogász Marosillyén (1956–62). A mv.-i OGYI -ra került: reparátor (1962–64), tanársegéd (1964–71), mint adjunktus Mocanu-Bardac Venerát, követte a Fogászati Propedeutika Tanszék vezetőjeként (1971–79), egyetemi előadótanár a Fogprótézis tanszéken, majd átvette a Fogpótlástani Klinika vezetését (1979–), doktorátus vezető (1990–). Kutatási területe a fogászati protézisek és fogpótlások technológiája. Több újítási szabadalma volt. Több mint 250 tudományos dolgozatot mutatott be hazai és külföldi tudományos értekezleteken, amelyekből 93-at szakfolyóiratokban közölt: Revista de stomatologie, Revista medicală Tg. M., Clujul medical, Revista ORL, Revista Psihiatrie, Stomatologia Mureşană, Revista de medicină şi farmacie UMF Tg. M. Készített 3 tudományos – didaktikai filmet a teljes és részleges fogprotézis alkalmazásáról, amelyeket hazai és nemzetközi kongrsszusokon mutatott be. Szakképesítésen vett részt Franciao. -ban (1978). Prof., doktor honoris causa, érdemes egyetemi előadótanár a konstancai Ovidius Egyetemen. Tagja volt a Román Akad. -nak, a Nemzetközi Fogász Szövetségnek, Párizs (1973–). – <strong>F. m.:</strong> Protetikai fogászati propedentika 1.: A teljes protézis (ford. Cseh Zoltán; Mv. 1979); Tratat de semiologie a medicinei dentare în corelare cu aspecte ale patologiei generale (Tg. M., 2008); <strong>társsz.:</strong> Tehnici dentare speciale de protezare totală (Mocanu-Bardac Venera, Cseh Zoltán; Buc, 1981); Funcţia şi disfuncţia ocluzală (Ioniţă Dociu-val; Buc., 1987); Culegere de probleme de stomatologie infantilă (Buc., 1988); Gerontognaprotetică (Mioara Chirilă-vel; Tg. M., 1999); Metodologia de examinare în protetica dentară (D. Bratu, Meda Negruţiu-val; Timişoara, 2000); Determinaţii funcţionali ai sistemului stomatognat. Elemente de ocluzologie, morfofiziologie şi moprfopatologie (D. Bratu, S. Uram-Ţuculescu-val; Timişoara, 2001); Contribuţii la elaborarea unei metodologii de investigaţie a disfuncţiei articulaţiei temporo-mandibulare (Totolici, Dragoş, Suciu, Mircea-val; Tg. M., 2008); Disfuncţia cranio-mandibulară în ortodonţie şi posibila corecţie cu malocluziile de clasa a II-a Angle (Doru Roman-nal; Tg. M., 2008). <br /><strong>Irod.:</strong> Costea 1999; [Nekrológ] (Nú., 2009. jún. 2.); Péter Mihály 2006; Todea–Fülöp–Avram</br></p>

<p>Mv., 1929. febr. 1., † Mv., 2009. jún. 1.: orvos, előadótanár, dr. – Mv.-en a Mircea cel Bătrîn Líc. (1941–45), az Al. Papiu Ilarian Líc. -ban tanult (1945–49); OGYE Kv. –on végezte (1950–56), doktorátust nyert (1970). Általános fogász Marosillyén (1956–62). A mv.-i OGYI -ra került: reparátor (1962–64), tanársegéd (1964–71), mint adjunktus Mocanu-Bardac Venerát, követte a Fogászati [&hellip;]</p>
