{"id":10267,"date":"2025-06-29T13:14:14","date_gmt":"2025-06-29T11:14:14","guid":{"rendered":"https:\/\/uj.adatbank.ro\/lexikon\/termek\/ieremia-stefan\/"},"modified":"2025-06-29T13:14:14","modified_gmt":"2025-06-29T11:14:14","slug":"ieremia-stefan","status":"publish","type":"product","link":"https:\/\/uj.adatbank.ro\/lexikon\/termek\/ieremia-stefan\/","title":{"rendered":"IEREMIA \u015etefan"},"content":{"rendered":"<p>?, \u2020\u00a0? : v\u00e1rosi kult\u00fartan\u00e1csos. &#8211; Mv.-en v\u00e1rosi alkalmazott, k\u00f6zigazgat\u00e1si oszt\u00e1lyf\u0151n\u00f6k (1926). A v\u00e1rosh\u00e1za kult\u00fartan\u00e1csosa. A tan\u00e1cs nyomort enyh\u00edt\u0151 akci\u00f3j\u00e1nak vezet\u00e9s\u00e9vel bizt\u00e1k meg (1930). A v\u00e1rosi kezel\u00e9sben lev\u0151 mozi igazgat\u00f3ja (1931). Ideiglenesen a zeneiskola vezet\u00e9s\u00e9vel is megb\u00edzt\u00e1k (1937). A v\u00e1rosi szeg\u00e9nyh\u00e1z igazgat\u00f3ja (1939). Az Apostoli vad\u00e1szt\u00e1rsas\u00e1gok akt\u00edv tagja (1940). <br \/><strong>Irod.:<\/strong> F\u00fcl\u00f6p\u2013Ferencz; Id\u0151t\u00e1r 3; Societatea de V\u00e2n\u0103toare \u201eApostolii\u201d Tg. Mure\u015f (Tg. M., 1941), Statutul Societ\u0103\u0163ii V\u00e2n\u0103torilor Diana Tg. M. (Tg. Mure\u015f, 1928)<\/br><\/p>\n","protected":false},"excerpt":{"rendered":"<p>?, \u2020\u00a0? : v\u00e1rosi kult\u00fartan\u00e1csos. &#8211; Mv.-en v\u00e1rosi alkalmazott, k\u00f6zigazgat\u00e1si oszt\u00e1lyf\u0151n\u00f6k (1926). A v\u00e1rosh\u00e1za kult\u00fartan\u00e1csosa. A tan\u00e1cs nyomort enyh\u00edt\u0151 akci\u00f3j\u00e1nak vezet\u00e9s\u00e9vel bizt\u00e1k meg (1930). A v\u00e1rosi kezel\u00e9sben lev\u0151 mozi igazgat\u00f3ja (1931). Ideiglenesen a zeneiskola vezet\u00e9s\u00e9vel is megb\u00edzt\u00e1k (1937). A v\u00e1rosi szeg\u00e9nyh\u00e1z igazgat\u00f3ja (1939). Az Apostoli vad\u00e1szt\u00e1rsas\u00e1gok akt\u00edv tagja (1940). Irod.: F\u00fcl\u00f6p\u2013Ferencz; Id\u0151t\u00e1r 3; Societatea de [&hellip;]<\/p>\n","protected":false},"featured_media":0,"comment_status":"open","ping_status":"closed","template":"","meta":[],"product_brand":[],"product_cat":[137],"product_tag":[],"class_list":{"0":"post-10267","1":"product","2":"type-product","3":"status-publish","5":"product_cat-maros-megyei-eletrajzi-lexikon","7":"first","8":"instock","9":"shipping-taxable","10":"product-type-simple"},"_links":{"self":[{"href":"https:\/\/uj.adatbank.ro\/lexikon\/wp-json\/wp\/v2\/product\/10267","targetHints":{"allow":["GET"]}}],"collection":[{"href":"https:\/\/uj.adatbank.ro\/lexikon\/wp-json\/wp\/v2\/product"}],"about":[{"href":"https:\/\/uj.adatbank.ro\/lexikon\/wp-json\/wp\/v2\/types\/product"}],"replies":[{"embeddable":true,"href":"https:\/\/uj.adatbank.ro\/lexikon\/wp-json\/wp\/v2\/comments?post=10267"}],"wp:attachment":[{"href":"https:\/\/uj.adatbank.ro\/lexikon\/wp-json\/wp\/v2\/media?parent=10267"}],"wp:term":[{"taxonomy":"product_brand","embeddable":true,"href":"https:\/\/uj.adatbank.ro\/lexikon\/wp-json\/wp\/v2\/product_brand?post=10267"},{"taxonomy":"product_cat","embeddable":true,"href":"https:\/\/uj.adatbank.ro\/lexikon\/wp-json\/wp\/v2\/product_cat?post=10267"},{"taxonomy":"product_tag","embeddable":true,"href":"https:\/\/uj.adatbank.ro\/lexikon\/wp-json\/wp\/v2\/product_tag?post=10267"}],"curies":[{"name":"wp","href":"https:\/\/api.w.org\/{rel}","templated":true}]}}

IEREMIA Ştefan

<p>?, † ? : városi kultúrtanácsos. &#8211; Mv.-en városi alkalmazott, közigazgatási osztályfőnök (1926). A városháza kultúrtanácsosa. A tanács nyomort enyhítő akciójának vezetésével bizták meg (1930). A városi kezelésben levő mozi igazgatója (1931). Ideiglenesen a zeneiskola vezetésével is megbízták (1937). A városi szegényház igazgatója (1939). Az Apostoli vadásztársaságok aktív tagja (1940). <br /><strong>Irod.:</strong> Fülöp–Ferencz; Időtár 3; Societatea de Vânătoare „Apostolii” Tg. Mureş (Tg. M., 1941), Statutul Societăţii Vânătorilor Diana Tg. M. (Tg. Mureş, 1928)</br></p>

<p>?, † ? : városi kultúrtanácsos. &#8211; Mv.-en városi alkalmazott, közigazgatási osztályfőnök (1926). A városháza kultúrtanácsosa. A tanács nyomort enyhítő akciójának vezetésével bizták meg (1930). A városi kezelésben levő mozi igazgatója (1931). Ideiglenesen a zeneiskola vezetésével is megbízták (1937). A városi szegényház igazgatója (1939). Az Apostoli vadásztársaságok aktív tagja (1940). Irod.: Fülöp–Ferencz; Időtár 3; Societatea de [&hellip;]</p>
