{"id":10271,"date":"2025-06-29T13:14:22","date_gmt":"2025-06-29T11:14:22","guid":{"rendered":"https:\/\/uj.adatbank.ro\/lexikon\/termek\/ignat-petre-ignat-petru\/"},"modified":"2025-06-29T13:14:22","modified_gmt":"2025-06-29T11:14:22","slug":"ignat-petre-ignat-petru","status":"publish","type":"product","link":"https:\/\/uj.adatbank.ro\/lexikon\/termek\/ignat-petre-ignat-petru\/","title":{"rendered":"IGNAT Petre, Ignat Petru"},"content":{"rendered":"<p>Nagycserged, 1931. m\u00e1rc. 21., \u2020 Temesv\u00e1r, 2000. jan. 31. Csergeden temett\u00e9k: orvos, seb\u00e9sz, egyetemi tan\u00e1r. \u2013 A dics\u0151szentm\u00e1rtoni Al. Sahia L\u00edc. -ban v\u00e9gzett (1949), \u00e9s Temesv\u00e1ron az orvosi egyetemet (1957). Temesv\u00e1ron volt seb\u00e9szf\u0151orvos \u00e9s a megyei k\u00f3rh\u00e1z igazgat\u00f3ja, egyetemi tan\u00e1r, az \u00c1ltal\u00e1nosorvosi Kar d\u00e9k\u00e1nja, doktor\u00e1tust vezet\u0151 professzor. T\u00f6bb mint 160 tudom\u00e1nyos dolgozata \u00e9s cikke jelent meg hazai \u00e9s k\u00fclf\u00f6ldi foly\u00f3iratokban, k\u00e9sz\u00edtett 12 tudom\u00e1nyos filmet \u00e9s 5 videofilmet. Hazai \u00e9s k\u00fclf\u00f6ldi tudom\u00e1nyos t\u00e1rsas\u00e1gok tagja, Dics\u0151szentm\u00e1rton d\u00edszpolg\u00e1ra (1995). \u2013 <strong>F. m.:<\/strong> Ghid terapeutic \u00een bolile cardio-vasculare (Timi\u015foara, 1975); Insuficien\u0163a venoas\u0103 cronic\u0103 a membrelor inferioare (Timi\u015foara, 1983); Chirurgia sistemului venos al membrelor inferiore (Buc., 1985); <strong>t\u00e1rssz.:<\/strong> Curs de chirurgie general\u0103 (1975); Cursul de semiologie clinic\u0103 \u015fi patologie chirurgical\u0103 (1977); Angiografia \u00een practica medical\u0103 (Timi\u015foara, 1977); Clinica medical\u0103 (Buc., 1983); Curs de patologie chirurgical\u0103 (1984). <br \/><strong>Irod.:<\/strong> Necrolog (C. l. 2000. febr. 2.); Ducan, R\u0103zvan: I. P. (1931\u20132000) (C. l., 2001. m\u00e1rc. 15.); T\u00e2rn\u0103veni, cult.-ist.<\/br><\/p>\n","protected":false},"excerpt":{"rendered":"<p>Nagycserged, 1931. m\u00e1rc. 21., \u2020 Temesv\u00e1r, 2000. jan. 31. Csergeden temett\u00e9k: orvos, seb\u00e9sz, egyetemi tan\u00e1r. \u2013 A dics\u0151szentm\u00e1rtoni Al. Sahia L\u00edc. -ban v\u00e9gzett (1949), \u00e9s Temesv\u00e1ron az orvosi egyetemet (1957). Temesv\u00e1ron volt seb\u00e9szf\u0151orvos \u00e9s a megyei k\u00f3rh\u00e1z igazgat\u00f3ja, egyetemi tan\u00e1r, az \u00c1ltal\u00e1nosorvosi Kar d\u00e9k\u00e1nja, doktor\u00e1tust vezet\u0151 professzor. T\u00f6bb mint 160 tudom\u00e1nyos dolgozata \u00e9s cikke jelent [&hellip;]<\/p>\n","protected":false},"featured_media":0,"comment_status":"open","ping_status":"closed","template":"","meta":[],"product_brand":[],"product_cat":[137],"product_tag":[],"class_list":{"0":"post-10271","1":"product","2":"type-product","3":"status-publish","5":"product_cat-maros-megyei-eletrajzi-lexikon","7":"first","8":"instock","9":"shipping-taxable","10":"product-type-simple"},"_links":{"self":[{"href":"https:\/\/uj.adatbank.ro\/lexikon\/wp-json\/wp\/v2\/product\/10271","targetHints":{"allow":["GET"]}}],"collection":[{"href":"https:\/\/uj.adatbank.ro\/lexikon\/wp-json\/wp\/v2\/product"}],"about":[{"href":"https:\/\/uj.adatbank.ro\/lexikon\/wp-json\/wp\/v2\/types\/product"}],"replies":[{"embeddable":true,"href":"https:\/\/uj.adatbank.ro\/lexikon\/wp-json\/wp\/v2\/comments?post=10271"}],"wp:attachment":[{"href":"https:\/\/uj.adatbank.ro\/lexikon\/wp-json\/wp\/v2\/media?parent=10271"}],"wp:term":[{"taxonomy":"product_brand","embeddable":true,"href":"https:\/\/uj.adatbank.ro\/lexikon\/wp-json\/wp\/v2\/product_brand?post=10271"},{"taxonomy":"product_cat","embeddable":true,"href":"https:\/\/uj.adatbank.ro\/lexikon\/wp-json\/wp\/v2\/product_cat?post=10271"},{"taxonomy":"product_tag","embeddable":true,"href":"https:\/\/uj.adatbank.ro\/lexikon\/wp-json\/wp\/v2\/product_tag?post=10271"}],"curies":[{"name":"wp","href":"https:\/\/api.w.org\/{rel}","templated":true}]}}

<p>Nagycserged, 1931. márc. 21., † Temesvár, 2000. jan. 31. Csergeden temették: orvos, sebész, egyetemi tanár. – A dicsőszentmártoni Al. Sahia Líc. -ban végzett (1949), és Temesváron az orvosi egyetemet (1957). Temesváron volt sebészfőorvos és a megyei kórház igazgatója, egyetemi tanár, az Általánosorvosi Kar dékánja, doktorátust vezető professzor. Több mint 160 tudományos dolgozata és cikke jelent meg hazai és külföldi folyóiratokban, készített 12 tudományos filmet és 5 videofilmet. Hazai és külföldi tudományos társaságok tagja, Dicsőszentmárton díszpolgára (1995). – <strong>F. m.:</strong> Ghid terapeutic în bolile cardio-vasculare (Timişoara, 1975); Insuficienţa venoasă cronică a membrelor inferioare (Timişoara, 1983); Chirurgia sistemului venos al membrelor inferiore (Buc., 1985); <strong>társsz.:</strong> Curs de chirurgie generală (1975); Cursul de semiologie clinică şi patologie chirurgicală (1977); Angiografia în practica medicală (Timişoara, 1977); Clinica medicală (Buc., 1983); Curs de patologie chirurgicală (1984). <br /><strong>Irod.:</strong> Necrolog (C. l. 2000. febr. 2.); Ducan, Răzvan: I. P. (1931–2000) (C. l., 2001. márc. 15.); Târnăveni, cult.-ist.</br></p>

<p>Nagycserged, 1931. márc. 21., † Temesvár, 2000. jan. 31. Csergeden temették: orvos, sebész, egyetemi tanár. – A dicsőszentmártoni Al. Sahia Líc. -ban végzett (1949), és Temesváron az orvosi egyetemet (1957). Temesváron volt sebészfőorvos és a megyei kórház igazgatója, egyetemi tanár, az Általánosorvosi Kar dékánja, doktorátust vezető professzor. Több mint 160 tudományos dolgozata és cikke jelent [&hellip;]</p>
