{"id":10273,"date":"2025-06-29T13:14:25","date_gmt":"2025-06-29T11:14:25","guid":{"rendered":"https:\/\/uj.adatbank.ro\/lexikon\/termek\/igret-viorel\/"},"modified":"2025-06-29T13:14:25","modified_gmt":"2025-06-29T11:14:25","slug":"igret-viorel","status":"publish","type":"product","link":"https:\/\/uj.adatbank.ro\/lexikon\/termek\/igret-viorel\/","title":{"rendered":"IGRE\u0162 Viorel"},"content":{"rendered":"<p>Halm\u00e1gy, 1938, \u2020\u00a0?: lakatos, m\u00e9rn\u00f6k, p\u00e1rttitk\u00e1r. \u2013 Szekci\u00f3vezet\u0151 \u00fczemm\u00e9rn\u00f6k volt Aradon a vagongy\u00e1rban, majd p\u00e1rttik\u00e1r \u00e9s n\u00e9ptan\u00e1cseln\u00f6k Aradon. A RKP Maros megyei bizotts\u00e1g\u00e1nak volt els\u0151 titk\u00e1ra (1988. j\u00fal. 6.). Visszat\u00e9rt az aradi vagongy\u00e1rhoz, amit ma Astra-nak neveznek, ahol vezet\u0151 k\u00f6zgazd\u00e1sz a terv- \u00e9s fejleszt\u0151 oszt\u00e1lyon. <br \/><strong>Irod.:<\/strong> Ajtay L\u00e1szl\u00f3\u00a0: I. V. tartozik egy vallom\u00e1ssal. (N\u00fa., 1991. szept. 12.); Id\u0151t\u00e1r 4.; L\u00e1szl\u00f3\u2013Nov\u00e1k<\/br><\/p>\n","protected":false},"excerpt":{"rendered":"<p>Halm\u00e1gy, 1938, \u2020\u00a0?: lakatos, m\u00e9rn\u00f6k, p\u00e1rttitk\u00e1r. \u2013 Szekci\u00f3vezet\u0151 \u00fczemm\u00e9rn\u00f6k volt Aradon a vagongy\u00e1rban, majd p\u00e1rttik\u00e1r \u00e9s n\u00e9ptan\u00e1cseln\u00f6k Aradon. A RKP Maros megyei bizotts\u00e1g\u00e1nak volt els\u0151 titk\u00e1ra (1988. j\u00fal. 6.). Visszat\u00e9rt az aradi vagongy\u00e1rhoz, amit ma Astra-nak neveznek, ahol vezet\u0151 k\u00f6zgazd\u00e1sz a terv- \u00e9s fejleszt\u0151 oszt\u00e1lyon. Irod.: Ajtay L\u00e1szl\u00f3\u00a0: I. V. tartozik egy vallom\u00e1ssal. (N\u00fa., 1991. [&hellip;]<\/p>\n","protected":false},"featured_media":0,"comment_status":"open","ping_status":"closed","template":"","meta":[],"product_brand":[],"product_cat":[137],"product_tag":[],"class_list":{"0":"post-10273","1":"product","2":"type-product","3":"status-publish","5":"product_cat-maros-megyei-eletrajzi-lexikon","7":"first","8":"instock","9":"shipping-taxable","10":"product-type-simple"},"_links":{"self":[{"href":"https:\/\/uj.adatbank.ro\/lexikon\/wp-json\/wp\/v2\/product\/10273","targetHints":{"allow":["GET"]}}],"collection":[{"href":"https:\/\/uj.adatbank.ro\/lexikon\/wp-json\/wp\/v2\/product"}],"about":[{"href":"https:\/\/uj.adatbank.ro\/lexikon\/wp-json\/wp\/v2\/types\/product"}],"replies":[{"embeddable":true,"href":"https:\/\/uj.adatbank.ro\/lexikon\/wp-json\/wp\/v2\/comments?post=10273"}],"wp:attachment":[{"href":"https:\/\/uj.adatbank.ro\/lexikon\/wp-json\/wp\/v2\/media?parent=10273"}],"wp:term":[{"taxonomy":"product_brand","embeddable":true,"href":"https:\/\/uj.adatbank.ro\/lexikon\/wp-json\/wp\/v2\/product_brand?post=10273"},{"taxonomy":"product_cat","embeddable":true,"href":"https:\/\/uj.adatbank.ro\/lexikon\/wp-json\/wp\/v2\/product_cat?post=10273"},{"taxonomy":"product_tag","embeddable":true,"href":"https:\/\/uj.adatbank.ro\/lexikon\/wp-json\/wp\/v2\/product_tag?post=10273"}],"curies":[{"name":"wp","href":"https:\/\/api.w.org\/{rel}","templated":true}]}}

IGREŢ Viorel

<p>Halmágy, 1938, † ?: lakatos, mérnök, párttitkár. – Szekcióvezető üzemmérnök volt Aradon a vagongyárban, majd párttikár és néptanácselnök Aradon. A RKP Maros megyei bizottságának volt első titkára (1988. júl. 6.). Visszatért az aradi vagongyárhoz, amit ma Astra-nak neveznek, ahol vezető közgazdász a terv- és fejlesztő osztályon. <br /><strong>Irod.:</strong> Ajtay László : I. V. tartozik egy vallomással. (Nú., 1991. szept. 12.); Időtár 4.; László–Novák</br></p>

<p>Halmágy, 1938, † ?: lakatos, mérnök, párttitkár. – Szekcióvezető üzemmérnök volt Aradon a vagongyárban, majd párttikár és néptanácselnök Aradon. A RKP Maros megyei bizottságának volt első titkára (1988. júl. 6.). Visszatért az aradi vagongyárhoz, amit ma Astra-nak neveznek, ahol vezető közgazdász a terv- és fejlesztő osztályon. Irod.: Ajtay László : I. V. tartozik egy vallomással. (Nú., 1991. [&hellip;]</p>
