{"id":10280,"date":"2025-06-29T13:14:41","date_gmt":"2025-06-29T11:14:41","guid":{"rendered":"https:\/\/uj.adatbank.ro\/lexikon\/termek\/iklodi-dezso\/"},"modified":"2025-06-29T13:14:41","modified_gmt":"2025-06-29T11:14:41","slug":"iklodi-dezso","status":"publish","type":"product","link":"https:\/\/uj.adatbank.ro\/lexikon\/termek\/iklodi-dezso\/","title":{"rendered":"IKL\u00d3DI Dezs\u0151"},"content":{"rendered":"<p>? \u2020\u00a0?: k\u00fcl\u00fcgyi tan\u00e1csos. \u2013 Mint a Borsz\u00e9ki Vad\u00e1szt\u00e1rsas\u00e1g vad\u00e1szmestere (1921\u201346) a Keleti -K\u00e1rp\u00e1tokban Dobrudzs\u00e1ban \u00e9s a Dunadelt\u00e1ban sz\u00e1mos vad\u00e1szaton vett r\u00e9szt, \u00edgy azon is amelyet Horthy Mikl\u00f3s korm\u00e1nyz\u00f3 tisztelet\u00e9re rendeztek a G\u00f6rg\u00e9nyi Havasokban. K\u00fcl\u00fcgyi tan\u00e1csos a buk.-i m. k\u00f6vets\u00e9gen (1945); sz\u00e1rmaz\u00e1sa miatt \u00e1ll\u00e1s\u00e1b\u00f3l elmozd\u00edtott\u00e1k. Bp.-en rend\u0151ri fel\u00fcgyelet alatt tartott\u00e1k, amig siker\u00fclt B\u00e9csbe menek\u00fclnie, majd Spanyolo. -ba t\u00e1vozott. <br \/><strong>Irod.:<\/strong> Guly\u00e1s<\/br><\/p>\n","protected":false},"excerpt":{"rendered":"<p>? \u2020\u00a0?: k\u00fcl\u00fcgyi tan\u00e1csos. \u2013 Mint a Borsz\u00e9ki Vad\u00e1szt\u00e1rsas\u00e1g vad\u00e1szmestere (1921\u201346) a Keleti -K\u00e1rp\u00e1tokban Dobrudzs\u00e1ban \u00e9s a Dunadelt\u00e1ban sz\u00e1mos vad\u00e1szaton vett r\u00e9szt, \u00edgy azon is amelyet Horthy Mikl\u00f3s korm\u00e1nyz\u00f3 tisztelet\u00e9re rendeztek a G\u00f6rg\u00e9nyi Havasokban. K\u00fcl\u00fcgyi tan\u00e1csos a buk.-i m. k\u00f6vets\u00e9gen (1945); sz\u00e1rmaz\u00e1sa miatt \u00e1ll\u00e1s\u00e1b\u00f3l elmozd\u00edtott\u00e1k. Bp.-en rend\u0151ri fel\u00fcgyelet alatt tartott\u00e1k, amig siker\u00fclt B\u00e9csbe menek\u00fclnie, majd [&hellip;]<\/p>\n","protected":false},"featured_media":0,"comment_status":"open","ping_status":"closed","template":"","meta":[],"product_brand":[],"product_cat":[137],"product_tag":[],"class_list":{"0":"post-10280","1":"product","2":"type-product","3":"status-publish","5":"product_cat-maros-megyei-eletrajzi-lexikon","7":"first","8":"instock","9":"shipping-taxable","10":"product-type-simple"},"_links":{"self":[{"href":"https:\/\/uj.adatbank.ro\/lexikon\/wp-json\/wp\/v2\/product\/10280","targetHints":{"allow":["GET"]}}],"collection":[{"href":"https:\/\/uj.adatbank.ro\/lexikon\/wp-json\/wp\/v2\/product"}],"about":[{"href":"https:\/\/uj.adatbank.ro\/lexikon\/wp-json\/wp\/v2\/types\/product"}],"replies":[{"embeddable":true,"href":"https:\/\/uj.adatbank.ro\/lexikon\/wp-json\/wp\/v2\/comments?post=10280"}],"wp:attachment":[{"href":"https:\/\/uj.adatbank.ro\/lexikon\/wp-json\/wp\/v2\/media?parent=10280"}],"wp:term":[{"taxonomy":"product_brand","embeddable":true,"href":"https:\/\/uj.adatbank.ro\/lexikon\/wp-json\/wp\/v2\/product_brand?post=10280"},{"taxonomy":"product_cat","embeddable":true,"href":"https:\/\/uj.adatbank.ro\/lexikon\/wp-json\/wp\/v2\/product_cat?post=10280"},{"taxonomy":"product_tag","embeddable":true,"href":"https:\/\/uj.adatbank.ro\/lexikon\/wp-json\/wp\/v2\/product_tag?post=10280"}],"curies":[{"name":"wp","href":"https:\/\/api.w.org\/{rel}","templated":true}]}}

IKLÓDI Dezső

<p>? † ?: külügyi tanácsos. – Mint a Borszéki Vadásztársaság vadászmestere (1921–46) a Keleti -Kárpátokban Dobrudzsában és a Dunadeltában számos vadászaton vett részt, így azon is amelyet Horthy Miklós kormányzó tiszteletére rendeztek a Görgényi Havasokban. Külügyi tanácsos a buk.-i m. követségen (1945); származása miatt állásából elmozdították. Bp.-en rendőri felügyelet alatt tartották, amig sikerült Bécsbe menekülnie, majd Spanyolo. -ba távozott. <br /><strong>Irod.:</strong> Gulyás</br></p>

<p>? † ?: külügyi tanácsos. – Mint a Borszéki Vadásztársaság vadászmestere (1921–46) a Keleti -Kárpátokban Dobrudzsában és a Dunadeltában számos vadászaton vett részt, így azon is amelyet Horthy Miklós kormányzó tiszteletére rendeztek a Görgényi Havasokban. Külügyi tanácsos a buk.-i m. követségen (1945); származása miatt állásából elmozdították. Bp.-en rendőri felügyelet alatt tartották, amig sikerült Bécsbe menekülnie, majd [&hellip;]</p>
