{"id":10281,"date":"2025-06-29T13:14:43","date_gmt":"2025-06-29T11:14:43","guid":{"rendered":"https:\/\/uj.adatbank.ro\/lexikon\/termek\/ilea-gheorghe\/"},"modified":"2025-06-29T13:14:43","modified_gmt":"2025-06-29T11:14:43","slug":"ilea-gheorghe","status":"publish","type":"product","link":"https:\/\/uj.adatbank.ro\/lexikon\/termek\/ilea-gheorghe\/","title":{"rendered":"ILEA Gheorghe"},"content":{"rendered":"<p>Radn\u00f3t, 1922., \u2020 Nagyenyed, 1945. febr. 17.: katona, \u0151rmester. \u2013 Mint vad\u00e1sz szakaszvezet\u0151je a Dics\u0151szentm\u00e1rtoni 82 es t\u00fcz\u00e9rs\u00e9g II. gyalags\u00e1gi osztag\u00e1nak kit\u00fcnt a Maros-menti harcokban: Radn\u00f3t-Marosorb\u00f3-Csap\u00f3; Marosorb\u00f3n\u00e1l megsebes\u00fclt (1944. szept. 15.). <br \/><strong>Irod.:<\/strong> MMK<\/br><\/p>\n","protected":false},"excerpt":{"rendered":"<p>Radn\u00f3t, 1922., \u2020 Nagyenyed, 1945. febr. 17.: katona, \u0151rmester. \u2013 Mint vad\u00e1sz szakaszvezet\u0151je a Dics\u0151szentm\u00e1rtoni 82 es t\u00fcz\u00e9rs\u00e9g II. gyalags\u00e1gi osztag\u00e1nak kit\u00fcnt a Maros-menti harcokban: Radn\u00f3t-Marosorb\u00f3-Csap\u00f3; Marosorb\u00f3n\u00e1l megsebes\u00fclt (1944. szept. 15.). Irod.: MMK<\/p>\n","protected":false},"featured_media":0,"comment_status":"open","ping_status":"closed","template":"","meta":[],"product_brand":[],"product_cat":[137],"product_tag":[],"class_list":{"0":"post-10281","1":"product","2":"type-product","3":"status-publish","5":"product_cat-maros-megyei-eletrajzi-lexikon","7":"first","8":"instock","9":"shipping-taxable","10":"product-type-simple"},"_links":{"self":[{"href":"https:\/\/uj.adatbank.ro\/lexikon\/wp-json\/wp\/v2\/product\/10281","targetHints":{"allow":["GET"]}}],"collection":[{"href":"https:\/\/uj.adatbank.ro\/lexikon\/wp-json\/wp\/v2\/product"}],"about":[{"href":"https:\/\/uj.adatbank.ro\/lexikon\/wp-json\/wp\/v2\/types\/product"}],"replies":[{"embeddable":true,"href":"https:\/\/uj.adatbank.ro\/lexikon\/wp-json\/wp\/v2\/comments?post=10281"}],"wp:attachment":[{"href":"https:\/\/uj.adatbank.ro\/lexikon\/wp-json\/wp\/v2\/media?parent=10281"}],"wp:term":[{"taxonomy":"product_brand","embeddable":true,"href":"https:\/\/uj.adatbank.ro\/lexikon\/wp-json\/wp\/v2\/product_brand?post=10281"},{"taxonomy":"product_cat","embeddable":true,"href":"https:\/\/uj.adatbank.ro\/lexikon\/wp-json\/wp\/v2\/product_cat?post=10281"},{"taxonomy":"product_tag","embeddable":true,"href":"https:\/\/uj.adatbank.ro\/lexikon\/wp-json\/wp\/v2\/product_tag?post=10281"}],"curies":[{"name":"wp","href":"https:\/\/api.w.org\/{rel}","templated":true}]}}