{"id":10285,"date":"2025-06-29T13:14:56","date_gmt":"2025-06-29T11:14:56","guid":{"rendered":"https:\/\/uj.adatbank.ro\/lexikon\/termek\/ilies-michail\/"},"modified":"2025-06-29T13:14:56","modified_gmt":"2025-06-29T11:14:56","slug":"ilies-michail","status":"publish","type":"product","link":"https:\/\/uj.adatbank.ro\/lexikon\/termek\/ilies-michail\/","title":{"rendered":"ILIE\u015e Michail"},"content":{"rendered":"<p>Ol\u00e1hb\u00f6lk\u00e9ny, 1873. aug. 24., \u2020 1911. ut\u00e1n: g. kat. pap. \u2013 Bel\u00e9nyesen v\u00e9gezte a gimn. -ot (1893), a teol\u00f3giai tanulm\u00e1nyait Bal\u00e1zsfalv\u00e1n (1897), papp\u00e1 szentelt\u00e9k uo. (1899. \u00e1pr. 9.). S\u00e1rpatakon meg\u00fcresedett a pl\u00e9b\u00e1nosi \u00fcgyint\u00e9z\u0151i \u00e1ll\u00e1s, mert senki nem jelentkezett a versenyvizsg\u00e1ra, ez\u00e9rt nevezte ki \u0151t Mih\u00e1ly Victor mitropolita (1893\u20131920). A templom torny\u00e1t vill\u00e1mcsap\u00e1s \u00e9rte \u00e9s \u00fajj\u00e1 \u00e9p\u00edtett\u00e9k (1905). <br \/><strong>Irod.:<\/strong> Berekm\u00e9ri\u2013G\u00e1lfi; Dobozi<\/br><\/p>\n","protected":false},"excerpt":{"rendered":"<p>Ol\u00e1hb\u00f6lk\u00e9ny, 1873. aug. 24., \u2020 1911. ut\u00e1n: g. kat. pap. \u2013 Bel\u00e9nyesen v\u00e9gezte a gimn. -ot (1893), a teol\u00f3giai tanulm\u00e1nyait Bal\u00e1zsfalv\u00e1n (1897), papp\u00e1 szentelt\u00e9k uo. (1899. \u00e1pr. 9.). S\u00e1rpatakon meg\u00fcresedett a pl\u00e9b\u00e1nosi \u00fcgyint\u00e9z\u0151i \u00e1ll\u00e1s, mert senki nem jelentkezett a versenyvizsg\u00e1ra, ez\u00e9rt nevezte ki \u0151t Mih\u00e1ly Victor mitropolita (1893\u20131920). A templom torny\u00e1t vill\u00e1mcsap\u00e1s \u00e9rte \u00e9s \u00fajj\u00e1 [&hellip;]<\/p>\n","protected":false},"featured_media":0,"comment_status":"open","ping_status":"closed","template":"","meta":[],"product_brand":[],"product_cat":[137],"product_tag":[],"class_list":{"0":"post-10285","1":"product","2":"type-product","3":"status-publish","5":"product_cat-maros-megyei-eletrajzi-lexikon","7":"first","8":"instock","9":"shipping-taxable","10":"product-type-simple"},"_links":{"self":[{"href":"https:\/\/uj.adatbank.ro\/lexikon\/wp-json\/wp\/v2\/product\/10285","targetHints":{"allow":["GET"]}}],"collection":[{"href":"https:\/\/uj.adatbank.ro\/lexikon\/wp-json\/wp\/v2\/product"}],"about":[{"href":"https:\/\/uj.adatbank.ro\/lexikon\/wp-json\/wp\/v2\/types\/product"}],"replies":[{"embeddable":true,"href":"https:\/\/uj.adatbank.ro\/lexikon\/wp-json\/wp\/v2\/comments?post=10285"}],"wp:attachment":[{"href":"https:\/\/uj.adatbank.ro\/lexikon\/wp-json\/wp\/v2\/media?parent=10285"}],"wp:term":[{"taxonomy":"product_brand","embeddable":true,"href":"https:\/\/uj.adatbank.ro\/lexikon\/wp-json\/wp\/v2\/product_brand?post=10285"},{"taxonomy":"product_cat","embeddable":true,"href":"https:\/\/uj.adatbank.ro\/lexikon\/wp-json\/wp\/v2\/product_cat?post=10285"},{"taxonomy":"product_tag","embeddable":true,"href":"https:\/\/uj.adatbank.ro\/lexikon\/wp-json\/wp\/v2\/product_tag?post=10285"}],"curies":[{"name":"wp","href":"https:\/\/api.w.org\/{rel}","templated":true}]}}

ILIEŞ Michail

<p>Oláhbölkény, 1873. aug. 24., † 1911. után: g. kat. pap. – Belényesen végezte a gimn. -ot (1893), a teológiai tanulmányait Balázsfalván (1897), pappá szentelték uo. (1899. ápr. 9.). Sárpatakon megüresedett a plébánosi ügyintézői állás, mert senki nem jelentkezett a versenyvizsgára, ezért nevezte ki őt Mihály Victor mitropolita (1893–1920). A templom tornyát villámcsapás érte és újjá építették (1905). <br /><strong>Irod.:</strong> Berekméri–Gálfi; Dobozi</br></p>

<p>Oláhbölkény, 1873. aug. 24., † 1911. után: g. kat. pap. – Belényesen végezte a gimn. -ot (1893), a teológiai tanulmányait Balázsfalván (1897), pappá szentelték uo. (1899. ápr. 9.). Sárpatakon megüresedett a plébánosi ügyintézői állás, mert senki nem jelentkezett a versenyvizsgára, ezért nevezte ki őt Mihály Victor mitropolita (1893–1920). A templom tornyát villámcsapás érte és újjá [&hellip;]</p>
