{"id":10298,"date":"2025-06-29T13:15:21","date_gmt":"2025-06-29T11:15:21","guid":{"rendered":"https:\/\/uj.adatbank.ro\/lexikon\/termek\/illyes-balint-alneve-zelemer\/"},"modified":"2025-06-29T13:15:21","modified_gmt":"2025-06-29T11:15:21","slug":"illyes-balint-alneve-zelemer","status":"publish","type":"product","link":"https:\/\/uj.adatbank.ro\/lexikon\/termek\/illyes-balint-alneve-zelemer\/","title":{"rendered":"ILLY\u00c9S B\u00e1lint, \u00c1lneve: Zelem\u00e9r"},"content":{"rendered":"<p>Feh\u00e9rgyarmat, 1835. okt. 2., \u2020 Bp, 1910. dec. 1.: k\u00f6lt\u0151. \u2013 A s\u00e1rospataki ref. f\u0151isk. -n tanult, r\u00e9szt vett a szabads\u00e1gharcban (1849. \u00e1pr. \u2013). A szabads\u00e1gharc lever\u00e9se ut\u00e1n ism\u00e9t S\u00e1rospatakon folytatta tanulm\u00e1nyait, ahol Erd\u00e9lyi J\u00e1nos t\u00e1mogatta els\u0151 irod. pr\u00f3b\u00e1lkoz\u00e1sait. A mv.-i ref. gimn. -ban mint ideiglenes tan\u00e1r a k\u00f6lt\u00e9szetet, az \u00f3kori irodalmat, a t\u00f6rt\u00e9nelmet \u00e9s a g\u00f6r\u00f6g nyelvet tan\u00edtotta (1857\u201360). Br. Kem\u00e9ny Gy\u00f6rgy tordamegyei f\u0151isp\u00e1n csal\u00e1dj\u00e1n\u00e1l nevel\u0151 volt. Szatm\u00e1rban seg\u00e9dlelk\u00e9sz \u00e9s tan\u00e1r (1860\u2013), majd tiszabecsi, kis\u00fajsz\u00e1ll\u00e1si (1869\u2013) ref. lelk\u00e9sz. F\u00fcggetlens\u00e9gi \u00e9s 48-as p\u00e1rti programmal ogy. k\u00e9pvisel\u0151 (1887\u20131910). Az irodalomban az 50-es \u00e9vek els\u0151 fel\u00e9ben jelentkezett hazafias versekkel. Els\u0151 \u00edr\u00e1sai m\u00e9g mv.-i kor\u00e1ban jelentek meg (1859). Publik\u00e1lt verseket, egyh\u00e1zi t\u00e9m\u00e1j\u00fa k\u00f6teteket, \u00edrt Ir\u00e1nyi D\u00e1nielr\u0151l, Kossuth Lajosr\u00f3l monogr\u00e1fi\u00e1t, <strong>antol\u00f3g.:<\/strong> Pet\u0151fi a magyar k\u00f6lt\u0151k lantj\u00e1n (Bp., 1910); Kossuth album; Honv\u00e9d album; Hunyadi album; Batty\u00e1nyi eml\u00e9kk\u00f6nyv, Csokonai album. <br \/><strong>Irod.:<\/strong> Kiss-K\u00e1lm\u00e1n-Bierbrunner; \u00daM\u00c9L<\/br><\/p>\n","protected":false},"excerpt":{"rendered":"<p>Feh\u00e9rgyarmat, 1835. okt. 2., \u2020 Bp, 1910. dec. 1.: k\u00f6lt\u0151. \u2013 A s\u00e1rospataki ref. f\u0151isk. -n tanult, r\u00e9szt vett a szabads\u00e1gharcban (1849. \u00e1pr. \u2013). A szabads\u00e1gharc lever\u00e9se ut\u00e1n ism\u00e9t S\u00e1rospatakon folytatta tanulm\u00e1nyait, ahol Erd\u00e9lyi J\u00e1nos t\u00e1mogatta els\u0151 irod. pr\u00f3b\u00e1lkoz\u00e1sait. A mv.-i ref. gimn. -ban mint ideiglenes tan\u00e1r a k\u00f6lt\u00e9szetet, az \u00f3kori irodalmat, a t\u00f6rt\u00e9nelmet \u00e9s [&hellip;]<\/p>\n","protected":false},"featured_media":0,"comment_status":"open","ping_status":"closed","template":"","meta":[],"product_brand":[],"product_cat":[137],"product_tag":[],"class_list":{"0":"post-10298","1":"product","2":"type-product","3":"status-publish","5":"product_cat-maros-megyei-eletrajzi-lexikon","7":"first","8":"instock","9":"shipping-taxable","10":"product-type-simple"},"_links":{"self":[{"href":"https:\/\/uj.adatbank.ro\/lexikon\/wp-json\/wp\/v2\/product\/10298","targetHints":{"allow":["GET"]}}],"collection":[{"href":"https:\/\/uj.adatbank.ro\/lexikon\/wp-json\/wp\/v2\/product"}],"about":[{"href":"https:\/\/uj.adatbank.ro\/lexikon\/wp-json\/wp\/v2\/types\/product"}],"replies":[{"embeddable":true,"href":"https:\/\/uj.adatbank.ro\/lexikon\/wp-json\/wp\/v2\/comments?post=10298"}],"wp:attachment":[{"href":"https:\/\/uj.adatbank.ro\/lexikon\/wp-json\/wp\/v2\/media?parent=10298"}],"wp:term":[{"taxonomy":"product_brand","embeddable":true,"href":"https:\/\/uj.adatbank.ro\/lexikon\/wp-json\/wp\/v2\/product_brand?post=10298"},{"taxonomy":"product_cat","embeddable":true,"href":"https:\/\/uj.adatbank.ro\/lexikon\/wp-json\/wp\/v2\/product_cat?post=10298"},{"taxonomy":"product_tag","embeddable":true,"href":"https:\/\/uj.adatbank.ro\/lexikon\/wp-json\/wp\/v2\/product_tag?post=10298"}],"curies":[{"name":"wp","href":"https:\/\/api.w.org\/{rel}","templated":true}]}}

ILLYÉS Bálint, Álneve: Zelemér

<p>Fehérgyarmat, 1835. okt. 2., † Bp, 1910. dec. 1.: költő. – A sárospataki ref. főisk. -n tanult, részt vett a szabadságharcban (1849. ápr. –). A szabadságharc leverése után ismét Sárospatakon folytatta tanulmányait, ahol Erdélyi János támogatta első irod. próbálkozásait. A mv.-i ref. gimn. -ban mint ideiglenes tanár a költészetet, az ókori irodalmat, a történelmet és a görög nyelvet tanította (1857–60). Br. Kemény György tordamegyei főispán családjánál nevelő volt. Szatmárban segédlelkész és tanár (1860–), majd tiszabecsi, kisújszállási (1869–) ref. lelkész. Függetlenségi és 48-as párti programmal ogy. képviselő (1887–1910). Az irodalomban az 50-es évek első felében jelentkezett hazafias versekkel. Első írásai még mv.-i korában jelentek meg (1859). Publikált verseket, egyházi témájú köteteket, írt Irányi Dánielről, Kossuth Lajosról monográfiát, <strong>antológ.:</strong> Petőfi a magyar költők lantján (Bp., 1910); Kossuth album; Honvéd album; Hunyadi album; Battyányi emlékkönyv, Csokonai album. <br /><strong>Irod.:</strong> Kiss-Kálmán-Bierbrunner; ÚMÉL</br></p>

<p>Fehérgyarmat, 1835. okt. 2., † Bp, 1910. dec. 1.: költő. – A sárospataki ref. főisk. -n tanult, részt vett a szabadságharcban (1849. ápr. –). A szabadságharc leverése után ismét Sárospatakon folytatta tanulmányait, ahol Erdélyi János támogatta első irod. próbálkozásait. A mv.-i ref. gimn. -ban mint ideiglenes tanár a költészetet, az ókori irodalmat, a történelmet és [&hellip;]</p>
