{"id":10302,"date":"2025-06-29T13:15:30","date_gmt":"2025-06-29T11:15:30","guid":{"rendered":"https:\/\/uj.adatbank.ro\/lexikon\/termek\/illyes-gerzson-sofalvai\/"},"modified":"2025-06-29T13:15:30","modified_gmt":"2025-06-29T11:15:30","slug":"illyes-gerzson-sofalvai","status":"publish","type":"product","link":"https:\/\/uj.adatbank.ro\/lexikon\/termek\/illyes-gerzson-sofalvai\/","title":{"rendered":"ILLY\u00c9S Gerzson, s\u00f3falvai"},"content":{"rendered":"<p>? \u2020 ?: f\u00f6ldbirtokos. \u2013 Feles\u00e9ge, Vajda M\u00e1ria, gr. Bercs\u00e9nyi Imre n\u00f6v\u00e9r\u00e9nek, Zs\u00f3fi\u00e1nak a lesz\u00e1rmazottjak\u00e9nt a sz\u00e9kesi Bercs\u00e9nyi-birtok tulajdonosa lett (1700-as \u00e9vek). A Bercs\u00e9nyi csal\u00e1d udvarh\u00e1z\u00e1nak hely\u00e9re \u00e9p\u00edtett\u00e9k az Illy\u00e9s udvarh\u00e1zat, amelyet nagys\u00e1ga miatt a falu lakosai kast\u00e9lynak neveztek. A csal\u00e1d hossz\u00fa id\u0151n \u00e1t volt a sz\u00e9kesi ref. egyh\u00e1z nemes patr\u00f3nusa \u00e9s fenntart\u00f3ja. Sok f\u00f6ldet, klen\u00f3diumokat, \u00e9p\u00fcletanyagot stb. aj\u00e9nd\u00e9kozott az egyh\u00e1zk\u00f6zs\u00e9gnek. H\u00e1zass\u00e1g r\u00e9v\u00e9n az udvarh\u00e1z, n\u0151i \u00e1gon, Zeno Vancea zeneszerz\u0151 tulajdon\u00e1ba ker\u00fclt (1932-feles\u00e9ge Illy\u00e9s Judit, sz. 1910.). <br \/><strong>Irod.:<\/strong> J\u00f3zsa Andr\u00e1s: S\u00f3falvi Illy\u00e9s Lajos a modern Szov\u00e1taf\u00fcrd\u0151 megalap\u00edt\u00f3ja [5. p., k\u00e9zirat]; Sz\u00e9kes<\/br><\/p>\n","protected":false},"excerpt":{"rendered":"<p>? \u2020 ?: f\u00f6ldbirtokos. \u2013 Feles\u00e9ge, Vajda M\u00e1ria, gr. Bercs\u00e9nyi Imre n\u00f6v\u00e9r\u00e9nek, Zs\u00f3fi\u00e1nak a lesz\u00e1rmazottjak\u00e9nt a sz\u00e9kesi Bercs\u00e9nyi-birtok tulajdonosa lett (1700-as \u00e9vek). A Bercs\u00e9nyi csal\u00e1d udvarh\u00e1z\u00e1nak hely\u00e9re \u00e9p\u00edtett\u00e9k az Illy\u00e9s udvarh\u00e1zat, amelyet nagys\u00e1ga miatt a falu lakosai kast\u00e9lynak neveztek. A csal\u00e1d hossz\u00fa id\u0151n \u00e1t volt a sz\u00e9kesi ref. egyh\u00e1z nemes patr\u00f3nusa \u00e9s fenntart\u00f3ja. Sok f\u00f6ldet, [&hellip;]<\/p>\n","protected":false},"featured_media":0,"comment_status":"open","ping_status":"closed","template":"","meta":[],"product_brand":[],"product_cat":[137],"product_tag":[],"class_list":{"0":"post-10302","1":"product","2":"type-product","3":"status-publish","5":"product_cat-maros-megyei-eletrajzi-lexikon","7":"first","8":"instock","9":"shipping-taxable","10":"product-type-simple"},"_links":{"self":[{"href":"https:\/\/uj.adatbank.ro\/lexikon\/wp-json\/wp\/v2\/product\/10302","targetHints":{"allow":["GET"]}}],"collection":[{"href":"https:\/\/uj.adatbank.ro\/lexikon\/wp-json\/wp\/v2\/product"}],"about":[{"href":"https:\/\/uj.adatbank.ro\/lexikon\/wp-json\/wp\/v2\/types\/product"}],"replies":[{"embeddable":true,"href":"https:\/\/uj.adatbank.ro\/lexikon\/wp-json\/wp\/v2\/comments?post=10302"}],"wp:attachment":[{"href":"https:\/\/uj.adatbank.ro\/lexikon\/wp-json\/wp\/v2\/media?parent=10302"}],"wp:term":[{"taxonomy":"product_brand","embeddable":true,"href":"https:\/\/uj.adatbank.ro\/lexikon\/wp-json\/wp\/v2\/product_brand?post=10302"},{"taxonomy":"product_cat","embeddable":true,"href":"https:\/\/uj.adatbank.ro\/lexikon\/wp-json\/wp\/v2\/product_cat?post=10302"},{"taxonomy":"product_tag","embeddable":true,"href":"https:\/\/uj.adatbank.ro\/lexikon\/wp-json\/wp\/v2\/product_tag?post=10302"}],"curies":[{"name":"wp","href":"https:\/\/api.w.org\/{rel}","templated":true}]}}

ILLYÉS Gerzson, sófalvai

<p>? † ?: földbirtokos. – Felesége, Vajda Mária, gr. Bercsényi Imre növérének, Zsófiának a leszármazottjaként a székesi Bercsényi-birtok tulajdonosa lett (1700-as évek). A Bercsényi család udvarházának helyére építették az Illyés udvarházat, amelyet nagysága miatt a falu lakosai kastélynak neveztek. A család hosszú időn át volt a székesi ref. egyház nemes patrónusa és fenntartója. Sok földet, klenódiumokat, épületanyagot stb. ajéndékozott az egyházközségnek. Házasság révén az udvarház, női ágon, Zeno Vancea zeneszerző tulajdonába került (1932-felesége Illyés Judit, sz. 1910.). <br /><strong>Irod.:</strong> Józsa András: Sófalvi Illyés Lajos a modern Szovátafürdő megalapítója [5. p., kézirat]; Székes</br></p>

<p>? † ?: földbirtokos. – Felesége, Vajda Mária, gr. Bercsényi Imre növérének, Zsófiának a leszármazottjaként a székesi Bercsényi-birtok tulajdonosa lett (1700-as évek). A Bercsényi család udvarházának helyére építették az Illyés udvarházat, amelyet nagysága miatt a falu lakosai kastélynak neveztek. A család hosszú időn át volt a székesi ref. egyház nemes patrónusa és fenntartója. Sok földet, [&hellip;]</p>
