{"id":10303,"date":"2025-06-29T13:15:31","date_gmt":"2025-06-29T11:15:31","guid":{"rendered":"https:\/\/uj.adatbank.ro\/lexikon\/termek\/illyes-geza\/"},"modified":"2025-06-29T13:15:31","modified_gmt":"2025-06-29T11:15:31","slug":"illyes-geza","status":"publish","type":"product","link":"https:\/\/uj.adatbank.ro\/lexikon\/termek\/illyes-geza\/","title":{"rendered":"ILLY\u00c9S G\u00e9za"},"content":{"rendered":"<p>S\u00f3v\u00e1rad, 1883. szept. 4., \u2020 Dics\u0151szentm\u00e1rton, 1950. m\u00e1j. 28.: ref. lelk\u00e9sz, t\u00f6rt\u00e9n\u00e9sz. \u2013 Tanulm\u00e1nyait a mv.-i Ref. Koll. -ban, a kv.-i Ref. Koll. -ban, a Kv.-i Ref. Teol\u00f3gi\u00e1n \u00e9s az egyetem filol\u00f3gia kar\u00e1n a t\u00f6rt\u00e9nelem-pedag\u00f3gia szakon v\u00e9gezte, t\u00f6rt\u00e9nelemb\u0151l b\u00f6lcs\u00e9szdoktori oklevelet szerzett (1907). Magyarkir\u00e1lyfalv\u00e1n ref. lelk\u00e9sz (1907\u20131950), egyh\u00e1zmegyei f\u0151jegyz\u0151 (1922\u2013), belmisszi\u00f3i el\u0151ad\u00f3 (1924\u2013), esperes (1947\u201350). A K\u00fck\u00fcll\u0151vid\u00e9k lev\u00e9lt\u00e1rainak tanulm\u00e1nyoz\u00e1sa ut\u00e1n a Ref. Szeml\u00e9ben jelentek meg \u00e9let- \u00e9s jellemrajzai (1926\u2013); a Bethlen Koll. akad\u00e9miai tagozat\u00e1n t\u00f6rt\u00e9nelmi tant\u00e1rgyakat adott el\u0151 (1941\u201344). Cikkeit, tanulm\u00e1nyait k\u00f6z\u00f6lte a: Ref. Csal\u00e1d (L\u00f3r\u00e1ntffy Zsuzsann\u00e1r\u00f3l, Petr\u0151czy Kata Szid\u00f3ni\u00e1r\u00f3l), Az \u00dat (Bonyhai Simon Gy\u00f6rgyr\u0151l, Gr. Listius L\u00e1szl\u00f3 v\u00e1l\u00f3per\u00e9r\u0151l, Apafi Mih\u00e1ly fejedelemr\u0151l), Kisk\u00fck\u00fcll\u0151, Egyh\u00e1zt\u00f6rt\u00e9net. \u2013 <strong>F. m.:<\/strong> Az erd\u00e9lyi protestantizmus t\u00f6rt\u00e9nelmi hivat\u00e1sa (Dics\u0151szentm\u00e1rton, 1917); Bethlen Mikl\u00f3s (Kv., 1930); Gr\u00f3f Mik\u00f3 Imre (Kv., 1931); Milyenek voltak a p\u00e1sztorok \u00e9s a rektorok a XVII. sz\u00e1zadban (Nagyenyed, 1942); <strong>K\u00e9ziratban:<\/strong> Az erd\u00e9lyi ref. zsinatok eml\u00e9keir\u0151l \u00e9s v\u00e9gz\u00e9seir\u0151l a kv.-i egyh\u00e1zker\u00fclet lev\u00e9lt\u00e1r\u00e1ban van. <br \/><strong>Irod.:<\/strong> D\u00edcs\u0151szentm\u00e1rton; Guly\u00e1s; M\u00f3zes Andr\u00e1s: Dr. I. G. lelkip\u00e1sztor \u00e9lete \u00e9s munk\u00e1ss\u00e1ga (Reform\u00e1tus Szemle, 1. sz., 1980.); Nagy L\u00e1szl\u00f3: Tanulm\u00e1nyok a Cs\u00e1v\u00e1si Ref. Egyh\u00e1zk\u00f6zs\u00e9g t\u00f6rt\u00e9net\u00e9b\u0151l (Cs\u00e1v\u00e1s, 1995); RMIL; R\u00daL; \u00daM\u00c9L<\/br><\/p>\n","protected":false},"excerpt":{"rendered":"<p>S\u00f3v\u00e1rad, 1883. szept. 4., \u2020 Dics\u0151szentm\u00e1rton, 1950. m\u00e1j. 28.: ref. lelk\u00e9sz, t\u00f6rt\u00e9n\u00e9sz. \u2013 Tanulm\u00e1nyait a mv.-i Ref. Koll. -ban, a kv.-i Ref. Koll. -ban, a Kv.-i Ref. Teol\u00f3gi\u00e1n \u00e9s az egyetem filol\u00f3gia kar\u00e1n a t\u00f6rt\u00e9nelem-pedag\u00f3gia szakon v\u00e9gezte, t\u00f6rt\u00e9nelemb\u0151l b\u00f6lcs\u00e9szdoktori oklevelet szerzett (1907). Magyarkir\u00e1lyfalv\u00e1n ref. lelk\u00e9sz (1907\u20131950), egyh\u00e1zmegyei f\u0151jegyz\u0151 (1922\u2013), belmisszi\u00f3i el\u0151ad\u00f3 (1924\u2013), esperes (1947\u201350). A [&hellip;]<\/p>\n","protected":false},"featured_media":0,"comment_status":"open","ping_status":"closed","template":"","meta":[],"product_brand":[],"product_cat":[137],"product_tag":[],"class_list":{"0":"post-10303","1":"product","2":"type-product","3":"status-publish","5":"product_cat-maros-megyei-eletrajzi-lexikon","7":"first","8":"instock","9":"shipping-taxable","10":"product-type-simple"},"_links":{"self":[{"href":"https:\/\/uj.adatbank.ro\/lexikon\/wp-json\/wp\/v2\/product\/10303","targetHints":{"allow":["GET"]}}],"collection":[{"href":"https:\/\/uj.adatbank.ro\/lexikon\/wp-json\/wp\/v2\/product"}],"about":[{"href":"https:\/\/uj.adatbank.ro\/lexikon\/wp-json\/wp\/v2\/types\/product"}],"replies":[{"embeddable":true,"href":"https:\/\/uj.adatbank.ro\/lexikon\/wp-json\/wp\/v2\/comments?post=10303"}],"wp:attachment":[{"href":"https:\/\/uj.adatbank.ro\/lexikon\/wp-json\/wp\/v2\/media?parent=10303"}],"wp:term":[{"taxonomy":"product_brand","embeddable":true,"href":"https:\/\/uj.adatbank.ro\/lexikon\/wp-json\/wp\/v2\/product_brand?post=10303"},{"taxonomy":"product_cat","embeddable":true,"href":"https:\/\/uj.adatbank.ro\/lexikon\/wp-json\/wp\/v2\/product_cat?post=10303"},{"taxonomy":"product_tag","embeddable":true,"href":"https:\/\/uj.adatbank.ro\/lexikon\/wp-json\/wp\/v2\/product_tag?post=10303"}],"curies":[{"name":"wp","href":"https:\/\/api.w.org\/{rel}","templated":true}]}}

ILLYÉS Géza

<p>Sóvárad, 1883. szept. 4., † Dicsőszentmárton, 1950. máj. 28.: ref. lelkész, történész. – Tanulmányait a mv.-i Ref. Koll. -ban, a kv.-i Ref. Koll. -ban, a Kv.-i Ref. Teológián és az egyetem filológia karán a történelem-pedagógia szakon végezte, történelemből bölcsészdoktori oklevelet szerzett (1907). Magyarkirályfalván ref. lelkész (1907–1950), egyházmegyei főjegyző (1922–), belmissziói előadó (1924–), esperes (1947–50). A Küküllővidék levéltárainak tanulmányozása után a Ref. Szemlében jelentek meg élet- és jellemrajzai (1926–); a Bethlen Koll. akadémiai tagozatán történelmi tantárgyakat adott elő (1941–44). Cikkeit, tanulmányait közölte a: Ref. Család (Lórántffy Zsuzsannáról, Petrőczy Kata Szidóniáról), Az Út (Bonyhai Simon Györgyről, Gr. Listius László válóperéről, Apafi Mihály fejedelemről), Kisküküllő, Egyháztörténet. – <strong>F. m.:</strong> Az erdélyi protestantizmus történelmi hivatása (Dicsőszentmárton, 1917); Bethlen Miklós (Kv., 1930); Gróf Mikó Imre (Kv., 1931); Milyenek voltak a pásztorok és a rektorok a XVII. században (Nagyenyed, 1942); <strong>Kéziratban:</strong> Az erdélyi ref. zsinatok emlékeiről és végzéseiről a kv.-i egyházkerület levéltárában van. <br /><strong>Irod.:</strong> Dícsőszentmárton; Gulyás; Mózes András: Dr. I. G. lelkipásztor élete és munkássága (Református Szemle, 1. sz., 1980.); Nagy László: Tanulmányok a Csávási Ref. Egyházközség történetéből (Csávás, 1995); RMIL; RÚL; ÚMÉL</br></p>

<p>Sóvárad, 1883. szept. 4., † Dicsőszentmárton, 1950. máj. 28.: ref. lelkész, történész. – Tanulmányait a mv.-i Ref. Koll. -ban, a kv.-i Ref. Koll. -ban, a Kv.-i Ref. Teológián és az egyetem filológia karán a történelem-pedagógia szakon végezte, történelemből bölcsészdoktori oklevelet szerzett (1907). Magyarkirályfalván ref. lelkész (1907–1950), egyházmegyei főjegyző (1922–), belmissziói előadó (1924–), esperes (1947–50). A [&hellip;]</p>
