{"id":10307,"date":"2025-06-29T13:15:41","date_gmt":"2025-06-29T11:15:41","guid":{"rendered":"https:\/\/uj.adatbank.ro\/lexikon\/termek\/illyes-istvan-sofalvi-sofalvi-illyes-istvan\/"},"modified":"2025-06-29T13:15:41","modified_gmt":"2025-06-29T11:15:41","slug":"illyes-istvan-sofalvi-sofalvi-illyes-istvan","status":"publish","type":"product","link":"https:\/\/uj.adatbank.ro\/lexikon\/termek\/illyes-istvan-sofalvi-sofalvi-illyes-istvan\/","title":{"rendered":"ILLY\u00c9S Istv\u00e1n, s\u00f3falvi, S\u00f3falvi Illy\u00e9s Istv\u00e1n"},"content":{"rendered":"<p>1811., \u2020\u00a0Sz\u00e9kes, 1892. febr. 26.: sz\u00e9kb\u00edr\u00f3; birtokos. Le\u00e1nya v. rokona, Illy\u00e9s Judit, Zeno Vancea feles\u00e9ge. \u2013 Az \u0151si Marossz\u00e9k utols\u00f3 sz\u00e9kb\u00edr\u00e1ja. T\u0171zk\u00e1rment\u0151 T\u00e1rsas\u00e1g m\u00e1sodik vezet\u0151je (1869\u201385). Kidolgozta a T\u00e1rsas\u00e1g korszer\u0171 szab\u00e1lyzat\u00e1t (1868). M\u0171k\u00fcd\u00e9se alatt n\u00e9pszer\u0171v\u00e9 tette az egyes\u00fcletet, tetemes tartal\u00e9kalapot gy\u0171jt\u00f6tt \u00e9s felemelte a biztos\u00edt\u00e1si alapot. T\u00e1voz\u00e1sa ut\u00e1n az \u0151t illet\u0151 jutal\u00e9kokat a tartal\u00e9kalapnak hagyta. Sz\u00e9kesen volt f\u00f6ldszintes udvarh\u00e1za, ami h\u00e1zass\u00e1g r\u00e9v\u00e9n, n\u0151i \u00e1gon Zeno Vancea zeneszerz\u0151 tulajdon\u00e1ba ker\u00fclt. <br \/><strong>Irod.:<\/strong> Barab\u00e1s Endre; Keresztes Gyula: \u00d6r\u00f6ks\u00e9g\u00fcnk 67.: Udvarh\u00e1zak a Maros v\u00f6lgy\u00e9ben (N\u00fa., 1994. nov. 12.); Nemes Gyula: \u201eBesz\u00e9l\u0151\u201d s\u00edrk\u00f6vek Sz\u00e9kesen (\u00d6r\u00f6ks\u00e9g\u00fcnk, 4. sz., 2009)<\/br><\/p>\n","protected":false},"excerpt":{"rendered":"<p>1811., \u2020\u00a0Sz\u00e9kes, 1892. febr. 26.: sz\u00e9kb\u00edr\u00f3; birtokos. Le\u00e1nya v. rokona, Illy\u00e9s Judit, Zeno Vancea feles\u00e9ge. \u2013 Az \u0151si Marossz\u00e9k utols\u00f3 sz\u00e9kb\u00edr\u00e1ja. T\u0171zk\u00e1rment\u0151 T\u00e1rsas\u00e1g m\u00e1sodik vezet\u0151je (1869\u201385). Kidolgozta a T\u00e1rsas\u00e1g korszer\u0171 szab\u00e1lyzat\u00e1t (1868). M\u0171k\u00fcd\u00e9se alatt n\u00e9pszer\u0171v\u00e9 tette az egyes\u00fcletet, tetemes tartal\u00e9kalapot gy\u0171jt\u00f6tt \u00e9s felemelte a biztos\u00edt\u00e1si alapot. T\u00e1voz\u00e1sa ut\u00e1n az \u0151t illet\u0151 jutal\u00e9kokat a tartal\u00e9kalapnak hagyta. [&hellip;]<\/p>\n","protected":false},"featured_media":0,"comment_status":"open","ping_status":"closed","template":"","meta":[],"product_brand":[],"product_cat":[137],"product_tag":[],"class_list":{"0":"post-10307","1":"product","2":"type-product","3":"status-publish","5":"product_cat-maros-megyei-eletrajzi-lexikon","7":"first","8":"instock","9":"shipping-taxable","10":"product-type-simple"},"_links":{"self":[{"href":"https:\/\/uj.adatbank.ro\/lexikon\/wp-json\/wp\/v2\/product\/10307","targetHints":{"allow":["GET"]}}],"collection":[{"href":"https:\/\/uj.adatbank.ro\/lexikon\/wp-json\/wp\/v2\/product"}],"about":[{"href":"https:\/\/uj.adatbank.ro\/lexikon\/wp-json\/wp\/v2\/types\/product"}],"replies":[{"embeddable":true,"href":"https:\/\/uj.adatbank.ro\/lexikon\/wp-json\/wp\/v2\/comments?post=10307"}],"wp:attachment":[{"href":"https:\/\/uj.adatbank.ro\/lexikon\/wp-json\/wp\/v2\/media?parent=10307"}],"wp:term":[{"taxonomy":"product_brand","embeddable":true,"href":"https:\/\/uj.adatbank.ro\/lexikon\/wp-json\/wp\/v2\/product_brand?post=10307"},{"taxonomy":"product_cat","embeddable":true,"href":"https:\/\/uj.adatbank.ro\/lexikon\/wp-json\/wp\/v2\/product_cat?post=10307"},{"taxonomy":"product_tag","embeddable":true,"href":"https:\/\/uj.adatbank.ro\/lexikon\/wp-json\/wp\/v2\/product_tag?post=10307"}],"curies":[{"name":"wp","href":"https:\/\/api.w.org\/{rel}","templated":true}]}}

ILLYÉS István, sófalvi, Sófalvi Illyés István

<p>1811., † Székes, 1892. febr. 26.: székbíró; birtokos. Leánya v. rokona, Illyés Judit, Zeno Vancea felesége. – Az ősi Marosszék utolsó székbírája. Tűzkármentő Társaság második vezetője (1869–85). Kidolgozta a Társaság korszerű szabályzatát (1868). Műküdése alatt népszerűvé tette az egyesületet, tetemes tartalékalapot gyűjtött és felemelte a biztosítási alapot. Távozása után az őt illető jutalékokat a tartalékalapnak hagyta. Székesen volt földszintes udvarháza, ami házasság révén, női ágon Zeno Vancea zeneszerző tulajdonába került. <br /><strong>Irod.:</strong> Barabás Endre; Keresztes Gyula: Örökségünk 67.: Udvarházak a Maros völgyében (Nú., 1994. nov. 12.); Nemes Gyula: „Beszélő” sírkövek Székesen (Örökségünk, 4. sz., 2009)</br></p>

<p>1811., † Székes, 1892. febr. 26.: székbíró; birtokos. Leánya v. rokona, Illyés Judit, Zeno Vancea felesége. – Az ősi Marosszék utolsó székbírája. Tűzkármentő Társaság második vezetője (1869–85). Kidolgozta a Társaság korszerű szabályzatát (1868). Műküdése alatt népszerűvé tette az egyesületet, tetemes tartalékalapot gyűjtött és felemelte a biztosítási alapot. Távozása után az őt illető jutalékokat a tartalékalapnak hagyta. [&hellip;]</p>
