{"id":10310,"date":"2025-06-29T13:15:45","date_gmt":"2025-06-29T11:15:45","guid":{"rendered":"https:\/\/uj.adatbank.ro\/lexikon\/termek\/illyes-jozsef-%c2%a7\/"},"modified":"2025-06-29T13:15:45","modified_gmt":"2025-06-29T11:15:45","slug":"illyes-jozsef-%c2%a7","status":"publish","type":"product","link":"https:\/\/uj.adatbank.ro\/lexikon\/termek\/illyes-jozsef-%c2%a7\/","title":{"rendered":"ILLY\u00c9S J\u00f3zsef, \u00a7"},"content":{"rendered":"<p>? \u2020\u00a0?: lev\u00e9lt\u00e1ros, tisztvisel\u0151, irodaigazgat\u00f3, sportol\u00f3, a mv.-i labdar\u00fag\u00e1s megteremt\u0151je. \u2013 T\u00f6bb \u00e9vi bp.-i t\u00e1voll\u00e9t ut\u00e1n (labdar\u00fag\u00f3 volt), Mv. v\u00e1ros szolg\u00e1lat\u00e1ban \u00e1llt. Volt irnok (1902\u2013), tan\u00e1csi kiad\u00f3 (1904\u201342), a v\u00e1rosi lev\u00e9lt\u00e1r vezet\u0151je (1902\u201336; 1940\u2013), tan\u00e1csi irodaigazgat\u00f3 (1911\u2013); a N\u00e9pkonyha ir\u00e1ny\u00edt\u00f3ja, kezel\u0151je (1930). A MSE tagja (1902\u2013), abban az id\u0151ben m\u00e9g csak a ker\u00e9kp\u00e1rral foglalkozott, a ker\u00e9kp\u00e1rverseny gy\u0151ztesei k\u00f6z\u00f6tt volt (1902. j\u00fan. 21.). Az \u0151 ind\u00edtv\u00e1ny\u00e1ra honos\u00edtott\u00e1k meg Mv.-en a sport majd minden \u00e1g\u00e1t. Akt\u00edv futballista, a labdar\u00fag\u00f3 oszt\u00e1ly illetve csapat megszervez\u0151je, kapit\u00e1nya, megtartott\u00e1k a mv.-i els\u0151 futballm\u00e9rk\u0151z\u00e9st a ref. koll. csapat\u00e1val (1902. p\u00fcnk\u00f6sd). Az MSE el\u0151bb v\u00e1lasztm\u00e1nyi tagja, majd f\u0151titk\u00e1ra (1908\u20131920), az imp\u00e9riumv\u00e1ltoz\u00e1s ut\u00e1n \u00fcgyvezet\u0151 aleln\u00f6k volt. Hozz\u00e1j\u00e1rult egyes\u00fclete, \u00e9s az eg\u00e9sz erd\u00e9lyi m. sport eredm\u00e9nyes \u00e9s \u00e9rt\u00e9kes m\u0171k\u00f6d\u00e9s\u00e9hez. A Mv.-i Kaszin\u00f3 v\u00e1lasztm\u00e1nyi tagja (1932). \u2013 <strong>F. m.:<\/strong> Societatea Sportiv\u0103 din T\u00e2rgu Mure\u015f- MSE 25 \u00e9ves m\u0171k\u00f6d\u00e9s\u00e9nek t\u00f6rt\u00e9nete (Mv., 1924); <strong>t\u00e1rssz.:<\/strong> Bi\u00e1s Istv\u00e1n: A Mv.-i oklev\u00e9lki\u00e1ll\u00edt\u00e1s t\u00e1rgymutat\u00f3ja (Mv., 1944). <br \/><strong>Irod.:<\/strong> Bi\u00e1s Istv\u00e1n; Ferenczi 1928; Guly\u00e1s, Horv\u00e1th L\u00e1szl\u00f3: A mv.-i labdar\u00fag\u00e1s kezdetei (V. Z., 1982. szept. 17.); Id\u0151t\u00e1r 3; Illy\u00e9s; Kl\u00f3sz 2005 ; Kl\u00f3sz-Tolok\u00e1n; Mv.-i labdar\u00fag\u00e1s; \u00d6kr\u00f6s; Pluh\u00e1r, Visnai<\/br><\/p>\n","protected":false},"excerpt":{"rendered":"<p>? \u2020\u00a0?: lev\u00e9lt\u00e1ros, tisztvisel\u0151, irodaigazgat\u00f3, sportol\u00f3, a mv.-i labdar\u00fag\u00e1s megteremt\u0151je. \u2013 T\u00f6bb \u00e9vi bp.-i t\u00e1voll\u00e9t ut\u00e1n (labdar\u00fag\u00f3 volt), Mv. v\u00e1ros szolg\u00e1lat\u00e1ban \u00e1llt. Volt irnok (1902\u2013), tan\u00e1csi kiad\u00f3 (1904\u201342), a v\u00e1rosi lev\u00e9lt\u00e1r vezet\u0151je (1902\u201336; 1940\u2013), tan\u00e1csi irodaigazgat\u00f3 (1911\u2013); a N\u00e9pkonyha ir\u00e1ny\u00edt\u00f3ja, kezel\u0151je (1930). A MSE tagja (1902\u2013), abban az id\u0151ben m\u00e9g csak a ker\u00e9kp\u00e1rral foglalkozott, a [&hellip;]<\/p>\n","protected":false},"featured_media":0,"comment_status":"open","ping_status":"closed","template":"","meta":[],"product_brand":[],"product_cat":[137],"product_tag":[],"class_list":{"0":"post-10310","1":"product","2":"type-product","3":"status-publish","5":"product_cat-maros-megyei-eletrajzi-lexikon","7":"first","8":"instock","9":"shipping-taxable","10":"product-type-simple"},"_links":{"self":[{"href":"https:\/\/uj.adatbank.ro\/lexikon\/wp-json\/wp\/v2\/product\/10310","targetHints":{"allow":["GET"]}}],"collection":[{"href":"https:\/\/uj.adatbank.ro\/lexikon\/wp-json\/wp\/v2\/product"}],"about":[{"href":"https:\/\/uj.adatbank.ro\/lexikon\/wp-json\/wp\/v2\/types\/product"}],"replies":[{"embeddable":true,"href":"https:\/\/uj.adatbank.ro\/lexikon\/wp-json\/wp\/v2\/comments?post=10310"}],"wp:attachment":[{"href":"https:\/\/uj.adatbank.ro\/lexikon\/wp-json\/wp\/v2\/media?parent=10310"}],"wp:term":[{"taxonomy":"product_brand","embeddable":true,"href":"https:\/\/uj.adatbank.ro\/lexikon\/wp-json\/wp\/v2\/product_brand?post=10310"},{"taxonomy":"product_cat","embeddable":true,"href":"https:\/\/uj.adatbank.ro\/lexikon\/wp-json\/wp\/v2\/product_cat?post=10310"},{"taxonomy":"product_tag","embeddable":true,"href":"https:\/\/uj.adatbank.ro\/lexikon\/wp-json\/wp\/v2\/product_tag?post=10310"}],"curies":[{"name":"wp","href":"https:\/\/api.w.org\/{rel}","templated":true}]}}