{"id":10311,"date":"2025-06-29T13:15:47","date_gmt":"2025-06-29T11:15:47","guid":{"rendered":"https:\/\/uj.adatbank.ro\/lexikon\/termek\/illyes-kalman-soofalvi\/"},"modified":"2025-06-29T13:15:47","modified_gmt":"2025-06-29T11:15:47","slug":"illyes-kalman-soofalvi","status":"publish","type":"product","link":"https:\/\/uj.adatbank.ro\/lexikon\/termek\/illyes-kalman-soofalvi\/","title":{"rendered":"ILLY\u00c9S K\u00e1lm\u00e1n, so\u00f3falvi"},"content":{"rendered":"<p>1867.? \u2020\u00a0Szov\u00e1ta, 1912. jan. 23. Mv.-en temett\u00e9k: k\u00f6rjegyz\u0151. \u2013 Testv\u00e9rei: I. Gabi Ambroz K\u00e1rolyn\u00e9; I. Albert. Gyermekei: I. S\u00e1ndor, Margit G\u00f6ldner K\u00e1rolyn\u00e9. \u2013 Szov\u00e1ta \u00e9s Illy\u00e9smez\u0151 k\u00f6zs\u00e9gek k\u00f6rjegyz\u0151je. <strong>Cikke:<\/strong> P. H\u00edrlap (A szov\u00e1tai tavakr\u00f3l). <br \/><strong>Irod.:<\/strong> Guly\u00e1s; Gy\u00e1szjelent\u0151<\/br><\/p>\n","protected":false},"excerpt":{"rendered":"<p>1867.? \u2020\u00a0Szov\u00e1ta, 1912. jan. 23. Mv.-en temett\u00e9k: k\u00f6rjegyz\u0151. \u2013 Testv\u00e9rei: I. Gabi Ambroz K\u00e1rolyn\u00e9; I. Albert. Gyermekei: I. S\u00e1ndor, Margit G\u00f6ldner K\u00e1rolyn\u00e9. \u2013 Szov\u00e1ta \u00e9s Illy\u00e9smez\u0151 k\u00f6zs\u00e9gek k\u00f6rjegyz\u0151je. Cikke: P. H\u00edrlap (A szov\u00e1tai tavakr\u00f3l). Irod.: Guly\u00e1s; Gy\u00e1szjelent\u0151<\/p>\n","protected":false},"featured_media":0,"comment_status":"open","ping_status":"closed","template":"","meta":[],"product_brand":[],"product_cat":[137],"product_tag":[],"class_list":{"0":"post-10311","1":"product","2":"type-product","3":"status-publish","5":"product_cat-maros-megyei-eletrajzi-lexikon","7":"first","8":"instock","9":"shipping-taxable","10":"product-type-simple"},"_links":{"self":[{"href":"https:\/\/uj.adatbank.ro\/lexikon\/wp-json\/wp\/v2\/product\/10311","targetHints":{"allow":["GET"]}}],"collection":[{"href":"https:\/\/uj.adatbank.ro\/lexikon\/wp-json\/wp\/v2\/product"}],"about":[{"href":"https:\/\/uj.adatbank.ro\/lexikon\/wp-json\/wp\/v2\/types\/product"}],"replies":[{"embeddable":true,"href":"https:\/\/uj.adatbank.ro\/lexikon\/wp-json\/wp\/v2\/comments?post=10311"}],"wp:attachment":[{"href":"https:\/\/uj.adatbank.ro\/lexikon\/wp-json\/wp\/v2\/media?parent=10311"}],"wp:term":[{"taxonomy":"product_brand","embeddable":true,"href":"https:\/\/uj.adatbank.ro\/lexikon\/wp-json\/wp\/v2\/product_brand?post=10311"},{"taxonomy":"product_cat","embeddable":true,"href":"https:\/\/uj.adatbank.ro\/lexikon\/wp-json\/wp\/v2\/product_cat?post=10311"},{"taxonomy":"product_tag","embeddable":true,"href":"https:\/\/uj.adatbank.ro\/lexikon\/wp-json\/wp\/v2\/product_tag?post=10311"}],"curies":[{"name":"wp","href":"https:\/\/api.w.org\/{rel}","templated":true}]}}