{"id":10312,"date":"2025-06-29T13:15:50","date_gmt":"2025-06-29T11:15:50","guid":{"rendered":"https:\/\/uj.adatbank.ro\/lexikon\/termek\/illyes-karoly-sofalvi\/"},"modified":"2025-06-29T13:15:50","modified_gmt":"2025-06-29T11:15:50","slug":"illyes-karoly-sofalvi","status":"publish","type":"product","link":"https:\/\/uj.adatbank.ro\/lexikon\/termek\/illyes-karoly-sofalvi\/","title":{"rendered":"ILLY\u00c9S K\u00e1roly, s\u00f3falvi"},"content":{"rendered":"<p>Sz\u00e9kes, 1835 \u2020\u00a0Bp., 1910. nov. 6.: t\u00e1blab\u00edr\u00f3. \u2013 Apja birtokos. Feles\u00e9ge az EMKE mv.-i v\u00e1rosi n\u0151i v\u00e1lasztm\u00e1ny\u00e1nak alap\u00edt\u00f3tagja, aleln\u00f6ke (1886). &#8211; B\u00e9csi Egy. Jogtud. Kar\u00e1n v\u00e9gzett (1854). A mv.-i kir. t\u00e1blai b\u00edr\u00f3 (1873), kir. t\u00e1b. p\u00f3tb\u00edr\u00f3 (1878), a Ref. Koll. algondnoka (1884. j\u00fan. \u2013 1889), lemondott mert k\u00fariai b\u00edr\u00f3v\u00e1 nevezt\u00e9k ki \u00e9s Pestre k\u00f6lt\u00f6z\u00f6tt. (1900\u201306). A Mv.-i Kaszin\u00f3 v\u00e1lasztm\u00e1nyi tagja (1883). A Lip\u00f3t-rend lovagja. <br \/><strong>Irod.:<\/strong> Bi\u00e1s Istv\u00e1n; Koncz; Par\u00e1di; S\u00e1ndor; Szab\u00f3\u2013Simon\u2013Sz\u00f6gi<\/br><\/p>\n","protected":false},"excerpt":{"rendered":"<p>Sz\u00e9kes, 1835 \u2020\u00a0Bp., 1910. nov. 6.: t\u00e1blab\u00edr\u00f3. \u2013 Apja birtokos. Feles\u00e9ge az EMKE mv.-i v\u00e1rosi n\u0151i v\u00e1lasztm\u00e1ny\u00e1nak alap\u00edt\u00f3tagja, aleln\u00f6ke (1886). &#8211; B\u00e9csi Egy. Jogtud. Kar\u00e1n v\u00e9gzett (1854). A mv.-i kir. t\u00e1blai b\u00edr\u00f3 (1873), kir. t\u00e1b. p\u00f3tb\u00edr\u00f3 (1878), a Ref. Koll. algondnoka (1884. j\u00fan. \u2013 1889), lemondott mert k\u00fariai b\u00edr\u00f3v\u00e1 nevezt\u00e9k ki \u00e9s Pestre k\u00f6lt\u00f6z\u00f6tt. (1900\u201306). [&hellip;]<\/p>\n","protected":false},"featured_media":0,"comment_status":"open","ping_status":"closed","template":"","meta":[],"product_brand":[],"product_cat":[137],"product_tag":[],"class_list":{"0":"post-10312","1":"product","2":"type-product","3":"status-publish","5":"product_cat-maros-megyei-eletrajzi-lexikon","7":"first","8":"instock","9":"shipping-taxable","10":"product-type-simple"},"_links":{"self":[{"href":"https:\/\/uj.adatbank.ro\/lexikon\/wp-json\/wp\/v2\/product\/10312","targetHints":{"allow":["GET"]}}],"collection":[{"href":"https:\/\/uj.adatbank.ro\/lexikon\/wp-json\/wp\/v2\/product"}],"about":[{"href":"https:\/\/uj.adatbank.ro\/lexikon\/wp-json\/wp\/v2\/types\/product"}],"replies":[{"embeddable":true,"href":"https:\/\/uj.adatbank.ro\/lexikon\/wp-json\/wp\/v2\/comments?post=10312"}],"wp:attachment":[{"href":"https:\/\/uj.adatbank.ro\/lexikon\/wp-json\/wp\/v2\/media?parent=10312"}],"wp:term":[{"taxonomy":"product_brand","embeddable":true,"href":"https:\/\/uj.adatbank.ro\/lexikon\/wp-json\/wp\/v2\/product_brand?post=10312"},{"taxonomy":"product_cat","embeddable":true,"href":"https:\/\/uj.adatbank.ro\/lexikon\/wp-json\/wp\/v2\/product_cat?post=10312"},{"taxonomy":"product_tag","embeddable":true,"href":"https:\/\/uj.adatbank.ro\/lexikon\/wp-json\/wp\/v2\/product_tag?post=10312"}],"curies":[{"name":"wp","href":"https:\/\/api.w.org\/{rel}","templated":true}]}}

ILLYÉS Károly, sófalvi

<p>Székes, 1835 † Bp., 1910. nov. 6.: táblabíró. – Apja birtokos. Felesége az EMKE mv.-i városi női választmányának alapítótagja, alelnöke (1886). &#8211; Bécsi Egy. Jogtud. Karán végzett (1854). A mv.-i kir. táblai bíró (1873), kir. táb. pótbíró (1878), a Ref. Koll. algondnoka (1884. jún. – 1889), lemondott mert kúriai bíróvá nevezték ki és Pestre költözött. (1900–06). A Mv.-i Kaszinó választmányi tagja (1883). A Lipót-rend lovagja. <br /><strong>Irod.:</strong> Biás István; Koncz; Parádi; Sándor; Szabó–Simon–Szögi</br></p>

<p>Székes, 1835 † Bp., 1910. nov. 6.: táblabíró. – Apja birtokos. Felesége az EMKE mv.-i városi női választmányának alapítótagja, alelnöke (1886). &#8211; Bécsi Egy. Jogtud. Karán végzett (1854). A mv.-i kir. táblai bíró (1873), kir. táb. pótbíró (1878), a Ref. Koll. algondnoka (1884. jún. – 1889), lemondott mert kúriai bíróvá nevezték ki és Pestre költözött. (1900–06). [&hellip;]</p>
