{"id":10315,"date":"2025-06-29T13:15:54","date_gmt":"2025-06-29T11:15:54","guid":{"rendered":"https:\/\/uj.adatbank.ro\/lexikon\/termek\/illyes-lajos-lorinc-ilyes\/"},"modified":"2025-06-29T13:15:54","modified_gmt":"2025-06-29T11:15:54","slug":"illyes-lajos-lorinc-ilyes","status":"publish","type":"product","link":"https:\/\/uj.adatbank.ro\/lexikon\/termek\/illyes-lajos-lorinc-ilyes\/","title":{"rendered":"ILLY\u00c9S Lajos L\u0151rinc, Ily\u00e9s"},"content":{"rendered":"<p>Mv., 1898. dec. 23., \u2020\u00a0Mv., 1986. \u00e1pr. 9.: gy\u00f3gyszer\u00e9sz. \u2013 I. L\u0151rinc, k\u00fariai b\u00edr\u00f3 \u00e9s Cs\u00edki Ida fia. Feles\u00e9ge: 1. Sz\u00edni D\u00f3ra (1899\u20131985). N\u00e9gy gyermek\u00fck: M\u00e1ria, Lajos, Kl\u00e1ra, Kinga (a mv.-i sz\u00edn\u00e9szn\u0151); 2. Hajd\u00fa M\u00e1ria Magdolna, l\u00e1nyaik: Csilla \u00e9s T\u00fcnde. \u2013 Iskol\u00e1it Mv.-en v\u00e9gezte (1916). Katonai kik\u00e9pz\u00e9sben vett r\u00e9szt, a harct\u00e9rre vez\u00e9nyelt\u00e9k (1917\u201318. nov.). Gy\u00f3gyszer\u00e9sz gyakornok dr. Jeney Istv\u00e1n mv.-i Szent L\u00e9lek gy\u00f3gyszert\u00e1r\u00e1ban, majd dr. Hints Zolt\u00e1n Arany Szarvas gy\u00f3gyszert\u00e1r\u00e1ban (1919. febr. 15. \u201320. aug. 1.). Bp.-en a P\u00e1zm\u00e1ny P\u00e9ter TE Orvos Kar\u00e1n kapott gy\u00f3gyszer\u00e9sz diplom\u00e1t (1922). Bp.-en, Gyul\u00e1n dolgozott gy\u00f3gyszer\u00e9szk\u00e9nt (1922. nov. 5. &#8211; 1924. szept.). Mv.-en kiseg\u00edt\u0151 gy\u00f3gyszer\u00e9sz Hints Zolt\u00e1n, majd dr. Debitzky Mih\u00e1ly \u0150rangyal gy\u00f3gyszert\u00e1r\u00e1ban. Berecken folytatta tev\u00e9kenys\u00e9g\u00e9t (1925. m\u00e1rc. \u201344. j\u00fan. 15.) Sz\u00edni Albert gy\u00f3gyszert\u00e1r\u00e1ban, f\u0151n\u00f6ke l\u00e1ny\u00e1t vette feles\u00e9g\u00fcl. Visszat\u00e9rt Mv. -re, eladta a berecki gy\u00f3gyszert\u00e1rat \u00e9s Bp.-re menek\u00fclt a csal\u00e1dj\u00e1val (1944. szept. \u201345. m\u00e1rc. 2.), h\u00e1zass\u00e1ga felbomlott. \u00dajra visszat\u00e9rt Mv. -re, megb\u00edzt\u00e1k, hogy \u00c1kosfalv\u00e1n gy\u00f3gyszert\u00e1rat l\u00e9tes\u00edtsen, saj\u00e1t gy\u00f3gyszert\u00e1r\u00e1t Sanitas n\u00e9ven nyitotta meg az \u00e1llamos\u00edt\u00e1sig (1947\u201353. m\u00e1j. 16.), \u00fajra n\u0151s\u00fclt. Makfalv\u00e1ra (1953\u201356), Parajdra helyezt\u00e9k nyugd\u00edjaz\u00e1s\u00e1ig (1956\u201370), visszak\u00f6lt\u00f6ztek Mv. -re, ahol helyettes\u00edt\u0151k\u00e9nt m\u00e9g dolgozott (1974-ig). Munk\u00e1ss\u00e1ga elismer\u00e9sek\u00e9nt a rom\u00e1n eg\u00e9szs\u00e9g\u00fcgyi miniszt\u00e9rium kit\u00fcntet\u00e9s\u00e9ben r\u00e9szes\u00fclt (1964), a bp.-i Semmelweis Orvostudom\u00e1nyi Egytem arany (1972) \u00e9s gy\u00e9m\u00e1ntdiplom\u00e1val (1982) jutalmazta. <br \/><strong>Irod.:<\/strong> [Nekrol\u00f3g](V. Z., 1986. \u00e1pr. 11.); P\u00e9ter H. M.; P\u00e9ter H. M. 2013<\/br><\/p>\n","protected":false},"excerpt":{"rendered":"<p>Mv., 1898. dec. 23., \u2020\u00a0Mv., 1986. \u00e1pr. 9.: gy\u00f3gyszer\u00e9sz. \u2013 I. L\u0151rinc, k\u00fariai b\u00edr\u00f3 \u00e9s Cs\u00edki Ida fia. Feles\u00e9ge: 1. Sz\u00edni D\u00f3ra (1899\u20131985). N\u00e9gy gyermek\u00fck: M\u00e1ria, Lajos, Kl\u00e1ra, Kinga (a mv.-i sz\u00edn\u00e9szn\u0151); 2. Hajd\u00fa M\u00e1ria Magdolna, l\u00e1nyaik: Csilla \u00e9s T\u00fcnde. \u2013 Iskol\u00e1it Mv.-en v\u00e9gezte (1916). Katonai kik\u00e9pz\u00e9sben vett r\u00e9szt, a harct\u00e9rre vez\u00e9nyelt\u00e9k (1917\u201318. nov.). Gy\u00f3gyszer\u00e9sz [&hellip;]<\/p>\n","protected":false},"featured_media":0,"comment_status":"open","ping_status":"closed","template":"","meta":[],"product_brand":[],"product_cat":[137],"product_tag":[],"class_list":{"0":"post-10315","1":"product","2":"type-product","3":"status-publish","5":"product_cat-maros-megyei-eletrajzi-lexikon","7":"first","8":"instock","9":"shipping-taxable","10":"product-type-simple"},"_links":{"self":[{"href":"https:\/\/uj.adatbank.ro\/lexikon\/wp-json\/wp\/v2\/product\/10315","targetHints":{"allow":["GET"]}}],"collection":[{"href":"https:\/\/uj.adatbank.ro\/lexikon\/wp-json\/wp\/v2\/product"}],"about":[{"href":"https:\/\/uj.adatbank.ro\/lexikon\/wp-json\/wp\/v2\/types\/product"}],"replies":[{"embeddable":true,"href":"https:\/\/uj.adatbank.ro\/lexikon\/wp-json\/wp\/v2\/comments?post=10315"}],"wp:attachment":[{"href":"https:\/\/uj.adatbank.ro\/lexikon\/wp-json\/wp\/v2\/media?parent=10315"}],"wp:term":[{"taxonomy":"product_brand","embeddable":true,"href":"https:\/\/uj.adatbank.ro\/lexikon\/wp-json\/wp\/v2\/product_brand?post=10315"},{"taxonomy":"product_cat","embeddable":true,"href":"https:\/\/uj.adatbank.ro\/lexikon\/wp-json\/wp\/v2\/product_cat?post=10315"},{"taxonomy":"product_tag","embeddable":true,"href":"https:\/\/uj.adatbank.ro\/lexikon\/wp-json\/wp\/v2\/product_tag?post=10315"}],"curies":[{"name":"wp","href":"https:\/\/api.w.org\/{rel}","templated":true}]}}

ILLYÉS Lajos Lőrinc, Ilyés

<p>Mv., 1898. dec. 23., † Mv., 1986. ápr. 9.: gyógyszerész. – I. Lőrinc, kúriai bíró és Csíki Ida fia. Felesége: 1. Színi Dóra (1899–1985). Négy gyermekük: Mária, Lajos, Klára, Kinga (a mv.-i színésznő); 2. Hajdú Mária Magdolna, lányaik: Csilla és Tünde. – Iskoláit Mv.-en végezte (1916). Katonai kiképzésben vett részt, a harctérre vezényelték (1917–18. nov.). Gyógyszerész gyakornok dr. Jeney István mv.-i Szent Lélek gyógyszertárában, majd dr. Hints Zoltán Arany Szarvas gyógyszertárában (1919. febr. 15. –20. aug. 1.). Bp.-en a Pázmány Péter TE Orvos Karán kapott gyógyszerész diplomát (1922). Bp.-en, Gyulán dolgozott gyógyszerészként (1922. nov. 5. &#8211; 1924. szept.). Mv.-en kisegítő gyógyszerész Hints Zoltán, majd dr. Debitzky Mihály Őrangyal gyógyszertárában. Berecken folytatta tevékenységét (1925. márc. –44. jún. 15.) Színi Albert gyógyszertárában, főnöke lányát vette feleségül. Visszatért Mv. -re, eladta a berecki gyógyszertárat és Bp.-re menekült a családjával (1944. szept. –45. márc. 2.), házassága felbomlott. Újra visszatért Mv. -re, megbízták, hogy Ákosfalván gyógyszertárat létesítsen, saját gyógyszertárát Sanitas néven nyitotta meg az államosításig (1947–53. máj. 16.), újra nősült. Makfalvára (1953–56), Parajdra helyezték nyugdíjazásáig (1956–70), visszaköltöztek Mv. -re, ahol helyettesítőként még dolgozott (1974-ig). Munkássága elismeréseként a román egészségügyi minisztérium kitüntetésében részesült (1964), a bp.-i Semmelweis Orvostudományi Egytem arany (1972) és gyémántdiplomával (1982) jutalmazta. <br /><strong>Irod.:</strong> [Nekrológ](V. Z., 1986. ápr. 11.); Péter H. M.; Péter H. M. 2013</br></p>

<p>Mv., 1898. dec. 23., † Mv., 1986. ápr. 9.: gyógyszerész. – I. Lőrinc, kúriai bíró és Csíki Ida fia. Felesége: 1. Színi Dóra (1899–1985). Négy gyermekük: Mária, Lajos, Klára, Kinga (a mv.-i színésznő); 2. Hajdú Mária Magdolna, lányaik: Csilla és Tünde. – Iskoláit Mv.-en végezte (1916). Katonai kiképzésben vett részt, a harctérre vezényelték (1917–18. nov.). Gyógyszerész [&hellip;]</p>
