{"id":10322,"date":"2025-06-29T13:16:07","date_gmt":"2025-06-29T11:16:07","guid":{"rendered":"https:\/\/uj.adatbank.ro\/lexikon\/termek\/illyes-tibor-sofalvi\/"},"modified":"2025-06-29T13:16:07","modified_gmt":"2025-06-29T11:16:07","slug":"illyes-tibor-sofalvi","status":"publish","type":"product","link":"https:\/\/uj.adatbank.ro\/lexikon\/termek\/illyes-tibor-sofalvi\/","title":{"rendered":"ILLY\u00c9S Tibor, s\u00f3falvi"},"content":{"rendered":"<p>Bp., 1876., \u2020\u00a0?\u00a0: okl. gazda, f\u00f6ldbirtokos. \u2013 Csal\u00e1dja a 18. sz\u00e1zadban nyert nemess\u00e9get, n\u0151i \u00e1ga gr\u00f3fi c\u00edmet kapott. A szov\u00e1tai f\u00fcrd\u0151alap\u00edt\u00f3 I. Lajos fia. &#8211; Bp.-en \u00e9s Kv.-on v\u00e9gezte tanulm\u00e1nyait, Szov\u00e1ta f\u00fcrd\u0151\u00fcgyeivel foglalkozott (1906\u2013), nagy r\u00e9sze volt a k\u00f6zs\u00e9g f\u00fcrd\u0151helly\u00e9 t\u00e9tel\u00e9ben \u00e9s nevezetess\u00e9g\u00e9nek propag\u00e1l\u00e1s\u00e1ban. Az I. vh. -ban \u00f6nk\u00e9nt jelentkezett, az orosz \u00e9s rom\u00e1n fronton mint f\u0151hadnagy, szakasz- k\u00e9s\u0151bb sz\u00e1zadparancsnok teljes\u00edtett szolg\u00e1latot \u00e9s betegs\u00e9ge miatt szerelt le. A katonai \u00e9rdemkereszt \u00e9s sz\u00e1mos kit\u00fcntet\u00e9s tulajdonosa. Parajdra intern\u00e1lt\u00e1k (1918) \u00e9s megfigyel\u00e9s alatt tartott\u00e1k 1 h\u00f3napig. Megszervezte a villatulajdonosok sz\u00f6vets\u00e9g\u00e9t Szov\u00e1t\u00e1n, ennek els\u0151 eln\u00f6ke lett (1926). 10 hold f\u00f6ldet adom\u00e1nyozott a szov\u00e1tai ref. egyh\u00e1znak a lelk\u00e9szi fizet\u00e9s p\u00f3tl\u00e1s\u00e1ra (1942). A m. szoci\u00e1lis \u00e9s kult\u00farint\u00e9zm\u00e9nyek t\u00e1mogat\u00f3ja volt \u00e9s azok ir\u00e1ny\u00edt\u00e1s\u00e1ban tev\u00e9kenyen r\u00e9szt vett. <br \/><strong>Irod.:<\/strong> Erd\u00e9lyi ezredek; Sz\u00e9kelyf\u00f6ld \u00ed. k.; Szov\u00e1ta<\/br><\/p>\n","protected":false},"excerpt":{"rendered":"<p>Bp., 1876., \u2020\u00a0?\u00a0: okl. gazda, f\u00f6ldbirtokos. \u2013 Csal\u00e1dja a 18. sz\u00e1zadban nyert nemess\u00e9get, n\u0151i \u00e1ga gr\u00f3fi c\u00edmet kapott. A szov\u00e1tai f\u00fcrd\u0151alap\u00edt\u00f3 I. Lajos fia. &#8211; Bp.-en \u00e9s Kv.-on v\u00e9gezte tanulm\u00e1nyait, Szov\u00e1ta f\u00fcrd\u0151\u00fcgyeivel foglalkozott (1906\u2013), nagy r\u00e9sze volt a k\u00f6zs\u00e9g f\u00fcrd\u0151helly\u00e9 t\u00e9tel\u00e9ben \u00e9s nevezetess\u00e9g\u00e9nek propag\u00e1l\u00e1s\u00e1ban. Az I. vh. -ban \u00f6nk\u00e9nt jelentkezett, az orosz \u00e9s rom\u00e1n fronton [&hellip;]<\/p>\n","protected":false},"featured_media":0,"comment_status":"open","ping_status":"closed","template":"","meta":[],"product_brand":[],"product_cat":[137],"product_tag":[],"class_list":{"0":"post-10322","1":"product","2":"type-product","3":"status-publish","5":"product_cat-maros-megyei-eletrajzi-lexikon","7":"first","8":"instock","9":"shipping-taxable","10":"product-type-simple"},"_links":{"self":[{"href":"https:\/\/uj.adatbank.ro\/lexikon\/wp-json\/wp\/v2\/product\/10322","targetHints":{"allow":["GET"]}}],"collection":[{"href":"https:\/\/uj.adatbank.ro\/lexikon\/wp-json\/wp\/v2\/product"}],"about":[{"href":"https:\/\/uj.adatbank.ro\/lexikon\/wp-json\/wp\/v2\/types\/product"}],"replies":[{"embeddable":true,"href":"https:\/\/uj.adatbank.ro\/lexikon\/wp-json\/wp\/v2\/comments?post=10322"}],"wp:attachment":[{"href":"https:\/\/uj.adatbank.ro\/lexikon\/wp-json\/wp\/v2\/media?parent=10322"}],"wp:term":[{"taxonomy":"product_brand","embeddable":true,"href":"https:\/\/uj.adatbank.ro\/lexikon\/wp-json\/wp\/v2\/product_brand?post=10322"},{"taxonomy":"product_cat","embeddable":true,"href":"https:\/\/uj.adatbank.ro\/lexikon\/wp-json\/wp\/v2\/product_cat?post=10322"},{"taxonomy":"product_tag","embeddable":true,"href":"https:\/\/uj.adatbank.ro\/lexikon\/wp-json\/wp\/v2\/product_tag?post=10322"}],"curies":[{"name":"wp","href":"https:\/\/api.w.org\/{rel}","templated":true}]}}

ILLYÉS Tibor, sófalvi

<p>Bp., 1876., † ? : okl. gazda, földbirtokos. – Családja a 18. században nyert nemességet, női ága grófi címet kapott. A szovátai fürdőalapító I. Lajos fia. &#8211; Bp.-en és Kv.-on végezte tanulmányait, Szováta fürdőügyeivel foglalkozott (1906–), nagy része volt a község fürdőhellyé tételében és nevezetességének propagálásában. Az I. vh. -ban önként jelentkezett, az orosz és román fronton mint főhadnagy, szakasz- később századparancsnok teljesített szolgálatot és betegsége miatt szerelt le. A katonai érdemkereszt és számos kitüntetés tulajdonosa. Parajdra internálták (1918) és megfigyelés alatt tartották 1 hónapig. Megszervezte a villatulajdonosok szövetségét Szovátán, ennek első elnöke lett (1926). 10 hold földet adományozott a szovátai ref. egyháznak a lelkészi fizetés pótlására (1942). A m. szociális és kultúrintézmények támogatója volt és azok irányításában tevékenyen részt vett. <br /><strong>Irod.:</strong> Erdélyi ezredek; Székelyföld í. k.; Szováta</br></p>

<p>Bp., 1876., † ? : okl. gazda, földbirtokos. – Családja a 18. században nyert nemességet, női ága grófi címet kapott. A szovátai fürdőalapító I. Lajos fia. &#8211; Bp.-en és Kv.-on végezte tanulmányait, Szováta fürdőügyeivel foglalkozott (1906–), nagy része volt a község fürdőhellyé tételében és nevezetességének propagálásában. Az I. vh. -ban önként jelentkezett, az orosz és román fronton [&hellip;]</p>
