{"id":10323,"date":"2025-06-29T13:16:09","date_gmt":"2025-06-29T11:16:09","guid":{"rendered":"https:\/\/uj.adatbank.ro\/lexikon\/termek\/ilonka-ferenc-%c2%a7\/"},"modified":"2025-06-29T13:16:09","modified_gmt":"2025-06-29T11:16:09","slug":"ilonka-ferenc-%c2%a7","status":"publish","type":"product","link":"https:\/\/uj.adatbank.ro\/lexikon\/termek\/ilonka-ferenc-%c2%a7\/","title":{"rendered":"ILONKA Ferenc, \u00a7"},"content":{"rendered":"<p>Mez\u0151b\u00e1nd, 1897, \u2020\u00a0?\u00a0: \u00fcgyv\u00e9d. \u2013 K\u00f6z\u00e9piskol\u00e1it Mv.-en v\u00e9gzett, a jogi \u00e9s \u00e1llamtudom\u00e1nyi doktor\u00e1tust Szegeden szerezte meg. Mv.-en \u00fcgyv\u00e9d, dr. R\u00e9szt vett az I. vh. -ban, mint tartal\u00e9kos hadnagy az orosz \u00e9s a rom\u00e1n fronton harcolt (1915\u201318), majd a nemzeti hadseregben szolg\u00e1lt (1918\u201320), k\u00e9tszer sebes\u00fclt. A kis ez\u00fcst \u00e9rem, a bronz, a sebes\u00fcl\u00e9si \u00e9rem, a Bajor kereszt \u00e9s a K\u00e1roly csapatkereszt tulajdonosa. Elmenek\u00fclt Erd\u00e9lyb\u0151l (1919\u201325). A m. kult\u00fara anyagi \u00e9s erk\u00f6lcsi t\u00e1mogat\u00f3ja volt. <br \/><strong>Irod.:<\/strong> Erd\u00e9lyi ezredek; Visnai<\/br><\/p>\n","protected":false},"excerpt":{"rendered":"<p>Mez\u0151b\u00e1nd, 1897, \u2020\u00a0?\u00a0: \u00fcgyv\u00e9d. \u2013 K\u00f6z\u00e9piskol\u00e1it Mv.-en v\u00e9gzett, a jogi \u00e9s \u00e1llamtudom\u00e1nyi doktor\u00e1tust Szegeden szerezte meg. Mv.-en \u00fcgyv\u00e9d, dr. R\u00e9szt vett az I. vh. -ban, mint tartal\u00e9kos hadnagy az orosz \u00e9s a rom\u00e1n fronton harcolt (1915\u201318), majd a nemzeti hadseregben szolg\u00e1lt (1918\u201320), k\u00e9tszer sebes\u00fclt. A kis ez\u00fcst \u00e9rem, a bronz, a sebes\u00fcl\u00e9si \u00e9rem, a Bajor [&hellip;]<\/p>\n","protected":false},"featured_media":0,"comment_status":"open","ping_status":"closed","template":"","meta":[],"product_brand":[],"product_cat":[137],"product_tag":[],"class_list":{"0":"post-10323","1":"product","2":"type-product","3":"status-publish","5":"product_cat-maros-megyei-eletrajzi-lexikon","7":"first","8":"instock","9":"shipping-taxable","10":"product-type-simple"},"_links":{"self":[{"href":"https:\/\/uj.adatbank.ro\/lexikon\/wp-json\/wp\/v2\/product\/10323","targetHints":{"allow":["GET"]}}],"collection":[{"href":"https:\/\/uj.adatbank.ro\/lexikon\/wp-json\/wp\/v2\/product"}],"about":[{"href":"https:\/\/uj.adatbank.ro\/lexikon\/wp-json\/wp\/v2\/types\/product"}],"replies":[{"embeddable":true,"href":"https:\/\/uj.adatbank.ro\/lexikon\/wp-json\/wp\/v2\/comments?post=10323"}],"wp:attachment":[{"href":"https:\/\/uj.adatbank.ro\/lexikon\/wp-json\/wp\/v2\/media?parent=10323"}],"wp:term":[{"taxonomy":"product_brand","embeddable":true,"href":"https:\/\/uj.adatbank.ro\/lexikon\/wp-json\/wp\/v2\/product_brand?post=10323"},{"taxonomy":"product_cat","embeddable":true,"href":"https:\/\/uj.adatbank.ro\/lexikon\/wp-json\/wp\/v2\/product_cat?post=10323"},{"taxonomy":"product_tag","embeddable":true,"href":"https:\/\/uj.adatbank.ro\/lexikon\/wp-json\/wp\/v2\/product_tag?post=10323"}],"curies":[{"name":"wp","href":"https:\/\/api.w.org\/{rel}","templated":true}]}}

<p>Mezőbánd, 1897, † ? : ügyvéd. – Középiskoláit Mv.-en végzett, a jogi és államtudományi doktorátust Szegeden szerezte meg. Mv.-en ügyvéd, dr. Részt vett az I. vh. -ban, mint tartalékos hadnagy az orosz és a román fronton harcolt (1915–18), majd a nemzeti hadseregben szolgált (1918–20), kétszer sebesült. A kis ezüst érem, a bronz, a sebesülési érem, a Bajor kereszt és a Károly csapatkereszt tulajdonosa. Elmenekült Erdélyből (1919–25). A m. kultúra anyagi és erkölcsi támogatója volt. <br /><strong>Irod.:</strong> Erdélyi ezredek; Visnai</br></p>

<p>Mezőbánd, 1897, † ? : ügyvéd. – Középiskoláit Mv.-en végzett, a jogi és államtudományi doktorátust Szegeden szerezte meg. Mv.-en ügyvéd, dr. Részt vett az I. vh. -ban, mint tartalékos hadnagy az orosz és a román fronton harcolt (1915–18), majd a nemzeti hadseregben szolgált (1918–20), kétszer sebesült. A kis ezüst érem, a bronz, a sebesülési érem, a Bajor [&hellip;]</p>
