{"id":10332,"date":"2025-06-29T13:16:29","date_gmt":"2025-06-29T11:16:29","guid":{"rendered":"https:\/\/uj.adatbank.ro\/lexikon\/termek\/imbery-melinda-dsida-jenone-szabo-lajosne\/"},"modified":"2025-06-29T13:16:29","modified_gmt":"2025-06-29T11:16:29","slug":"imbery-melinda-dsida-jenone-szabo-lajosne","status":"publish","type":"product","link":"https:\/\/uj.adatbank.ro\/lexikon\/termek\/imbery-melinda-dsida-jenone-szabo-lajosne\/","title":{"rendered":"IMBERY Melinda, Dsida Jen\u0151n\u00e9; Szab\u00f3 Lajosn\u00e9"},"content":{"rendered":"<p>1912., \u2020\u00a0Mv., 1987. jan. 16.: tisztvisel\u0151. \u2013 I. J\u00e1nos tisztviel\u0151 le\u00e1nya. F\u00e9rje: 1. Dsida Jen\u0151 (Szatm\u00e1r, 1907. m\u00e1j. 17. &#8211; Kv., 1938. j\u00fan. 7. A H\u00e1zsong\u00e1rdi temet\u0151ben nyugszik) k\u00f6lt\u0151 menyasszonya (1935. jan.), feles\u00e9ge (Kv., 1937. j\u00fal. 31. &#8211; 10 h\u00f3napig). 2. Szab\u00f3 Lajos. \u2013 Egy j\u00f3t\u00e9kony c\u00e9l\u00fa \u00e1rvah\u00e1zi est\u00e9ly pr\u00f3b\u00e1in ismerkedtek meg Dsid\u00e1val (1931. szept.), a darab zen\u00e9j\u00e9t I. Melinda \u00e9desapja szerezte. A gazdas\u00e1gi v\u00e1ls\u00e1g, a Dsida bizonytalan munkaviszonya kv.-i lapokn\u00e1l: Erd\u00e9lyi Lapok, Keleti \u00dajs\u00e1g, a szeg\u00e9nys\u00e9g \u00e9s f\u0151leg Dsida betegs\u00e9ge, a gy\u00f3gyszerek \u00e1ra okozta p\u00e9nzhi\u00e1ny tett\u00e9k neh\u00e9zz\u00e9 \u00e9let\u00fcket. A k\u00f6lt\u0151 hal\u00e1la ut\u00e1n \u00e1ll\u00e1st kapott a Keleti \u00dajs\u00e1gn\u00e1l, majd a Nemzeti Sz\u00ednh\u00e1z \u00e9l\u00e9n \u00e1ll\u00f3 Kem\u00e9ny J\u00e1nos titk\u00e1rn\u0151je. F\u00e9rjhez ment Szab\u00f3 Lajos (1912\u20131983) dr\u00e1ma\u00edr\u00f3hoz, aki akkor a kv.-i sz\u00ednh\u00e1z irodalmi referense volt, majd a mv.-i Szentgy\u00f6rgyi Istv\u00e1n Sz\u00ednm\u0171v\u00e9szeti Int\u00e9zet rektora nyugd\u00edjaz\u00e1s\u00e1ig. F\u00e9rje mellett nyugodt, v\u00e9dett volt \u00e9lete, de annak hal\u00e1la ut\u00e1ni \u00e9vekben teljesen elmag\u00e1nyosodott. A Dsida hagyat\u00e9kot: k\u00f6nyveit, leveleit nem tal\u00e1lt\u00e1k meg lak\u00e1s\u00e1ban. A k\u00f6lt\u0151 hozz\u00e1 \u00edrt leveleit Marosi Ildik\u00f3 k\u00f6z\u00f6lte A H\u00e9tben (1980. j\u00fan. 20. &#8211; szept. 9.). <br \/><strong>Irod.:<\/strong> Dsida; \u201dSzerelmes dr\u00e1ga kicsik\u00e9m!\u201d=Adamovits S\u00e1ndor: Helikoni nagyasszonyok (Gyergy\u00f3szentmikl\u00f3s, 2006); \u00c9n szerelmem, vil\u00e1g legszebb vir\u00e1ga: Dsida Jen\u0151 \u00e9s Imbery Melinda = Ny\u00e1ry Kriszti\u00e1n. \u00cdgy szerettek \u0151k (Bp., 2022); MIIB; [Nekrol\u00f3g] (V. Z., 1987. jan. 18.)<\/br><\/p>\n","protected":false},"excerpt":{"rendered":"<p>1912., \u2020\u00a0Mv., 1987. jan. 16.: tisztvisel\u0151. \u2013 I. J\u00e1nos tisztviel\u0151 le\u00e1nya. F\u00e9rje: 1. Dsida Jen\u0151 (Szatm\u00e1r, 1907. m\u00e1j. 17. &#8211; Kv., 1938. j\u00fan. 7. A H\u00e1zsong\u00e1rdi temet\u0151ben nyugszik) k\u00f6lt\u0151 menyasszonya (1935. jan.), feles\u00e9ge (Kv., 1937. j\u00fal. 31. &#8211; 10 h\u00f3napig). 2. Szab\u00f3 Lajos. \u2013 Egy j\u00f3t\u00e9kony c\u00e9l\u00fa \u00e1rvah\u00e1zi est\u00e9ly pr\u00f3b\u00e1in ismerkedtek meg Dsid\u00e1val (1931. szept.), [&hellip;]<\/p>\n","protected":false},"featured_media":0,"comment_status":"open","ping_status":"closed","template":"","meta":[],"product_brand":[],"product_cat":[137],"product_tag":[],"class_list":{"0":"post-10332","1":"product","2":"type-product","3":"status-publish","5":"product_cat-maros-megyei-eletrajzi-lexikon","7":"first","8":"instock","9":"shipping-taxable","10":"product-type-simple"},"_links":{"self":[{"href":"https:\/\/uj.adatbank.ro\/lexikon\/wp-json\/wp\/v2\/product\/10332","targetHints":{"allow":["GET"]}}],"collection":[{"href":"https:\/\/uj.adatbank.ro\/lexikon\/wp-json\/wp\/v2\/product"}],"about":[{"href":"https:\/\/uj.adatbank.ro\/lexikon\/wp-json\/wp\/v2\/types\/product"}],"replies":[{"embeddable":true,"href":"https:\/\/uj.adatbank.ro\/lexikon\/wp-json\/wp\/v2\/comments?post=10332"}],"wp:attachment":[{"href":"https:\/\/uj.adatbank.ro\/lexikon\/wp-json\/wp\/v2\/media?parent=10332"}],"wp:term":[{"taxonomy":"product_brand","embeddable":true,"href":"https:\/\/uj.adatbank.ro\/lexikon\/wp-json\/wp\/v2\/product_brand?post=10332"},{"taxonomy":"product_cat","embeddable":true,"href":"https:\/\/uj.adatbank.ro\/lexikon\/wp-json\/wp\/v2\/product_cat?post=10332"},{"taxonomy":"product_tag","embeddable":true,"href":"https:\/\/uj.adatbank.ro\/lexikon\/wp-json\/wp\/v2\/product_tag?post=10332"}],"curies":[{"name":"wp","href":"https:\/\/api.w.org\/{rel}","templated":true}]}}

IMBERY Melinda, Dsida Jenőné; Szabó Lajosné

<p>1912., † Mv., 1987. jan. 16.: tisztviselő. – I. János tisztvielő leánya. Férje: 1. Dsida Jenő (Szatmár, 1907. máj. 17. &#8211; Kv., 1938. jún. 7. A Házsongárdi temetőben nyugszik) költő menyasszonya (1935. jan.), felesége (Kv., 1937. júl. 31. &#8211; 10 hónapig). 2. Szabó Lajos. – Egy jótékony célú árvaházi estély próbáin ismerkedtek meg Dsidával (1931. szept.), a darab zenéjét I. Melinda édesapja szerezte. A gazdasági válság, a Dsida bizonytalan munkaviszonya kv.-i lapoknál: Erdélyi Lapok, Keleti Újság, a szegénység és főleg Dsida betegsége, a gyógyszerek ára okozta pénzhiány tették nehézzé életüket. A költő halála után állást kapott a Keleti Újságnál, majd a Nemzeti Színház élén álló Kemény János titkárnője. Férjhez ment Szabó Lajos (1912–1983) drámaíróhoz, aki akkor a kv.-i színház irodalmi referense volt, majd a mv.-i Szentgyörgyi István Színművészeti Intézet rektora nyugdíjazásáig. Férje mellett nyugodt, védett volt élete, de annak halála utáni években teljesen elmagányosodott. A Dsida hagyatékot: könyveit, leveleit nem találták meg lakásában. A költő hozzá írt leveleit Marosi Ildikó közölte A Hétben (1980. jún. 20. &#8211; szept. 9.). <br /><strong>Irod.:</strong> Dsida; ”Szerelmes drága kicsikém!”=Adamovits Sándor: Helikoni nagyasszonyok (Gyergyószentmiklós, 2006); Én szerelmem, világ legszebb virága: Dsida Jenő és Imbery Melinda = Nyáry Krisztián. Így szerettek ők (Bp., 2022); MIIB; [Nekrológ] (V. Z., 1987. jan. 18.)</br></p>

<p>1912., † Mv., 1987. jan. 16.: tisztviselő. – I. János tisztvielő leánya. Férje: 1. Dsida Jenő (Szatmár, 1907. máj. 17. &#8211; Kv., 1938. jún. 7. A Házsongárdi temetőben nyugszik) költő menyasszonya (1935. jan.), felesége (Kv., 1937. júl. 31. &#8211; 10 hónapig). 2. Szabó Lajos. – Egy jótékony célú árvaházi estély próbáin ismerkedtek meg Dsidával (1931. szept.), [&hellip;]</p>
