{"id":10333,"date":"2025-06-29T13:16:32","date_gmt":"2025-06-29T11:16:32","guid":{"rendered":"https:\/\/uj.adatbank.ro\/lexikon\/termek\/imbrea-mihaly-imbrea-mihai\/"},"modified":"2025-06-29T13:16:32","modified_gmt":"2025-06-29T11:16:32","slug":"imbrea-mihaly-imbrea-mihai","status":"publish","type":"product","link":"https:\/\/uj.adatbank.ro\/lexikon\/termek\/imbrea-mihaly-imbrea-mihai\/","title":{"rendered":"IMBREA Mih\u00e1ly, Imbrea Mihai"},"content":{"rendered":"<p>1914, \u2020\u00a0Mv., 1981. szept. 24.: munk\u00e1smozgalmi harcos. \u2013 A KISZ majd a RKP tagja (1930), r\u00e9szt vett az illeg\u00e1lista mozgalomban, a hat\u00f3s\u00e1gok t\u00f6bbsz\u00f6r letart\u00f3ztatt\u00e1k. A buk.-i hadb\u00edr\u00f3s\u00e1g 5 \u00e9vi b\u00f6rt\u00f6nb\u00fcntet\u00e9sre \u00edt\u00e9lte (1934), amit a Jilava-i, Tg. Ocna-i \u00e9s Doftana b\u00f6rt\u00f6n\u00e9ben t\u00f6lt\u00f6tt le. Letart\u00f3ztatt\u00e1k (1941) Szamosfalv\u00e1ra vitt\u00e9k, t\u00f6bb heti k\u00ednz\u00e1s ut\u00e1n Garanyba intern\u00e1lt\u00e1k. \u00dajb\u00f3l letart\u00f3ztatt\u00e1k (1943) k\u00e9t \u00e9v \u00e9s hat h\u00f3nap neh\u00e9z b\u00f6rt\u00f6nre it\u00e9lt\u00e9k \u00e9s a kv.-i, majd a bp.-i b\u00f6rt\u00f6nbe z\u00e1rt\u00e1k. A Gestapos SS-ek Dachauba sz\u00e1ll\u00edtott\u00e1k (1944 nov. \u2013 1945. m\u00e1j.), onnan t\u00e9rt vissza az orsz\u00e1gba. A felszabadul\u00e1s ut\u00e1n \u00e1llami- \u00e9s p\u00e1rtfeladatokat kapott. <br \/><strong>Irod.:<\/strong> I. M. [Nekrol\u00f3g] (V. Z., 1981. szept. 26.)<\/br><\/p>\n","protected":false},"excerpt":{"rendered":"<p>1914, \u2020\u00a0Mv., 1981. szept. 24.: munk\u00e1smozgalmi harcos. \u2013 A KISZ majd a RKP tagja (1930), r\u00e9szt vett az illeg\u00e1lista mozgalomban, a hat\u00f3s\u00e1gok t\u00f6bbsz\u00f6r letart\u00f3ztatt\u00e1k. A buk.-i hadb\u00edr\u00f3s\u00e1g 5 \u00e9vi b\u00f6rt\u00f6nb\u00fcntet\u00e9sre \u00edt\u00e9lte (1934), amit a Jilava-i, Tg. Ocna-i \u00e9s Doftana b\u00f6rt\u00f6n\u00e9ben t\u00f6lt\u00f6tt le. Letart\u00f3ztatt\u00e1k (1941) Szamosfalv\u00e1ra vitt\u00e9k, t\u00f6bb heti k\u00ednz\u00e1s ut\u00e1n Garanyba intern\u00e1lt\u00e1k. \u00dajb\u00f3l letart\u00f3ztatt\u00e1k (1943) [&hellip;]<\/p>\n","protected":false},"featured_media":0,"comment_status":"open","ping_status":"closed","template":"","meta":[],"product_brand":[],"product_cat":[137],"product_tag":[],"class_list":{"0":"post-10333","1":"product","2":"type-product","3":"status-publish","5":"product_cat-maros-megyei-eletrajzi-lexikon","7":"first","8":"instock","9":"shipping-taxable","10":"product-type-simple"},"_links":{"self":[{"href":"https:\/\/uj.adatbank.ro\/lexikon\/wp-json\/wp\/v2\/product\/10333","targetHints":{"allow":["GET"]}}],"collection":[{"href":"https:\/\/uj.adatbank.ro\/lexikon\/wp-json\/wp\/v2\/product"}],"about":[{"href":"https:\/\/uj.adatbank.ro\/lexikon\/wp-json\/wp\/v2\/types\/product"}],"replies":[{"embeddable":true,"href":"https:\/\/uj.adatbank.ro\/lexikon\/wp-json\/wp\/v2\/comments?post=10333"}],"wp:attachment":[{"href":"https:\/\/uj.adatbank.ro\/lexikon\/wp-json\/wp\/v2\/media?parent=10333"}],"wp:term":[{"taxonomy":"product_brand","embeddable":true,"href":"https:\/\/uj.adatbank.ro\/lexikon\/wp-json\/wp\/v2\/product_brand?post=10333"},{"taxonomy":"product_cat","embeddable":true,"href":"https:\/\/uj.adatbank.ro\/lexikon\/wp-json\/wp\/v2\/product_cat?post=10333"},{"taxonomy":"product_tag","embeddable":true,"href":"https:\/\/uj.adatbank.ro\/lexikon\/wp-json\/wp\/v2\/product_tag?post=10333"}],"curies":[{"name":"wp","href":"https:\/\/api.w.org\/{rel}","templated":true}]}}

IMBREA Mihály, Imbrea Mihai

<p>1914, † Mv., 1981. szept. 24.: munkásmozgalmi harcos. – A KISZ majd a RKP tagja (1930), részt vett az illegálista mozgalomban, a hatóságok többször letartóztatták. A buk.-i hadbíróság 5 évi börtönbüntetésre ítélte (1934), amit a Jilava-i, Tg. Ocna-i és Doftana börtönében töltött le. Letartóztatták (1941) Szamosfalvára vitték, több heti kínzás után Garanyba internálták. Újból letartóztatták (1943) két év és hat hónap nehéz börtönre itélték és a kv.-i, majd a bp.-i börtönbe zárták. A Gestapos SS-ek Dachauba szállították (1944 nov. – 1945. máj.), onnan tért vissza az országba. A felszabadulás után állami- és pártfeladatokat kapott. <br /><strong>Irod.:</strong> I. M. [Nekrológ] (V. Z., 1981. szept. 26.)</br></p>

<p>1914, † Mv., 1981. szept. 24.: munkásmozgalmi harcos. – A KISZ majd a RKP tagja (1930), részt vett az illegálista mozgalomban, a hatóságok többször letartóztatták. A buk.-i hadbíróság 5 évi börtönbüntetésre ítélte (1934), amit a Jilava-i, Tg. Ocna-i és Doftana börtönében töltött le. Letartóztatták (1941) Szamosfalvára vitték, több heti kínzás után Garanyba internálták. Újból letartóztatták (1943) [&hellip;]</p>
