{"id":10336,"date":"2025-06-29T13:16:37","date_gmt":"2025-06-29T11:16:37","guid":{"rendered":"https:\/\/uj.adatbank.ro\/lexikon\/termek\/imecs-marton\/"},"modified":"2025-06-29T13:16:37","modified_gmt":"2025-06-29T11:16:37","slug":"imecs-marton","status":"publish","type":"product","link":"https:\/\/uj.adatbank.ro\/lexikon\/termek\/imecs-marton\/","title":{"rendered":"IMECS M\u00e1rton"},"content":{"rendered":"<p>Segesv\u00e1r, 1909. m\u00e1j. 20., \u2020 Kv., 1984. aug. 22.: \u00e9p\u00edt\u00e9szm\u00e9rn\u00f6k, m\u0171szaki szak\u00edr\u00f3. \u2013 \u00c9retts\u00e9gizett a sz\u00e9kelykereszt\u00fari Unit. F\u0151gimn. -ban (1927); a kv.-i Egyetemen mat. -fiz. szakos tan\u00e1ri k\u00e9pes\u00edt\u00e9st szerzett (1931). A kv.-i Ref. Koll. tan\u00e1ra; a bp.-i M\u0171szaki Egyetem elv\u00e9gz\u00e9s\u00e9vel m\u0171szaki p\u00e1ly\u00e1ra l\u00e9pett (1944). Kv.-on folytatta \u00e9let\u00e9t. A kv.-i Dermata B\u0151r- \u00e9s Cip\u0151gy\u00e1r m\u00e9rn\u00f6ke (1944\u201349), k\u00f6zben az Alm\u00e9rn\u00f6ki Int\u00e9zet m. tagozat\u00e1n matematik\u00e1t tan\u00edtott (1947\u2013); a Mechanikai Int\u00e9zet k\u00e9s\u0151bb Politechnikai Int\u00e9zet tan\u00e1ra (1949\u201358), az \u00e1br\u00e1zol\u00f3 geometria, szersz\u00e1mg\u00e9p alapoz\u00e1s, szil\u00e1rds\u00e1gtan \u00e9s alkalmazott matematika t\u00e1rgyk\u00f6r\u00e9ben; a Tehnofrig G\u00e9pgy\u00e1r f\u0151tervez\u0151 \u00e9p\u00edt\u00e9szm\u00e9rn\u00f6ke. Jelent\u0151sebb tervez\u00e9sei: a Flac\u0103ra K\u00e9szruhagy\u00e1r \u00e9p\u00fclete (1949), a Tehnofrig G\u00e9pgy\u00e1r \u00e1ltal\u00e1nos teleprendez\u00e9se, m\u0171helyei, laborat\u00f3riumi \u00e9s g\u00e9ptervez\u0151 termei, darup\u00e1ly\u00e1i, f\u0151bej\u00e1rati \u00e9p\u00fclete. Tudom\u00e1nyos \u00edr\u00e1sai a csepptart\u00e1ly m\u00e9retez\u00e9s\u00e9r\u0151l a Kv.-i Politechnikai Int\u00e9zet kiadv\u00e1nyaiban jelent meg: Lucr\u0103ri \u015ftiin\u0163ifice (Kv., 1959). T\u00f6bb m. nyelv\u0171 szakmunk\u00e1ja, k\u00f6zt\u00fck a Matematika c. el\u0151ad\u00e1sgy\u0171jtem\u00e9nye k\u00e9ziratban. <br \/><strong>Irod.:<\/strong> RMIL<\/br><\/p>\n","protected":false},"excerpt":{"rendered":"<p>Segesv\u00e1r, 1909. m\u00e1j. 20., \u2020 Kv., 1984. aug. 22.: \u00e9p\u00edt\u00e9szm\u00e9rn\u00f6k, m\u0171szaki szak\u00edr\u00f3. \u2013 \u00c9retts\u00e9gizett a sz\u00e9kelykereszt\u00fari Unit. F\u0151gimn. -ban (1927); a kv.-i Egyetemen mat. -fiz. szakos tan\u00e1ri k\u00e9pes\u00edt\u00e9st szerzett (1931). A kv.-i Ref. Koll. tan\u00e1ra; a bp.-i M\u0171szaki Egyetem elv\u00e9gz\u00e9s\u00e9vel m\u0171szaki p\u00e1ly\u00e1ra l\u00e9pett (1944). Kv.-on folytatta \u00e9let\u00e9t. A kv.-i Dermata B\u0151r- \u00e9s Cip\u0151gy\u00e1r m\u00e9rn\u00f6ke (1944\u201349), [&hellip;]<\/p>\n","protected":false},"featured_media":0,"comment_status":"open","ping_status":"closed","template":"","meta":[],"product_brand":[],"product_cat":[137],"product_tag":[],"class_list":{"0":"post-10336","1":"product","2":"type-product","3":"status-publish","5":"product_cat-maros-megyei-eletrajzi-lexikon","7":"first","8":"instock","9":"shipping-taxable","10":"product-type-simple"},"_links":{"self":[{"href":"https:\/\/uj.adatbank.ro\/lexikon\/wp-json\/wp\/v2\/product\/10336","targetHints":{"allow":["GET"]}}],"collection":[{"href":"https:\/\/uj.adatbank.ro\/lexikon\/wp-json\/wp\/v2\/product"}],"about":[{"href":"https:\/\/uj.adatbank.ro\/lexikon\/wp-json\/wp\/v2\/types\/product"}],"replies":[{"embeddable":true,"href":"https:\/\/uj.adatbank.ro\/lexikon\/wp-json\/wp\/v2\/comments?post=10336"}],"wp:attachment":[{"href":"https:\/\/uj.adatbank.ro\/lexikon\/wp-json\/wp\/v2\/media?parent=10336"}],"wp:term":[{"taxonomy":"product_brand","embeddable":true,"href":"https:\/\/uj.adatbank.ro\/lexikon\/wp-json\/wp\/v2\/product_brand?post=10336"},{"taxonomy":"product_cat","embeddable":true,"href":"https:\/\/uj.adatbank.ro\/lexikon\/wp-json\/wp\/v2\/product_cat?post=10336"},{"taxonomy":"product_tag","embeddable":true,"href":"https:\/\/uj.adatbank.ro\/lexikon\/wp-json\/wp\/v2\/product_tag?post=10336"}],"curies":[{"name":"wp","href":"https:\/\/api.w.org\/{rel}","templated":true}]}}

IMECS Márton

<p>Segesvár, 1909. máj. 20., † Kv., 1984. aug. 22.: építészmérnök, műszaki szakíró. – Érettségizett a székelykeresztúri Unit. Főgimn. -ban (1927); a kv.-i Egyetemen mat. -fiz. szakos tanári képesítést szerzett (1931). A kv.-i Ref. Koll. tanára; a bp.-i Műszaki Egyetem elvégzésével műszaki pályára lépett (1944). Kv.-on folytatta életét. A kv.-i Dermata Bőr- és Cipőgyár mérnöke (1944–49), közben az Almérnöki Intézet m. tagozatán matematikát tanított (1947–); a Mechanikai Intézet később Politechnikai Intézet tanára (1949–58), az ábrázoló geometria, szerszámgép alapozás, szilárdságtan és alkalmazott matematika tárgykörében; a Tehnofrig Gépgyár főtervező építészmérnöke. Jelentősebb tervezései: a Flacăra Készruhagyár épülete (1949), a Tehnofrig Gépgyár általános teleprendezése, műhelyei, laboratóriumi és géptervező termei, darupályái, főbejárati épülete. Tudományos írásai a csepptartály méretezéséről a Kv.-i Politechnikai Intézet kiadványaiban jelent meg: Lucrări ştiinţifice (Kv., 1959). Több m. nyelvű szakmunkája, köztük a Matematika c. előadásgyűjteménye kéziratban. <br /><strong>Irod.:</strong> RMIL</br></p>

<p>Segesvár, 1909. máj. 20., † Kv., 1984. aug. 22.: építészmérnök, műszaki szakíró. – Érettségizett a székelykeresztúri Unit. Főgimn. -ban (1927); a kv.-i Egyetemen mat. -fiz. szakos tanári képesítést szerzett (1931). A kv.-i Ref. Koll. tanára; a bp.-i Műszaki Egyetem elvégzésével műszaki pályára lépett (1944). Kv.-on folytatta életét. A kv.-i Dermata Bőr- és Cipőgyár mérnöke (1944–49), [&hellip;]</p>
