{"id":10337,"date":"2025-06-29T13:16:39","date_gmt":"2025-06-29T11:16:39","guid":{"rendered":"https:\/\/uj.adatbank.ro\/lexikon\/termek\/imecsfalvy-jeno-luka-jeno\/"},"modified":"2025-06-29T13:16:39","modified_gmt":"2025-06-29T11:16:39","slug":"imecsfalvy-jeno-luka-jeno","status":"publish","type":"product","link":"https:\/\/uj.adatbank.ro\/lexikon\/termek\/imecsfalvy-jeno-luka-jeno\/","title":{"rendered":"IMECSFALVY Jen\u0151, Luka Jen\u0151"},"content":{"rendered":"<p>Mv., 1887. febr. 15., \u2020\u00a0?: tan\u00edt\u00f3, isk. igazgat\u00f3. \u2013 Tan\u00edt\u00f3 lett (1907). Mint a Szabolcsv\u00e1rmegyei Tan\u00edt\u00f3egyes. jegyz\u0151j\u00e9t a ny\u00edregyh\u00e1zi K\u00f6zs. Fi\u00faiskola tan\u00e1r\u00e1v\u00e1 (1921\u2013), igazgat\u00f3j\u00e1v\u00e1 nevezt\u00e9k ki. A K\u00f6zalkalm. Nemzeti Sz\u00f6v. -nek orsz\u00e1gos titk\u00e1ra \u00e9s a Debreceni Sz\u00e9kely T\u00e1rsas\u00e1g v\u00e1lasztott tagja. <strong>Cikkei:<\/strong> Nyiregyh\u00e1zi K. Fi\u00faiskola \u00c9rtes\u00edt\u0151je, M. Nyr., Ny\u00edrvid\u00e9k-ben. <br \/><strong>Irod.:<\/strong> Guly\u00e1s<\/br><\/p>\n","protected":false},"excerpt":{"rendered":"<p>Mv., 1887. febr. 15., \u2020\u00a0?: tan\u00edt\u00f3, isk. igazgat\u00f3. \u2013 Tan\u00edt\u00f3 lett (1907). Mint a Szabolcsv\u00e1rmegyei Tan\u00edt\u00f3egyes. jegyz\u0151j\u00e9t a ny\u00edregyh\u00e1zi K\u00f6zs. Fi\u00faiskola tan\u00e1r\u00e1v\u00e1 (1921\u2013), igazgat\u00f3j\u00e1v\u00e1 nevezt\u00e9k ki. A K\u00f6zalkalm. Nemzeti Sz\u00f6v. -nek orsz\u00e1gos titk\u00e1ra \u00e9s a Debreceni Sz\u00e9kely T\u00e1rsas\u00e1g v\u00e1lasztott tagja. Cikkei: Nyiregyh\u00e1zi K. Fi\u00faiskola \u00c9rtes\u00edt\u0151je, M. Nyr., Ny\u00edrvid\u00e9k-ben. Irod.: Guly\u00e1s<\/p>\n","protected":false},"featured_media":0,"comment_status":"open","ping_status":"closed","template":"","meta":[],"product_brand":[],"product_cat":[137],"product_tag":[],"class_list":{"0":"post-10337","1":"product","2":"type-product","3":"status-publish","5":"product_cat-maros-megyei-eletrajzi-lexikon","7":"first","8":"instock","9":"shipping-taxable","10":"product-type-simple"},"_links":{"self":[{"href":"https:\/\/uj.adatbank.ro\/lexikon\/wp-json\/wp\/v2\/product\/10337","targetHints":{"allow":["GET"]}}],"collection":[{"href":"https:\/\/uj.adatbank.ro\/lexikon\/wp-json\/wp\/v2\/product"}],"about":[{"href":"https:\/\/uj.adatbank.ro\/lexikon\/wp-json\/wp\/v2\/types\/product"}],"replies":[{"embeddable":true,"href":"https:\/\/uj.adatbank.ro\/lexikon\/wp-json\/wp\/v2\/comments?post=10337"}],"wp:attachment":[{"href":"https:\/\/uj.adatbank.ro\/lexikon\/wp-json\/wp\/v2\/media?parent=10337"}],"wp:term":[{"taxonomy":"product_brand","embeddable":true,"href":"https:\/\/uj.adatbank.ro\/lexikon\/wp-json\/wp\/v2\/product_brand?post=10337"},{"taxonomy":"product_cat","embeddable":true,"href":"https:\/\/uj.adatbank.ro\/lexikon\/wp-json\/wp\/v2\/product_cat?post=10337"},{"taxonomy":"product_tag","embeddable":true,"href":"https:\/\/uj.adatbank.ro\/lexikon\/wp-json\/wp\/v2\/product_tag?post=10337"}],"curies":[{"name":"wp","href":"https:\/\/api.w.org\/{rel}","templated":true}]}}

IMECSFALVY Jenő, Luka Jenő

<p>Mv., 1887. febr. 15., † ?: tanító, isk. igazgató. – Tanító lett (1907). Mint a Szabolcsvármegyei Tanítóegyes. jegyzőjét a nyíregyházi Közs. Fiúiskola tanárává (1921–), igazgatójává nevezték ki. A Közalkalm. Nemzeti Szöv. -nek országos titkára és a Debreceni Székely Társaság választott tagja. <strong>Cikkei:</strong> Nyiregyházi K. Fiúiskola Értesítője, M. Nyr., Nyírvidék-ben. <br /><strong>Irod.:</strong> Gulyás</br></p>

<p>Mv., 1887. febr. 15., † ?: tanító, isk. igazgató. – Tanító lett (1907). Mint a Szabolcsvármegyei Tanítóegyes. jegyzőjét a nyíregyházi Közs. Fiúiskola tanárává (1921–), igazgatójává nevezték ki. A Közalkalm. Nemzeti Szöv. -nek országos titkára és a Debreceni Székely Társaság választott tagja. Cikkei: Nyiregyházi K. Fiúiskola Értesítője, M. Nyr., Nyírvidék-ben. Irod.: Gulyás</p>
