{"id":10338,"date":"2025-06-29T13:16:41","date_gmt":"2025-06-29T11:16:41","guid":{"rendered":"https:\/\/uj.adatbank.ro\/lexikon\/termek\/imets-fulop-jako\/"},"modified":"2025-06-29T13:16:41","modified_gmt":"2025-06-29T11:16:41","slug":"imets-fulop-jako","status":"publish","type":"product","link":"https:\/\/uj.adatbank.ro\/lexikon\/termek\/imets-fulop-jako\/","title":{"rendered":"IMETS F\u00fcl\u00f6p J\u00e1k\u00f3"},"content":{"rendered":"<p>1837., \u2020\u00a0?: r. k. pap, utaz\u00f3. \u2013 Veszely K\u00e1roly pl\u00e9b\u00e1nossal \u00e9s Kov\u00e1ts Ferenccel r\u00e9szt vett a Szent L\u00e1szl\u00f3 T\u00e1rsulat \u00e1ltal szervezett Moldovai \u00e9s havaselvi tudom\u00e1nyos kutat\u00f3 \u00faton. Utaz\u00e1sukr\u00f3l \u00edrt k\u00f6nyv\u00fckben \u00e9rt\u00e9kes adatokat kapunnk a cs\u00e1ng\u00f3kr\u00f3l (1868). \u2013 <strong>F. m.:<\/strong> Veszely, Imets \u00e9s Kov\u00e1cs utaz\u00e1sa Moldova-Ol\u00e1hhonba 1868 (Mv., 1870). <br \/><strong>Irod.:<\/strong> Veress 3.<\/br><\/p>\n","protected":false},"excerpt":{"rendered":"<p>1837., \u2020\u00a0?: r. k. pap, utaz\u00f3. \u2013 Veszely K\u00e1roly pl\u00e9b\u00e1nossal \u00e9s Kov\u00e1ts Ferenccel r\u00e9szt vett a Szent L\u00e1szl\u00f3 T\u00e1rsulat \u00e1ltal szervezett Moldovai \u00e9s havaselvi tudom\u00e1nyos kutat\u00f3 \u00faton. Utaz\u00e1sukr\u00f3l \u00edrt k\u00f6nyv\u00fckben \u00e9rt\u00e9kes adatokat kapunnk a cs\u00e1ng\u00f3kr\u00f3l (1868). \u2013 F. m.: Veszely, Imets \u00e9s Kov\u00e1cs utaz\u00e1sa Moldova-Ol\u00e1hhonba 1868 (Mv., 1870). Irod.: Veress 3.<\/p>\n","protected":false},"featured_media":0,"comment_status":"open","ping_status":"closed","template":"","meta":[],"product_brand":[],"product_cat":[137],"product_tag":[],"class_list":{"0":"post-10338","1":"product","2":"type-product","3":"status-publish","5":"product_cat-maros-megyei-eletrajzi-lexikon","7":"first","8":"instock","9":"shipping-taxable","10":"product-type-simple"},"_links":{"self":[{"href":"https:\/\/uj.adatbank.ro\/lexikon\/wp-json\/wp\/v2\/product\/10338","targetHints":{"allow":["GET"]}}],"collection":[{"href":"https:\/\/uj.adatbank.ro\/lexikon\/wp-json\/wp\/v2\/product"}],"about":[{"href":"https:\/\/uj.adatbank.ro\/lexikon\/wp-json\/wp\/v2\/types\/product"}],"replies":[{"embeddable":true,"href":"https:\/\/uj.adatbank.ro\/lexikon\/wp-json\/wp\/v2\/comments?post=10338"}],"wp:attachment":[{"href":"https:\/\/uj.adatbank.ro\/lexikon\/wp-json\/wp\/v2\/media?parent=10338"}],"wp:term":[{"taxonomy":"product_brand","embeddable":true,"href":"https:\/\/uj.adatbank.ro\/lexikon\/wp-json\/wp\/v2\/product_brand?post=10338"},{"taxonomy":"product_cat","embeddable":true,"href":"https:\/\/uj.adatbank.ro\/lexikon\/wp-json\/wp\/v2\/product_cat?post=10338"},{"taxonomy":"product_tag","embeddable":true,"href":"https:\/\/uj.adatbank.ro\/lexikon\/wp-json\/wp\/v2\/product_tag?post=10338"}],"curies":[{"name":"wp","href":"https:\/\/api.w.org\/{rel}","templated":true}]}}