{"id":10339,"date":"2025-06-29T13:16:44","date_gmt":"2025-06-29T11:16:44","guid":{"rendered":"https:\/\/uj.adatbank.ro\/lexikon\/termek\/imets-karoly-p\/"},"modified":"2025-06-29T13:16:44","modified_gmt":"2025-06-29T11:16:44","slug":"imets-karoly-p","status":"publish","type":"product","link":"https:\/\/uj.adatbank.ro\/lexikon\/termek\/imets-karoly-p\/","title":{"rendered":"IMETS K\u00e1roly P."},"content":{"rendered":"<p>Tusn\u00e1d, 1884. okt. 28., \u2020\u00a0?\u00a0: r. k. pap, ferences \u00e1ldoz\u00f3pap, h\u00e1zf\u0151n\u00f6k, k\u00f6lt\u0151. \u2013 Iskol\u00e1it Erzs\u00e9betv\u00e1roson, Vajdahunyadon, Csiksomly\u00f3n, Gyulafeh\u00e9rv\u00e1ron v\u00e9gezte; bel\u00e9pett a ferencrendbe (1901. jan. 8.) fil. \u00e9s teol\u00f3giai tanulm\u00e1nyait a rendi f\u0151iskol\u00e1n v\u00e9gezte; k\u00e1nonjogb\u00f3l doktot\u00e1lt a kv.-i egyetemen (1915). Papp\u00e1 szentelt\u00e9k Gyulafeh\u00e9rv\u00e1ron (1907) \u00e9s a rendi f\u0151iskol\u00e1n tan\u00edtott. Meggyesen kezdte p\u00e1lyafut\u00e1s\u00e1t, ahol kilenc \u00e9vig a rendi ifj\u00fas\u00e1g oktat\u00f3ja volt. Mv.-en ferencrendi z\u00e1rdaf\u00f6n\u00f6k \u00e9s igazgat\u00f3tan\u00edt\u00f3 (1916\u201324). Megteremtette Hajd\u00fa Istv\u00e1nnal egy\u00fctt a mv.-i Bolyai Irod. \u00e9s Nyomdai Rt. (1919), \u00e9s t\u00e1rsszerkeszt\u0151je volt a v\u00e1llalat kiad\u00e1s\u00e1ban megjelent Sz\u00e9kelyf\u00f6ld c. politikai napilapnak (\u20131923) melybe f\u0151leg vez\u00e9rcikkeket \u00edrt. Marosszentgy\u00f6rgy\u00f6n lelk\u00e9sz \u00e9s t\u00e1bori lelk\u00e9sz; belekeveredett az un. \u2018\u2019erd\u00e9lyi nagy \u00f6sszeesk\u0151v\u00e9s\u2018\u2019 perbe (1922), a hadb\u00edr\u00f3s\u00e1g k\u00e9nyszermunk\u00e1ra \u00edt\u00e9lte, de a buk.-i b\u00edr\u00f3s\u00e1g felmentette (1923). D\u00e9vai lelk\u00e9sz \u00e9s z\u00e1rdaf\u00f6n\u00f6k (1924\u201330). Kv.-on h\u00e1zf\u00f6n\u00f6k (1930\u201336) \u00e9s provinci\u00e1lis (\u20131936). Mv.-i h\u00e1zf\u00f6n\u00f6k (1936\u2013). A ny\u00e1r\u00e1dt\u0151i helyi k\u00e1pl\u00e1ns\u00e1g ell\u00e1t\u00e1s\u00e1val b\u00edzt\u00e1k meg (1942\u2013). M\u00e1r teol\u00f3gus kor\u00e1ban irogatott verseket a bp.-i Kereszt\u00e9ny M. Ifj\u00fas\u00e1g a Sz. Ferenc H\u00edrn\u00f6ke \u00e9s a Vajdahunyad c. lapokban; \u00e1lland\u00f3 munkat\u00e1rsa volt az Erzs\u00e9betv\u00e1ros, Nagyk\u00fck\u00fcll\u0151 \u00e9s a Bernadinus c. lapoknak. <br \/><strong>Irod.:<\/strong> Barab\u00e1s Kisanna. 2009; Guly\u00e1s; Gy\u00f6rgy: A ferencrendiek; Id\u0151t\u00e1r 3; Maros-k\u00fck\u00fcll\u0151i f\u0151esp; Recueil des griefes de la minorit\u00e9 hongroise de Roumanie (Bp., 1922); Sz\u00e9kelyf\u00f6ld \u00ed. k.; Visnai<\/br><\/p>\n","protected":false},"excerpt":{"rendered":"<p>Tusn\u00e1d, 1884. okt. 28., \u2020\u00a0?\u00a0: r. k. pap, ferences \u00e1ldoz\u00f3pap, h\u00e1zf\u0151n\u00f6k, k\u00f6lt\u0151. \u2013 Iskol\u00e1it Erzs\u00e9betv\u00e1roson, Vajdahunyadon, Csiksomly\u00f3n, Gyulafeh\u00e9rv\u00e1ron v\u00e9gezte; bel\u00e9pett a ferencrendbe (1901. jan. 8.) fil. \u00e9s teol\u00f3giai tanulm\u00e1nyait a rendi f\u0151iskol\u00e1n v\u00e9gezte; k\u00e1nonjogb\u00f3l doktot\u00e1lt a kv.-i egyetemen (1915). Papp\u00e1 szentelt\u00e9k Gyulafeh\u00e9rv\u00e1ron (1907) \u00e9s a rendi f\u0151iskol\u00e1n tan\u00edtott. Meggyesen kezdte p\u00e1lyafut\u00e1s\u00e1t, ahol kilenc \u00e9vig a [&hellip;]<\/p>\n","protected":false},"featured_media":0,"comment_status":"open","ping_status":"closed","template":"","meta":[],"product_brand":[],"product_cat":[137],"product_tag":[],"class_list":{"0":"post-10339","1":"product","2":"type-product","3":"status-publish","5":"product_cat-maros-megyei-eletrajzi-lexikon","7":"first","8":"instock","9":"shipping-taxable","10":"product-type-simple"},"_links":{"self":[{"href":"https:\/\/uj.adatbank.ro\/lexikon\/wp-json\/wp\/v2\/product\/10339","targetHints":{"allow":["GET"]}}],"collection":[{"href":"https:\/\/uj.adatbank.ro\/lexikon\/wp-json\/wp\/v2\/product"}],"about":[{"href":"https:\/\/uj.adatbank.ro\/lexikon\/wp-json\/wp\/v2\/types\/product"}],"replies":[{"embeddable":true,"href":"https:\/\/uj.adatbank.ro\/lexikon\/wp-json\/wp\/v2\/comments?post=10339"}],"wp:attachment":[{"href":"https:\/\/uj.adatbank.ro\/lexikon\/wp-json\/wp\/v2\/media?parent=10339"}],"wp:term":[{"taxonomy":"product_brand","embeddable":true,"href":"https:\/\/uj.adatbank.ro\/lexikon\/wp-json\/wp\/v2\/product_brand?post=10339"},{"taxonomy":"product_cat","embeddable":true,"href":"https:\/\/uj.adatbank.ro\/lexikon\/wp-json\/wp\/v2\/product_cat?post=10339"},{"taxonomy":"product_tag","embeddable":true,"href":"https:\/\/uj.adatbank.ro\/lexikon\/wp-json\/wp\/v2\/product_tag?post=10339"}],"curies":[{"name":"wp","href":"https:\/\/api.w.org\/{rel}","templated":true}]}}

IMETS Károly P.

<p>Tusnád, 1884. okt. 28., † ? : r. k. pap, ferences áldozópap, házfőnök, költő. – Iskoláit Erzsébetvároson, Vajdahunyadon, Csiksomlyón, Gyulafehérváron végezte; belépett a ferencrendbe (1901. jan. 8.) fil. és teológiai tanulmányait a rendi főiskolán végezte; kánonjogból doktotált a kv.-i egyetemen (1915). Pappá szentelték Gyulafehérváron (1907) és a rendi főiskolán tanított. Meggyesen kezdte pályafutását, ahol kilenc évig a rendi ifjúság oktatója volt. Mv.-en ferencrendi zárdafönök és igazgatótanító (1916–24). Megteremtette Hajdú Istvánnal együtt a mv.-i Bolyai Irod. és Nyomdai Rt. (1919), és társszerkesztője volt a vállalat kiadásában megjelent Székelyföld c. politikai napilapnak (–1923) melybe főleg vezércikkeket írt. Marosszentgyörgyön lelkész és tábori lelkész; belekeveredett az un. ‘’erdélyi nagy összeeskővés‘’ perbe (1922), a hadbíróság kényszermunkára ítélte, de a buk.-i bíróság felmentette (1923). Dévai lelkész és zárdafönök (1924–30). Kv.-on házfönök (1930–36) és provinciális (–1936). Mv.-i házfönök (1936–). A nyárádtői helyi káplánság ellátásával bízták meg (1942–). Már teológus korában irogatott verseket a bp.-i Keresztény M. Ifjúság a Sz. Ferenc Hírnöke és a Vajdahunyad c. lapokban; állandó munkatársa volt az Erzsébetváros, Nagyküküllő és a Bernadinus c. lapoknak. <br /><strong>Irod.:</strong> Barabás Kisanna. 2009; Gulyás; György: A ferencrendiek; Időtár 3; Maros-küküllői főesp; Recueil des griefes de la minorité hongroise de Roumanie (Bp., 1922); Székelyföld í. k.; Visnai</br></p>

<p>Tusnád, 1884. okt. 28., † ? : r. k. pap, ferences áldozópap, házfőnök, költő. – Iskoláit Erzsébetvároson, Vajdahunyadon, Csiksomlyón, Gyulafehérváron végezte; belépett a ferencrendbe (1901. jan. 8.) fil. és teológiai tanulmányait a rendi főiskolán végezte; kánonjogból doktotált a kv.-i egyetemen (1915). Pappá szentelték Gyulafehérváron (1907) és a rendi főiskolán tanított. Meggyesen kezdte pályafutását, ahol kilenc évig a [&hellip;]</p>
