{"id":10345,"date":"2025-06-29T13:16:54","date_gmt":"2025-06-29T11:16:54","guid":{"rendered":"https:\/\/uj.adatbank.ro\/lexikon\/termek\/imre-arpadne-fekete-erzsebet\/"},"modified":"2025-06-29T13:16:54","modified_gmt":"2025-06-29T11:16:54","slug":"imre-arpadne-fekete-erzsebet","status":"publish","type":"product","link":"https:\/\/uj.adatbank.ro\/lexikon\/termek\/imre-arpadne-fekete-erzsebet\/","title":{"rendered":"IMRE \u00c1rp\u00e1dn\u00e9, Fekete Erzs\u00e9bet"},"content":{"rendered":"<p>Ny\u00e1r\u00e1dg\u00e1lfalva, 1927. \u2020 Szov\u00e1ta, 2009. \u00e1pr. 4., eltemetve Mv.-en: tan\u00e1rn\u0151. <br \/><strong>Irod.:<\/strong> [Nekrol\u00f3g] (N\u00fa., 2009. \u00e1pr. 5.)<\/br><\/p>\n","protected":false},"excerpt":{"rendered":"<p>Ny\u00e1r\u00e1dg\u00e1lfalva, 1927. \u2020 Szov\u00e1ta, 2009. \u00e1pr. 4., eltemetve Mv.-en: tan\u00e1rn\u0151. Irod.: [Nekrol\u00f3g] (N\u00fa., 2009. \u00e1pr. 5.)<\/p>\n","protected":false},"featured_media":0,"comment_status":"open","ping_status":"closed","template":"","meta":[],"product_brand":[],"product_cat":[137],"product_tag":[],"class_list":{"0":"post-10345","1":"product","2":"type-product","3":"status-publish","5":"product_cat-maros-megyei-eletrajzi-lexikon","7":"first","8":"instock","9":"shipping-taxable","10":"product-type-simple"},"_links":{"self":[{"href":"https:\/\/uj.adatbank.ro\/lexikon\/wp-json\/wp\/v2\/product\/10345","targetHints":{"allow":["GET"]}}],"collection":[{"href":"https:\/\/uj.adatbank.ro\/lexikon\/wp-json\/wp\/v2\/product"}],"about":[{"href":"https:\/\/uj.adatbank.ro\/lexikon\/wp-json\/wp\/v2\/types\/product"}],"replies":[{"embeddable":true,"href":"https:\/\/uj.adatbank.ro\/lexikon\/wp-json\/wp\/v2\/comments?post=10345"}],"wp:attachment":[{"href":"https:\/\/uj.adatbank.ro\/lexikon\/wp-json\/wp\/v2\/media?parent=10345"}],"wp:term":[{"taxonomy":"product_brand","embeddable":true,"href":"https:\/\/uj.adatbank.ro\/lexikon\/wp-json\/wp\/v2\/product_brand?post=10345"},{"taxonomy":"product_cat","embeddable":true,"href":"https:\/\/uj.adatbank.ro\/lexikon\/wp-json\/wp\/v2\/product_cat?post=10345"},{"taxonomy":"product_tag","embeddable":true,"href":"https:\/\/uj.adatbank.ro\/lexikon\/wp-json\/wp\/v2\/product_tag?post=10345"}],"curies":[{"name":"wp","href":"https:\/\/api.w.org\/{rel}","templated":true}]}}