{"id":10347,"date":"2025-06-29T13:16:56","date_gmt":"2025-06-29T11:16:56","guid":{"rendered":"https:\/\/uj.adatbank.ro\/lexikon\/termek\/imre-denes\/"},"modified":"2025-06-29T13:16:56","modified_gmt":"2025-06-29T11:16:56","slug":"imre-denes","status":"publish","type":"product","link":"https:\/\/uj.adatbank.ro\/lexikon\/termek\/imre-denes\/","title":{"rendered":"IMRE D\u00e9nes"},"content":{"rendered":"<p>? \u2020 ? : f\u0151erd\u0151tan\u00e1csos. \u2013 Feles\u00e9ge: Ferenczy Erzs\u00e9bet (1869.? \u2013 Mv., 19199. szept. 20.). Gyermekeik: dr. I. G\u00e1bor, Margit Hausenblasz K\u00e1rolyn\u00e9; Erzsike (\u2020 Mv., 1919. szept. 22.); Gabriella; D\u00e9nes; Stef\u00e1nia; L\u00e1szl\u00f3. \u2013 A mv.-i erd\u0151hivatal vezet\u0151je (\u20131913); Cs\u00edkszered\u00e1n f\u0151erd\u00e9sz. <strong>Cikke:<\/strong> Erd\u00e9szeti Lapokban. <br \/><strong>Irod.:<\/strong> Guly\u00e1s; Gy\u00e1szjelent\u0151<\/br><\/p>\n","protected":false},"excerpt":{"rendered":"<p>? \u2020 ? : f\u0151erd\u0151tan\u00e1csos. \u2013 Feles\u00e9ge: Ferenczy Erzs\u00e9bet (1869.? \u2013 Mv., 19199. szept. 20.). Gyermekeik: dr. I. G\u00e1bor, Margit Hausenblasz K\u00e1rolyn\u00e9; Erzsike (\u2020 Mv., 1919. szept. 22.); Gabriella; D\u00e9nes; Stef\u00e1nia; L\u00e1szl\u00f3. \u2013 A mv.-i erd\u0151hivatal vezet\u0151je (\u20131913); Cs\u00edkszered\u00e1n f\u0151erd\u00e9sz. Cikke: Erd\u00e9szeti Lapokban. Irod.: Guly\u00e1s; Gy\u00e1szjelent\u0151<\/p>\n","protected":false},"featured_media":0,"comment_status":"open","ping_status":"closed","template":"","meta":[],"product_brand":[],"product_cat":[137],"product_tag":[],"class_list":{"0":"post-10347","1":"product","2":"type-product","3":"status-publish","5":"product_cat-maros-megyei-eletrajzi-lexikon","7":"first","8":"instock","9":"shipping-taxable","10":"product-type-simple"},"_links":{"self":[{"href":"https:\/\/uj.adatbank.ro\/lexikon\/wp-json\/wp\/v2\/product\/10347","targetHints":{"allow":["GET"]}}],"collection":[{"href":"https:\/\/uj.adatbank.ro\/lexikon\/wp-json\/wp\/v2\/product"}],"about":[{"href":"https:\/\/uj.adatbank.ro\/lexikon\/wp-json\/wp\/v2\/types\/product"}],"replies":[{"embeddable":true,"href":"https:\/\/uj.adatbank.ro\/lexikon\/wp-json\/wp\/v2\/comments?post=10347"}],"wp:attachment":[{"href":"https:\/\/uj.adatbank.ro\/lexikon\/wp-json\/wp\/v2\/media?parent=10347"}],"wp:term":[{"taxonomy":"product_brand","embeddable":true,"href":"https:\/\/uj.adatbank.ro\/lexikon\/wp-json\/wp\/v2\/product_brand?post=10347"},{"taxonomy":"product_cat","embeddable":true,"href":"https:\/\/uj.adatbank.ro\/lexikon\/wp-json\/wp\/v2\/product_cat?post=10347"},{"taxonomy":"product_tag","embeddable":true,"href":"https:\/\/uj.adatbank.ro\/lexikon\/wp-json\/wp\/v2\/product_tag?post=10347"}],"curies":[{"name":"wp","href":"https:\/\/api.w.org\/{rel}","templated":true}]}}