{"id":10356,"date":"2025-06-29T13:17:16","date_gmt":"2025-06-29T11:17:16","guid":{"rendered":"https:\/\/uj.adatbank.ro\/lexikon\/termek\/imre-laszlo-3\/"},"modified":"2025-06-29T13:17:16","modified_gmt":"2025-06-29T11:17:16","slug":"imre-laszlo-3","status":"publish","type":"product","link":"https:\/\/uj.adatbank.ro\/lexikon\/termek\/imre-laszlo-3\/","title":{"rendered":"IMRE L\u00e1szl\u00f3"},"content":{"rendered":"<p>Kv., 1895. szept. 25., \u2020\u00a0Brass\u00f3, 1970. j\u00fan. 3.: r. k. pap. \u2013 Kv.-on a k\u00f6z\u00e9piskol\u00e1t, teol\u00f3gi\u00e1t Innsbruckban (1913\u201318), majd a b\u00e9csi P\u00e1zm\u00e1neumban v\u00e9gzett (1919). Papp\u00e1 szentelt\u00e9k Gyulafeh\u00e9rv\u00e1ron (1919. j\u00fal. 27.). K\u00e1pl\u00e1n K\u00e9zdiszentl\u00e9leken (1919), Mv.-en (1920\u201323), Tord\u00e1n (1923). Lelkip\u00e1sztor Orl\u00e1ton (1924), k\u00e1pl\u00e1n Nagyszebenben, pl\u00e9b\u00e1nos Maros\u00fajv\u00e1ron (1929), Gyulafeh\u00e9rv\u00e1ron f\u0151sz\u00e1mvev\u0151 (1932). Dics\u0151szentm\u00e1rtoni pl\u00e9b\u00e1nos \u00e9s megyei egyh\u00e1zi sz\u00e1mvev\u0151 (1945. szept. 25. \u2013 1960). Dics\u0151ben k\u00e9t seg\u00e9dlelk\u00e9sze volt Buszek L\u00e1szl\u00f3 \u00e9s Imre L\u00e1szl\u00f3. Tev\u00e9kenys\u00e9ge idej\u00e9n vette el a kommunista diktat\u00fara a katolikus elemi iskol\u00e1t \u00e9s a term\u0151f\u00f6ldet. A k\u00fck\u00fcll\u0151v\u00e1ri fili\u00e1ban a Haller gr\u00f3fokt\u00f3l mindent elvettek, a csal\u00e1d tagjait kitelep\u00edtett\u00e9k, a h\u00edvekre nagy nyom\u00e1s nehezedett, nem merte l\u00e1togatni \u0151ket. Az \u00e1d\u00e1mosi fili\u00e1ba rendszeresen kij\u00e1rt, B\u00e9nyi Istv\u00e1nn\u00e9 seg\u00edtette munk\u00e1j\u00e1ban. Betegs\u00e9ge miatt elhagyta a pl\u00e9b\u00e1ni\u00e1t (1960). K\u00e1pl\u00e1n Brass\u00f3ban (1960\u2013). <br \/><strong>Irod.:<\/strong> Ferenczi S\u00e1ndor 2009; Maros-k\u00fck\u00fcll\u0151i f\u0151esp.; Szab\u00f3\u2013Simon\u2013Sz\u00f6gi<\/br><\/p>\n","protected":false},"excerpt":{"rendered":"<p>Kv., 1895. szept. 25., \u2020\u00a0Brass\u00f3, 1970. j\u00fan. 3.: r. k. pap. \u2013 Kv.-on a k\u00f6z\u00e9piskol\u00e1t, teol\u00f3gi\u00e1t Innsbruckban (1913\u201318), majd a b\u00e9csi P\u00e1zm\u00e1neumban v\u00e9gzett (1919). Papp\u00e1 szentelt\u00e9k Gyulafeh\u00e9rv\u00e1ron (1919. j\u00fal. 27.). K\u00e1pl\u00e1n K\u00e9zdiszentl\u00e9leken (1919), Mv.-en (1920\u201323), Tord\u00e1n (1923). Lelkip\u00e1sztor Orl\u00e1ton (1924), k\u00e1pl\u00e1n Nagyszebenben, pl\u00e9b\u00e1nos Maros\u00fajv\u00e1ron (1929), Gyulafeh\u00e9rv\u00e1ron f\u0151sz\u00e1mvev\u0151 (1932). Dics\u0151szentm\u00e1rtoni pl\u00e9b\u00e1nos \u00e9s megyei egyh\u00e1zi sz\u00e1mvev\u0151 (1945. [&hellip;]<\/p>\n","protected":false},"featured_media":0,"comment_status":"open","ping_status":"closed","template":"","meta":[],"product_brand":[],"product_cat":[137],"product_tag":[],"class_list":{"0":"post-10356","1":"product","2":"type-product","3":"status-publish","5":"product_cat-maros-megyei-eletrajzi-lexikon","7":"first","8":"instock","9":"shipping-taxable","10":"product-type-simple"},"_links":{"self":[{"href":"https:\/\/uj.adatbank.ro\/lexikon\/wp-json\/wp\/v2\/product\/10356","targetHints":{"allow":["GET"]}}],"collection":[{"href":"https:\/\/uj.adatbank.ro\/lexikon\/wp-json\/wp\/v2\/product"}],"about":[{"href":"https:\/\/uj.adatbank.ro\/lexikon\/wp-json\/wp\/v2\/types\/product"}],"replies":[{"embeddable":true,"href":"https:\/\/uj.adatbank.ro\/lexikon\/wp-json\/wp\/v2\/comments?post=10356"}],"wp:attachment":[{"href":"https:\/\/uj.adatbank.ro\/lexikon\/wp-json\/wp\/v2\/media?parent=10356"}],"wp:term":[{"taxonomy":"product_brand","embeddable":true,"href":"https:\/\/uj.adatbank.ro\/lexikon\/wp-json\/wp\/v2\/product_brand?post=10356"},{"taxonomy":"product_cat","embeddable":true,"href":"https:\/\/uj.adatbank.ro\/lexikon\/wp-json\/wp\/v2\/product_cat?post=10356"},{"taxonomy":"product_tag","embeddable":true,"href":"https:\/\/uj.adatbank.ro\/lexikon\/wp-json\/wp\/v2\/product_tag?post=10356"}],"curies":[{"name":"wp","href":"https:\/\/api.w.org\/{rel}","templated":true}]}}

IMRE László

<p>Kv., 1895. szept. 25., † Brassó, 1970. jún. 3.: r. k. pap. – Kv.-on a középiskolát, teológiát Innsbruckban (1913–18), majd a bécsi Pázmáneumban végzett (1919). Pappá szentelték Gyulafehérváron (1919. júl. 27.). Káplán Kézdiszentléleken (1919), Mv.-en (1920–23), Tordán (1923). Lelkipásztor Orláton (1924), káplán Nagyszebenben, plébános Marosújváron (1929), Gyulafehérváron főszámvevő (1932). Dicsőszentmártoni plébános és megyei egyházi számvevő (1945. szept. 25. – 1960). Dicsőben két segédlelkésze volt Buszek László és Imre László. Tevékenysége idején vette el a kommunista diktatúra a katolikus elemi iskolát és a termőföldet. A küküllővári filiában a Haller grófoktól mindent elvettek, a család tagjait kitelepítették, a hívekre nagy nyomás nehezedett, nem merte látogatni őket. Az ádámosi filiába rendszeresen kijárt, Bényi Istvánné segítette munkájában. Betegsége miatt elhagyta a plébániát (1960). Káplán Brassóban (1960–). <br /><strong>Irod.:</strong> Ferenczi Sándor 2009; Maros-küküllői főesp.; Szabó–Simon–Szögi</br></p>

<p>Kv., 1895. szept. 25., † Brassó, 1970. jún. 3.: r. k. pap. – Kv.-on a középiskolát, teológiát Innsbruckban (1913–18), majd a bécsi Pázmáneumban végzett (1919). Pappá szentelték Gyulafehérváron (1919. júl. 27.). Káplán Kézdiszentléleken (1919), Mv.-en (1920–23), Tordán (1923). Lelkipásztor Orláton (1924), káplán Nagyszebenben, plébános Marosújváron (1929), Gyulafehérváron főszámvevő (1932). Dicsőszentmártoni plébános és megyei egyházi számvevő (1945. [&hellip;]</p>
