{"id":10357,"date":"2025-06-29T13:17:17","date_gmt":"2025-06-29T11:17:17","guid":{"rendered":"https:\/\/uj.adatbank.ro\/lexikon\/termek\/imre-laszlone\/"},"modified":"2025-06-29T13:17:17","modified_gmt":"2025-06-29T11:17:17","slug":"imre-laszlone","status":"publish","type":"product","link":"https:\/\/uj.adatbank.ro\/lexikon\/termek\/imre-laszlone\/","title":{"rendered":"IMRE L\u00e1szl\u00f3n\u00e9"},"content":{"rendered":"<p>Temeskubin, ? \u2020\u00a0? : tan\u00e1rn\u0151. \u2013 F\u00e9rje I. L\u00e1szl\u00f3 \u00fcgyv\u00e9d. \u2013 A k\u00f6z\u00e9piskol\u00e1t \u00e9s a tan\u00e1rk\u00e9pz\u0151t a Szent Ferenc rendi z\u00e1rd\u00e1ban v\u00e9gezte, ahol mint fizikatan\u00e1rn\u0151 kezdte p\u00e1lyafut\u00e1s\u00e1t (1918), majd k\u00e9t \u00e9vig a cs\u00edkszeredai polg\u00e1ri iskol\u00e1ban tan\u00edtott, v\u00e9g\u00fcl a sz\u00e1szr\u00e9geni r. k. gimn. -ban volt tan\u00e1r. <br \/><strong>Irod.:<\/strong> Sz\u00e9kelyf\u00f6ld \u00ed. k.<\/br><\/p>\n","protected":false},"excerpt":{"rendered":"<p>Temeskubin, ? \u2020\u00a0? : tan\u00e1rn\u0151. \u2013 F\u00e9rje I. L\u00e1szl\u00f3 \u00fcgyv\u00e9d. \u2013 A k\u00f6z\u00e9piskol\u00e1t \u00e9s a tan\u00e1rk\u00e9pz\u0151t a Szent Ferenc rendi z\u00e1rd\u00e1ban v\u00e9gezte, ahol mint fizikatan\u00e1rn\u0151 kezdte p\u00e1lyafut\u00e1s\u00e1t (1918), majd k\u00e9t \u00e9vig a cs\u00edkszeredai polg\u00e1ri iskol\u00e1ban tan\u00edtott, v\u00e9g\u00fcl a sz\u00e1szr\u00e9geni r. k. gimn. -ban volt tan\u00e1r. Irod.: Sz\u00e9kelyf\u00f6ld \u00ed. k.<\/p>\n","protected":false},"featured_media":0,"comment_status":"open","ping_status":"closed","template":"","meta":[],"product_brand":[],"product_cat":[137],"product_tag":[],"class_list":{"0":"post-10357","1":"product","2":"type-product","3":"status-publish","5":"product_cat-maros-megyei-eletrajzi-lexikon","7":"first","8":"instock","9":"shipping-taxable","10":"product-type-simple"},"_links":{"self":[{"href":"https:\/\/uj.adatbank.ro\/lexikon\/wp-json\/wp\/v2\/product\/10357","targetHints":{"allow":["GET"]}}],"collection":[{"href":"https:\/\/uj.adatbank.ro\/lexikon\/wp-json\/wp\/v2\/product"}],"about":[{"href":"https:\/\/uj.adatbank.ro\/lexikon\/wp-json\/wp\/v2\/types\/product"}],"replies":[{"embeddable":true,"href":"https:\/\/uj.adatbank.ro\/lexikon\/wp-json\/wp\/v2\/comments?post=10357"}],"wp:attachment":[{"href":"https:\/\/uj.adatbank.ro\/lexikon\/wp-json\/wp\/v2\/media?parent=10357"}],"wp:term":[{"taxonomy":"product_brand","embeddable":true,"href":"https:\/\/uj.adatbank.ro\/lexikon\/wp-json\/wp\/v2\/product_brand?post=10357"},{"taxonomy":"product_cat","embeddable":true,"href":"https:\/\/uj.adatbank.ro\/lexikon\/wp-json\/wp\/v2\/product_cat?post=10357"},{"taxonomy":"product_tag","embeddable":true,"href":"https:\/\/uj.adatbank.ro\/lexikon\/wp-json\/wp\/v2\/product_tag?post=10357"}],"curies":[{"name":"wp","href":"https:\/\/api.w.org\/{rel}","templated":true}]}}