{"id":10362,"date":"2025-06-29T13:17:32","date_gmt":"2025-06-29T11:17:32","guid":{"rendered":"https:\/\/uj.adatbank.ro\/lexikon\/termek\/imre-sandor-imre-alexandru\/"},"modified":"2025-06-29T13:17:32","modified_gmt":"2025-06-29T11:17:32","slug":"imre-sandor-imre-alexandru","status":"publish","type":"product","link":"https:\/\/uj.adatbank.ro\/lexikon\/termek\/imre-sandor-imre-alexandru\/","title":{"rendered":"IMRE S\u00e1ndor, Imre Alexandru"},"content":{"rendered":"<p>Mv., 1924., \u2020\u00a0N\u00e9meto., 1988.: zen\u00e9sz, karmester, zeneszerz\u0151 \u00e9s dzsessz improviz\u00e1l\u00f3. \u2013 Tanulm\u00e1nyait Kv.-on a Zenekonzervat\u00f3riumban v\u00e9gezte (1940\u201350). Buk. -ben k\u00fcl\u00f6nboz\u0151 lok\u00e1lokban volt dzsesszmuzsikus, a Filmm\u0171v\u00e9szeti Szimf\u00f3nikus Zenekar els\u0151 klarin\u00e9tosa \u00e9s az Electocord k\u00f6nny\u0171zene zenekar\u00e1nak karmestere \u00e9s sz\u00f3list\u00e1ja (1957\u201370). Az 1960\u201370-es \u00e9vekben sz\u00e1mos dzsessz- \u00e9s k\u00f6nny\u0171zene hanglemezt k\u00e9sz\u00edtett a kor legjelesebb zen\u00e9szeivel: K\u0151r\u00f6ssi J\u00e1nos, Mezei Gabi, Johnny R\u0103ducanu, Dan M\u00e2ndrila, Nelu Marinescu, Gerry Podgoreanu \u00e9s m\u00e1sokkal. Friedrich Gulda, osztr\u00e1k zongora virtuozzal egy\u00fctt Buk. -ben a Jam Sessiont is felvettek (1975). Karmesterk\u00e9nt turn\u00e9zott az NDK-ban, Lengyelo. -ban, Szovjetuni\u00f3ban, Sv\u00e1jcban, Sv\u00e9do. -ban \u00e9s m\u00e1s \u00e1llamokban. T\u00f6bb alkalommal vett r\u00e9szt a mamaiai k\u00f6nny\u0171zene fesztiv\u00e1lon, ahol az el\u0151ad\u00f3i d\u00edjat \u00e9s a legjobb lemeznek j\u00e1r\u00f3 d\u00edjat nyerte meg (1965), d\u00edcs\u00e9retben r\u00e9szes\u00fclt (1966). A legjobb rom\u00e1n alto szakszafonist\u00e1j\u00e1nak, valamint az abszol\u00fat legjobb Dixieland klarin\u00e9tist\u00e1j\u00e1nak tartott\u00e1k. Kit\u0171nt sok h\u00edres zenei t\u00e9ma \u00e1tdolgoz\u00e1s\u00e1val, amelyek k\u00f6z\u00fcl t\u00f6bb az Elrctrocord lemezein is megjelent. N\u00e9meto. -ba telepedett \u00e1t (1970). \u2013 <strong>F. m.:<\/strong> Borze\u015fti, (balett, 1963); Suita C\u00e2mpeneasc\u0103 (esztr\u00e1dzenekar r\u00e9sz\u00e9re, 1964), Ramona la bal; Near You, dzsessz, \u00e9s m\u00e1s dalok. <br \/><strong>Irod.:<\/strong> Muzicieni din Rom.; Todea 2013<\/br><\/p>\n","protected":false},"excerpt":{"rendered":"<p>Mv., 1924., \u2020\u00a0N\u00e9meto., 1988.: zen\u00e9sz, karmester, zeneszerz\u0151 \u00e9s dzsessz improviz\u00e1l\u00f3. \u2013 Tanulm\u00e1nyait Kv.-on a Zenekonzervat\u00f3riumban v\u00e9gezte (1940\u201350). Buk. -ben k\u00fcl\u00f6nboz\u0151 lok\u00e1lokban volt dzsesszmuzsikus, a Filmm\u0171v\u00e9szeti Szimf\u00f3nikus Zenekar els\u0151 klarin\u00e9tosa \u00e9s az Electocord k\u00f6nny\u0171zene zenekar\u00e1nak karmestere \u00e9s sz\u00f3list\u00e1ja (1957\u201370). Az 1960\u201370-es \u00e9vekben sz\u00e1mos dzsessz- \u00e9s k\u00f6nny\u0171zene hanglemezt k\u00e9sz\u00edtett a kor legjelesebb zen\u00e9szeivel: K\u0151r\u00f6ssi J\u00e1nos, Mezei Gabi, [&hellip;]<\/p>\n","protected":false},"featured_media":0,"comment_status":"open","ping_status":"closed","template":"","meta":[],"product_brand":[],"product_cat":[137],"product_tag":[],"class_list":{"0":"post-10362","1":"product","2":"type-product","3":"status-publish","5":"product_cat-maros-megyei-eletrajzi-lexikon","7":"first","8":"instock","9":"shipping-taxable","10":"product-type-simple"},"_links":{"self":[{"href":"https:\/\/uj.adatbank.ro\/lexikon\/wp-json\/wp\/v2\/product\/10362","targetHints":{"allow":["GET"]}}],"collection":[{"href":"https:\/\/uj.adatbank.ro\/lexikon\/wp-json\/wp\/v2\/product"}],"about":[{"href":"https:\/\/uj.adatbank.ro\/lexikon\/wp-json\/wp\/v2\/types\/product"}],"replies":[{"embeddable":true,"href":"https:\/\/uj.adatbank.ro\/lexikon\/wp-json\/wp\/v2\/comments?post=10362"}],"wp:attachment":[{"href":"https:\/\/uj.adatbank.ro\/lexikon\/wp-json\/wp\/v2\/media?parent=10362"}],"wp:term":[{"taxonomy":"product_brand","embeddable":true,"href":"https:\/\/uj.adatbank.ro\/lexikon\/wp-json\/wp\/v2\/product_brand?post=10362"},{"taxonomy":"product_cat","embeddable":true,"href":"https:\/\/uj.adatbank.ro\/lexikon\/wp-json\/wp\/v2\/product_cat?post=10362"},{"taxonomy":"product_tag","embeddable":true,"href":"https:\/\/uj.adatbank.ro\/lexikon\/wp-json\/wp\/v2\/product_tag?post=10362"}],"curies":[{"name":"wp","href":"https:\/\/api.w.org\/{rel}","templated":true}]}}