{"id":10369,"date":"2025-06-29T13:17:46","date_gmt":"2025-06-29T11:17:46","guid":{"rendered":"https:\/\/uj.adatbank.ro\/lexikon\/termek\/imreh-barna-%c2%a7\/"},"modified":"2025-06-29T13:17:46","modified_gmt":"2025-06-29T11:17:46","slug":"imreh-barna-%c2%a7","status":"publish","type":"product","link":"https:\/\/uj.adatbank.ro\/lexikon\/termek\/imreh-barna-%c2%a7\/","title":{"rendered":"IMREH Barna, \u00a7"},"content":{"rendered":"<p>Angyalos, 1908. j\u00fan. 20., \u2020\u00a0Sepsiszentgy\u00f6rgy, 1982. m\u00e1rc. 15.: ref. lelk\u00e9sz, dr. fil., helyt\u00f6rt\u00e9n\u00e9sz, n\u00e9prajzi \u00edr\u00f3. \u2013 Iskol\u00e1it sz\u00fcl\u0151faluj\u00e1ban kezdte a k\u00f6z\u00e9piskol\u00e1t a Sz\u00e9kely Mik\u00f3 Koll. -ban v\u00e9gezte (1926), azut\u00e1n teol\u00f3giai tanulm\u00e1nyokat folytatott Kv., Bp., Halleban, K\u00f6nigsbergben \u00e9s Br\u00fcsszelben, ahol b\u00f6lcs\u00e9szdoktori c\u00edmet szerzett (1943). Lelk\u00e9sz Brass\u00f3ban (1933\u2013), Mez\u0151b\u00e1ndon \u00e9s \u00fajra Brass\u00f3ban; nyugd\u00edjask\u00e9nt Sepsiszentgy\u00f6rgy\u00f6n \u00e9lt (1974\u2013). Ref. otthont \u00e9p\u00edttetett Mez\u0151b\u00e1ndon (1936\u201337), amelyet kult\u00farotthonk\u00e9nt haszn\u00e1ltak (1962\u2013). A ref. egyh\u00e1z tulajdona. Szenved\u00e9lyesen kutatta Mez\u0151b\u00e1nd m\u00faltj\u00e1t, \u00e9s lev\u00e9lt\u00e1ri dok. -ok alapj\u00e1n meg\u00edrta a b\u00e1ndi tavak t\u00f6rt\u00e9net\u00e9t. Els\u0151 \u00edr\u00e1sa a mv.-i Vad\u00e1sz \u00dajs\u00e1gban jelent meg (1927), itt \u00e9s a kv.-i Ellenz\u00e9kben k\u00f6z\u00f6lte elbesz\u00e9l\u00e9seit, vad\u00e1szt\u00f6rt\u00e9neteit, \u00edrt m\u00e9g az : Erd\u00e9lyi M\u00fazeum, Reform\u00e1tus Szemle, Ifj\u00fa Erd\u00e9ly, Kereszt\u00e9ny Magvet\u0151, Korunk, A H\u00e9t, M\u0171vel\u0151d\u00e9s, Aluta, Megyei T\u00fck\u00f6r, N\u00e9pismereti Dolgozatok\u20131978-ban. \u2013 <strong>F. m.:<\/strong> Mez\u0151b\u00e1nd helynevei (Kv., 1942); K\u00fck\u00fcll\u0151-Maros- \u00e9s Ny\u00e1r\u00e1dvid\u00e9ki helynevek a 16\/19. sz. b\u00f3l (Kv., 1943); Papok, tan\u00edt\u00f3k, mesterek a marosi ref. egyh\u00e1zmegy\u00e9ben a XVII-XIX sz. -ban = Egyh\u00e1zt\u00f6rt\u00e9net II (1944). <br \/><strong>Irod.:<\/strong> Guly\u00e1s, Mez\u0151b\u00e1nd; N\u00fa. (2000. m\u00e1rc. 7.); RMIL<\/br><\/p>\n","protected":false},"excerpt":{"rendered":"<p>Angyalos, 1908. j\u00fan. 20., \u2020\u00a0Sepsiszentgy\u00f6rgy, 1982. m\u00e1rc. 15.: ref. lelk\u00e9sz, dr. fil., helyt\u00f6rt\u00e9n\u00e9sz, n\u00e9prajzi \u00edr\u00f3. \u2013 Iskol\u00e1it sz\u00fcl\u0151faluj\u00e1ban kezdte a k\u00f6z\u00e9piskol\u00e1t a Sz\u00e9kely Mik\u00f3 Koll. -ban v\u00e9gezte (1926), azut\u00e1n teol\u00f3giai tanulm\u00e1nyokat folytatott Kv., Bp., Halleban, K\u00f6nigsbergben \u00e9s Br\u00fcsszelben, ahol b\u00f6lcs\u00e9szdoktori c\u00edmet szerzett (1943). Lelk\u00e9sz Brass\u00f3ban (1933\u2013), Mez\u0151b\u00e1ndon \u00e9s \u00fajra Brass\u00f3ban; nyugd\u00edjask\u00e9nt Sepsiszentgy\u00f6rgy\u00f6n \u00e9lt (1974\u2013). Ref. [&hellip;]<\/p>\n","protected":false},"featured_media":0,"comment_status":"open","ping_status":"closed","template":"","meta":[],"product_brand":[],"product_cat":[137],"product_tag":[],"class_list":{"0":"post-10369","1":"product","2":"type-product","3":"status-publish","5":"product_cat-maros-megyei-eletrajzi-lexikon","7":"first","8":"instock","9":"shipping-taxable","10":"product-type-simple"},"_links":{"self":[{"href":"https:\/\/uj.adatbank.ro\/lexikon\/wp-json\/wp\/v2\/product\/10369","targetHints":{"allow":["GET"]}}],"collection":[{"href":"https:\/\/uj.adatbank.ro\/lexikon\/wp-json\/wp\/v2\/product"}],"about":[{"href":"https:\/\/uj.adatbank.ro\/lexikon\/wp-json\/wp\/v2\/types\/product"}],"replies":[{"embeddable":true,"href":"https:\/\/uj.adatbank.ro\/lexikon\/wp-json\/wp\/v2\/comments?post=10369"}],"wp:attachment":[{"href":"https:\/\/uj.adatbank.ro\/lexikon\/wp-json\/wp\/v2\/media?parent=10369"}],"wp:term":[{"taxonomy":"product_brand","embeddable":true,"href":"https:\/\/uj.adatbank.ro\/lexikon\/wp-json\/wp\/v2\/product_brand?post=10369"},{"taxonomy":"product_cat","embeddable":true,"href":"https:\/\/uj.adatbank.ro\/lexikon\/wp-json\/wp\/v2\/product_cat?post=10369"},{"taxonomy":"product_tag","embeddable":true,"href":"https:\/\/uj.adatbank.ro\/lexikon\/wp-json\/wp\/v2\/product_tag?post=10369"}],"curies":[{"name":"wp","href":"https:\/\/api.w.org\/{rel}","templated":true}]}}

<p>Angyalos, 1908. jún. 20., † Sepsiszentgyörgy, 1982. márc. 15.: ref. lelkész, dr. fil., helytörténész, néprajzi író. – Iskoláit szülőfalujában kezdte a középiskolát a Székely Mikó Koll. -ban végezte (1926), azután teológiai tanulmányokat folytatott Kv., Bp., Halleban, Königsbergben és Brüsszelben, ahol bölcsészdoktori címet szerzett (1943). Lelkész Brassóban (1933–), Mezőbándon és újra Brassóban; nyugdíjasként Sepsiszentgyörgyön élt (1974–). Ref. otthont építtetett Mezőbándon (1936–37), amelyet kultúrotthonként használtak (1962–). A ref. egyház tulajdona. Szenvedélyesen kutatta Mezőbánd múltját, és levéltári dok. -ok alapján megírta a bándi tavak történetét. Első írása a mv.-i Vadász Újságban jelent meg (1927), itt és a kv.-i Ellenzékben közölte elbeszéléseit, vadásztörténeteit, írt még az : Erdélyi Múzeum, Református Szemle, Ifjú Erdély, Keresztény Magvető, Korunk, A Hét, Művelődés, Aluta, Megyei Tükör, Népismereti Dolgozatok–1978-ban. – <strong>F. m.:</strong> Mezőbánd helynevei (Kv., 1942); Küküllő-Maros- és Nyárádvidéki helynevek a 16/19. sz. ból (Kv., 1943); Papok, tanítók, mesterek a marosi ref. egyházmegyében a XVII-XIX sz. -ban = Egyháztörténet II (1944). <br /><strong>Irod.:</strong> Gulyás, Mezőbánd; Nú. (2000. márc. 7.); RMIL</br></p>

<p>Angyalos, 1908. jún. 20., † Sepsiszentgyörgy, 1982. márc. 15.: ref. lelkész, dr. fil., helytörténész, néprajzi író. – Iskoláit szülőfalujában kezdte a középiskolát a Székely Mikó Koll. -ban végezte (1926), azután teológiai tanulmányokat folytatott Kv., Bp., Halleban, Königsbergben és Brüsszelben, ahol bölcsészdoktori címet szerzett (1943). Lelkész Brassóban (1933–), Mezőbándon és újra Brassóban; nyugdíjasként Sepsiszentgyörgyön élt (1974–). Ref. [&hellip;]</p>
