{"id":10373,"date":"2025-06-29T13:17:53","date_gmt":"2025-06-29T11:17:53","guid":{"rendered":"https:\/\/uj.adatbank.ro\/lexikon\/termek\/imreh-erno-lajos-alneve-kis-imre\/"},"modified":"2025-06-29T13:17:53","modified_gmt":"2025-06-29T11:17:53","slug":"imreh-erno-lajos-alneve-kis-imre","status":"publish","type":"product","link":"https:\/\/uj.adatbank.ro\/lexikon\/termek\/imreh-erno-lajos-alneve-kis-imre\/","title":{"rendered":"IMREH Ern\u0151 Lajos, \u00e1lneve Kis Imre"},"content":{"rendered":"<p>Kib\u00e9d, 1921. okt. 23., \u2020\u00a0Mv., 2005. m\u00e1j. 6.: jog\u00e1sz, jogtan\u00e1csos. \u2013 I. Zsigmond tan\u00edt\u00f3 \u00e9s Kis Anna tan\u00edt\u00f3n\u0151 fia. Feles\u00e9ge: Schmidt Ir\u00e9n, k\u00f6nyvel\u0151 (1924.?-Mv., 2002. febr. 17.). Gyermekeik: Zsuzsa (1949\u2013) tan\u00e1r; Istv\u00e1n (1951\u2013), \u00fczemm\u00e9rn\u00f6k; Erzs\u00e9bet (1953\u2013) kozmetikus; Katalin (1956\u2013) optikus. \u2013 Kib\u00e9den v\u00e9gezte az \u00e1llami elemi iskol\u00e1t (1928\u201332), Mv.-en a rom\u00e1n tan\u00edt\u00f3k\u00e9pz\u0151 gyakorl\u00f3iskol\u00e1ban (1932\u201333), majd a Ref. Koll. -ban\u00a0tanult \u00e9s \u00e9retts\u00e9gizett (1933\u201341). A bp.-i P\u00e1zm\u00e1ny P\u00e9ter Egyetem Jogtudom\u00e1nyi Kar\u00e1nak levelez\u0151 hallgat\u00f3ja (1941\u201344), majd Kv.-on a BTE.-en jog\u00e1sz oklevelet szerzett (1945). Mv.-en az Erd\u00e9lyr\u00e9szi Hangya Sz\u00f6vetkezeti K\u00f6zpon tisztvisel\u0151je (1942\u201348); a mv.-i Cukorgy\u00e1r jogtan\u00e1csosa nyugd\u00edjaz\u00e1s\u00e1ig (1948\u201382); a jog\u00e1szsz\u00f6vets\u00e9g tagja (1950\u201382). Kult\u00fara p\u00e1rtol\u00f3k\u00e9nt r\u00e9szt vett a hajdani Sz\u00e9kely Sz\u00ednh\u00e1zat alap\u00edt\u00f3 t\u00e1rgyal\u00e1sokon. \u00dajs\u00e1g\u00edr\u00f3, az \u00daj \u00c9let \u00e9s az Erd\u00e9lyi Figyel\u0151 k\u00fcls\u0151 munkat\u00e1rsa. Az \u00daj \u00c9let c. lapban \u00e9vtizedeken vezette a Jog\u00e1sz v\u00e1laszol c. rovatot. Cikkeit k\u00f6z\u00f6lte a Szabad Sz\u00f3, V. Z., N\u00fa., M\u0171v\u00e9szet, Korunk, A H\u00e9t, Utunk, \u00dczenet stb. MURE tag; \u00e1lland\u00f3 munkat\u00e1rsa a mv.-i r\u00e1di\u00f3nak, rovata volt. Szorgalmazta a Nagy Imre k\u00e9pt\u00e1r \u00fajra megny\u00edt\u00e1s\u00e1t. Az \u00fajraalakult KZST alap\u00edt\u00f3 tagja (1990\u2013). Tagja volt az RMDSZ Etikai Bizotts\u00e1g\u00e1nak; a Maros megyei Jogtan\u00e1csosi Koll. V\u00e1lasztm\u00e1ny\u00e1nak tagja, a Rom\u00e1n Jog\u00e1szok Egyes\u00fclet\u00e9nek tagja. Dr. Bern\u00e1dy Gy\u00f6rgy Eml\u00e9kplakettet kapott, a Mv.-i Napok alkalm\u00e1val a v\u00e1ros d\u00edszpolg\u00e1r\u00e1v\u00e1 avatt\u00e1k (1997. j\u00fan. 25.). <br \/><strong>Irod.:<\/strong> Bern\u00e1dy; Bodolai Gy\u00f6ngyi: \u00c9des \u00e9let? Volt egyszer egy cukorgy\u00e1r (N\u00fa, 2013. jan. 31.; 2013. febr. 7.); EMKK 2000; Gy\u00e1rf\u00e1s L. Mikl\u00f3s: I. E. (V. Z., 1980. m\u00e1j. 25.); Id\u0151t\u00e1r 4.; KKACs; I. E. -t\u0151l b\u00facsuzunk (N\u00fa., 2005. m\u00e1j. 10.); Komj\u00e1tszegi; Kusz\u00e1lik; RMKK; Vir\u00e1g Gy\u00f6rgy<\/br><\/p>\n","protected":false},"excerpt":{"rendered":"<p>Kib\u00e9d, 1921. okt. 23., \u2020\u00a0Mv., 2005. m\u00e1j. 6.: jog\u00e1sz, jogtan\u00e1csos. \u2013 I. Zsigmond tan\u00edt\u00f3 \u00e9s Kis Anna tan\u00edt\u00f3n\u0151 fia. Feles\u00e9ge: Schmidt Ir\u00e9n, k\u00f6nyvel\u0151 (1924.?-Mv., 2002. febr. 17.). Gyermekeik: Zsuzsa (1949\u2013) tan\u00e1r; Istv\u00e1n (1951\u2013), \u00fczemm\u00e9rn\u00f6k; Erzs\u00e9bet (1953\u2013) kozmetikus; Katalin (1956\u2013) optikus. \u2013 Kib\u00e9den v\u00e9gezte az \u00e1llami elemi iskol\u00e1t (1928\u201332), Mv.-en a rom\u00e1n tan\u00edt\u00f3k\u00e9pz\u0151 gyakorl\u00f3iskol\u00e1ban (1932\u201333), majd [&hellip;]<\/p>\n","protected":false},"featured_media":0,"comment_status":"open","ping_status":"closed","template":"","meta":[],"product_brand":[],"product_cat":[137],"product_tag":[],"class_list":{"0":"post-10373","1":"product","2":"type-product","3":"status-publish","5":"product_cat-maros-megyei-eletrajzi-lexikon","7":"first","8":"instock","9":"shipping-taxable","10":"product-type-simple"},"_links":{"self":[{"href":"https:\/\/uj.adatbank.ro\/lexikon\/wp-json\/wp\/v2\/product\/10373","targetHints":{"allow":["GET"]}}],"collection":[{"href":"https:\/\/uj.adatbank.ro\/lexikon\/wp-json\/wp\/v2\/product"}],"about":[{"href":"https:\/\/uj.adatbank.ro\/lexikon\/wp-json\/wp\/v2\/types\/product"}],"replies":[{"embeddable":true,"href":"https:\/\/uj.adatbank.ro\/lexikon\/wp-json\/wp\/v2\/comments?post=10373"}],"wp:attachment":[{"href":"https:\/\/uj.adatbank.ro\/lexikon\/wp-json\/wp\/v2\/media?parent=10373"}],"wp:term":[{"taxonomy":"product_brand","embeddable":true,"href":"https:\/\/uj.adatbank.ro\/lexikon\/wp-json\/wp\/v2\/product_brand?post=10373"},{"taxonomy":"product_cat","embeddable":true,"href":"https:\/\/uj.adatbank.ro\/lexikon\/wp-json\/wp\/v2\/product_cat?post=10373"},{"taxonomy":"product_tag","embeddable":true,"href":"https:\/\/uj.adatbank.ro\/lexikon\/wp-json\/wp\/v2\/product_tag?post=10373"}],"curies":[{"name":"wp","href":"https:\/\/api.w.org\/{rel}","templated":true}]}}

IMREH Ernő Lajos, álneve Kis Imre

<p>Kibéd, 1921. okt. 23., † Mv., 2005. máj. 6.: jogász, jogtanácsos. – I. Zsigmond tanító és Kis Anna tanítónő fia. Felesége: Schmidt Irén, könyvelő (1924.?-Mv., 2002. febr. 17.). Gyermekeik: Zsuzsa (1949–) tanár; István (1951–), üzemmérnök; Erzsébet (1953–) kozmetikus; Katalin (1956–) optikus. – Kibéden végezte az állami elemi iskolát (1928–32), Mv.-en a román tanítóképző gyakorlóiskolában (1932–33), majd a Ref. Koll. -ban tanult és érettségizett (1933–41). A bp.-i Pázmány Péter Egyetem Jogtudományi Karának levelező hallgatója (1941–44), majd Kv.-on a BTE.-en jogász oklevelet szerzett (1945). Mv.-en az Erdélyrészi Hangya Szövetkezeti Közpon tisztviselője (1942–48); a mv.-i Cukorgyár jogtanácsosa nyugdíjazásáig (1948–82); a jogászszövetség tagja (1950–82). Kultúra pártolóként részt vett a hajdani Székely Színházat alapító tárgyalásokon. Újságíró, az Új Élet és az Erdélyi Figyelő külső munkatársa. Az Új Élet c. lapban évtizedeken vezette a Jogász válaszol c. rovatot. Cikkeit közölte a Szabad Szó, V. Z., Nú., Művészet, Korunk, A Hét, Utunk, Üzenet stb. MURE tag; állandó munkatársa a mv.-i rádiónak, rovata volt. Szorgalmazta a Nagy Imre képtár újra megnyítását. Az újraalakult KZST alapító tagja (1990–). Tagja volt az RMDSZ Etikai Bizottságának; a Maros megyei Jogtanácsosi Koll. Választmányának tagja, a Román Jogászok Egyesületének tagja. Dr. Bernády György Emlékplakettet kapott, a Mv.-i Napok alkalmával a város díszpolgárává avatták (1997. jún. 25.). <br /><strong>Irod.:</strong> Bernády; Bodolai Gyöngyi: Édes élet? Volt egyszer egy cukorgyár (Nú, 2013. jan. 31.; 2013. febr. 7.); EMKK 2000; Gyárfás L. Miklós: I. E. (V. Z., 1980. máj. 25.); Időtár 4.; KKACs; I. E. -től búcsuzunk (Nú., 2005. máj. 10.); Komjátszegi; Kuszálik; RMKK; Virág György</br></p>

<p>Kibéd, 1921. okt. 23., † Mv., 2005. máj. 6.: jogász, jogtanácsos. – I. Zsigmond tanító és Kis Anna tanítónő fia. Felesége: Schmidt Irén, könyvelő (1924.?-Mv., 2002. febr. 17.). Gyermekeik: Zsuzsa (1949–) tanár; István (1951–), üzemmérnök; Erzsébet (1953–) kozmetikus; Katalin (1956–) optikus. – Kibéden végezte az állami elemi iskolát (1928–32), Mv.-en a román tanítóképző gyakorlóiskolában (1932–33), majd [&hellip;]</p>
