{"id":10374,"date":"2025-06-29T13:17:55","date_gmt":"2025-06-29T11:17:55","guid":{"rendered":"https:\/\/uj.adatbank.ro\/lexikon\/termek\/imreh-farkas\/"},"modified":"2025-06-29T13:17:55","modified_gmt":"2025-06-29T11:17:55","slug":"imreh-farkas","status":"publish","type":"product","link":"https:\/\/uj.adatbank.ro\/lexikon\/termek\/imreh-farkas\/","title":{"rendered":"IMREH Farkas"},"content":{"rendered":"<p>Mv., 1819, \u2020 Bp., 1879. aug. 31.: nyomd\u00e1sz. \u2013 Testv\u00e9re: I. S\u00e1ndor mv.-i nyomd\u00e1sz, \u00edr\u00f3. Feles\u00e9ge: Mezei Lidia. Gyermekeik: Albert, feles\u00e9ge H\u00e9czei R\u00f3za; Domokos (1844.? \u2013 Mv., 1869. j\u00fan. 4.); Kl\u00e1ra; Farkas. \u2013 Mv.-en tanunulta a nyomd\u00e1szatot \u00e9s k\u00e9s\u0151bb Bp.-re ker\u00fclt, ahol az Atheneum nyomd\u00e1j\u00e1ban dolgozott mint bet\u0171szed\u0151. A forradalom idej\u00e9n lelkes\u00edt\u0151 dalokat kompon\u00e1lt. \u2013 <strong>F. m.:<\/strong> Nemzet\u0151rs\u00e9ghez int\u00e9zett besz\u00e9d (Mv., 1848); Marossz\u00e9ki kortes taktika (Mv., 1848); Sz\u00e9kely harci dal (Mv., 1848); Ujoncz-vidit\u00f3 \u00e9s katonai dalok (Mv., 1848). <br \/><strong>Irod.:<\/strong> Gy\u00e1szjelent\u0151; Rugonfalvi Kiss; Szinnyei<\/br><\/p>\n","protected":false},"excerpt":{"rendered":"<p>Mv., 1819, \u2020 Bp., 1879. aug. 31.: nyomd\u00e1sz. \u2013 Testv\u00e9re: I. S\u00e1ndor mv.-i nyomd\u00e1sz, \u00edr\u00f3. Feles\u00e9ge: Mezei Lidia. Gyermekeik: Albert, feles\u00e9ge H\u00e9czei R\u00f3za; Domokos (1844.? \u2013 Mv., 1869. j\u00fan. 4.); Kl\u00e1ra; Farkas. \u2013 Mv.-en tanunulta a nyomd\u00e1szatot \u00e9s k\u00e9s\u0151bb Bp.-re ker\u00fclt, ahol az Atheneum nyomd\u00e1j\u00e1ban dolgozott mint bet\u0171szed\u0151. A forradalom idej\u00e9n lelkes\u00edt\u0151 dalokat kompon\u00e1lt. \u2013 [&hellip;]<\/p>\n","protected":false},"featured_media":0,"comment_status":"open","ping_status":"closed","template":"","meta":[],"product_brand":[],"product_cat":[137],"product_tag":[],"class_list":{"0":"post-10374","1":"product","2":"type-product","3":"status-publish","5":"product_cat-maros-megyei-eletrajzi-lexikon","7":"first","8":"instock","9":"shipping-taxable","10":"product-type-simple"},"_links":{"self":[{"href":"https:\/\/uj.adatbank.ro\/lexikon\/wp-json\/wp\/v2\/product\/10374","targetHints":{"allow":["GET"]}}],"collection":[{"href":"https:\/\/uj.adatbank.ro\/lexikon\/wp-json\/wp\/v2\/product"}],"about":[{"href":"https:\/\/uj.adatbank.ro\/lexikon\/wp-json\/wp\/v2\/types\/product"}],"replies":[{"embeddable":true,"href":"https:\/\/uj.adatbank.ro\/lexikon\/wp-json\/wp\/v2\/comments?post=10374"}],"wp:attachment":[{"href":"https:\/\/uj.adatbank.ro\/lexikon\/wp-json\/wp\/v2\/media?parent=10374"}],"wp:term":[{"taxonomy":"product_brand","embeddable":true,"href":"https:\/\/uj.adatbank.ro\/lexikon\/wp-json\/wp\/v2\/product_brand?post=10374"},{"taxonomy":"product_cat","embeddable":true,"href":"https:\/\/uj.adatbank.ro\/lexikon\/wp-json\/wp\/v2\/product_cat?post=10374"},{"taxonomy":"product_tag","embeddable":true,"href":"https:\/\/uj.adatbank.ro\/lexikon\/wp-json\/wp\/v2\/product_tag?post=10374"}],"curies":[{"name":"wp","href":"https:\/\/api.w.org\/{rel}","templated":true}]}}

<p>Mv., 1819, † Bp., 1879. aug. 31.: nyomdász. – Testvére: I. Sándor mv.-i nyomdász, író. Felesége: Mezei Lidia. Gyermekeik: Albert, felesége Héczei Róza; Domokos (1844.? – Mv., 1869. jún. 4.); Klára; Farkas. – Mv.-en tanunulta a nyomdászatot és később Bp.-re került, ahol az Atheneum nyomdájában dolgozott mint betűszedő. A forradalom idején lelkesítő dalokat komponált. – <strong>F. m.:</strong> Nemzetőrséghez intézett beszéd (Mv., 1848); Marosszéki kortes taktika (Mv., 1848); Székely harci dal (Mv., 1848); Ujoncz-viditó és katonai dalok (Mv., 1848). <br /><strong>Irod.:</strong> Gyászjelentő; Rugonfalvi Kiss; Szinnyei</br></p>

<p>Mv., 1819, † Bp., 1879. aug. 31.: nyomdász. – Testvére: I. Sándor mv.-i nyomdász, író. Felesége: Mezei Lidia. Gyermekeik: Albert, felesége Héczei Róza; Domokos (1844.? – Mv., 1869. jún. 4.); Klára; Farkas. – Mv.-en tanunulta a nyomdászatot és később Bp.-re került, ahol az Atheneum nyomdájában dolgozott mint betűszedő. A forradalom idején lelkesítő dalokat komponált. – [&hellip;]</p>
