{"id":10377,"date":"2025-06-29T13:17:59","date_gmt":"2025-06-29T11:17:59","guid":{"rendered":"https:\/\/uj.adatbank.ro\/lexikon\/termek\/imreh-istvan\/"},"modified":"2025-06-29T13:17:59","modified_gmt":"2025-06-29T11:17:59","slug":"imreh-istvan","status":"publish","type":"product","link":"https:\/\/uj.adatbank.ro\/lexikon\/termek\/imreh-istvan\/","title":{"rendered":"IMREH Istv\u00e1n"},"content":{"rendered":"<p>1945? \u2020\u00a0?: biol\u00f3gus. \u2013 Azonos nev\u0171 apja t\u00f6rt\u00e9n\u00e9sz. Nagyb\u00e1tyja a mv.-i H\u00f6hn K\u00e1roly, biol\u00f3gus. Feles\u00e9ge: Piroska, biol\u00f3gus. \u2013 Kv.-on v\u00e9gzett biol\u00f3gi\u00e1t a Bolyai egyetemen. Kett\u0151s PhD doktorr\u00e1 avatt\u00e1k (1973), az orvostudom\u00e1ny doktora is. UNESCO-\u00f6szt\u00f6nd\u00edjas Mo.-on a Szegedi Biol\u00f3giai K\u00f6zpontban (1975). \u00c1ll\u00e1st kapott a kv.-i Nukle\u00e1ris Medicina Int\u00e9zetben, klinikai biol\u00f3gus 20 \u00e9vig. Tan\u00edtv\u00e1nya pl. a mv.-i D\u00e1vid Dezs\u0151, aki Portug\u00e1li\u00e1ban doktor\u00e1lt \u00e9s hum\u00e1n molekul\u00e1ris csoportot vezet, vannak Kanad\u00e1ban, Los Angelesben, Bayreutban, W\u00fcrzburgban, N\u00e9metorsz\u00e1gban, Sv\u00e9dorsz\u00e1gban akik tov\u00e1bb tanulnak, dolgoznak. \u2013 K\u00f6tete.: A kromosz\u00f3ma (Kriterion, 1986). <br \/><strong>Irod.:<\/strong> ???<\/br><\/p>\n","protected":false},"excerpt":{"rendered":"<p>1945? \u2020\u00a0?: biol\u00f3gus. \u2013 Azonos nev\u0171 apja t\u00f6rt\u00e9n\u00e9sz. Nagyb\u00e1tyja a mv.-i H\u00f6hn K\u00e1roly, biol\u00f3gus. Feles\u00e9ge: Piroska, biol\u00f3gus. \u2013 Kv.-on v\u00e9gzett biol\u00f3gi\u00e1t a Bolyai egyetemen. Kett\u0151s PhD doktorr\u00e1 avatt\u00e1k (1973), az orvostudom\u00e1ny doktora is. UNESCO-\u00f6szt\u00f6nd\u00edjas Mo.-on a Szegedi Biol\u00f3giai K\u00f6zpontban (1975). \u00c1ll\u00e1st kapott a kv.-i Nukle\u00e1ris Medicina Int\u00e9zetben, klinikai biol\u00f3gus 20 \u00e9vig. Tan\u00edtv\u00e1nya pl. a mv.-i [&hellip;]<\/p>\n","protected":false},"featured_media":0,"comment_status":"open","ping_status":"closed","template":"","meta":[],"product_brand":[],"product_cat":[137],"product_tag":[],"class_list":{"0":"post-10377","1":"product","2":"type-product","3":"status-publish","5":"product_cat-maros-megyei-eletrajzi-lexikon","7":"first","8":"instock","9":"shipping-taxable","10":"product-type-simple"},"_links":{"self":[{"href":"https:\/\/uj.adatbank.ro\/lexikon\/wp-json\/wp\/v2\/product\/10377","targetHints":{"allow":["GET"]}}],"collection":[{"href":"https:\/\/uj.adatbank.ro\/lexikon\/wp-json\/wp\/v2\/product"}],"about":[{"href":"https:\/\/uj.adatbank.ro\/lexikon\/wp-json\/wp\/v2\/types\/product"}],"replies":[{"embeddable":true,"href":"https:\/\/uj.adatbank.ro\/lexikon\/wp-json\/wp\/v2\/comments?post=10377"}],"wp:attachment":[{"href":"https:\/\/uj.adatbank.ro\/lexikon\/wp-json\/wp\/v2\/media?parent=10377"}],"wp:term":[{"taxonomy":"product_brand","embeddable":true,"href":"https:\/\/uj.adatbank.ro\/lexikon\/wp-json\/wp\/v2\/product_brand?post=10377"},{"taxonomy":"product_cat","embeddable":true,"href":"https:\/\/uj.adatbank.ro\/lexikon\/wp-json\/wp\/v2\/product_cat?post=10377"},{"taxonomy":"product_tag","embeddable":true,"href":"https:\/\/uj.adatbank.ro\/lexikon\/wp-json\/wp\/v2\/product_tag?post=10377"}],"curies":[{"name":"wp","href":"https:\/\/api.w.org\/{rel}","templated":true}]}}

IMREH István

<p>1945? † ?: biológus. – Azonos nevű apja történész. Nagybátyja a mv.-i Höhn Károly, biológus. Felesége: Piroska, biológus. – Kv.-on végzett biológiát a Bolyai egyetemen. Kettős PhD doktorrá avatták (1973), az orvostudomány doktora is. UNESCO-ösztöndíjas Mo.-on a Szegedi Biológiai Központban (1975). Állást kapott a kv.-i Nukleáris Medicina Intézetben, klinikai biológus 20 évig. Tanítványa pl. a mv.-i Dávid Dezső, aki Portugáliában doktorált és humán molekuláris csoportot vezet, vannak Kanadában, Los Angelesben, Bayreutban, Würzburgban, Németországban, Svédországban akik tovább tanulnak, dolgoznak. – Kötete.: A kromoszóma (Kriterion, 1986). <br /><strong>Irod.:</strong> ???</br></p>

<p>1945? † ?: biológus. – Azonos nevű apja történész. Nagybátyja a mv.-i Höhn Károly, biológus. Felesége: Piroska, biológus. – Kv.-on végzett biológiát a Bolyai egyetemen. Kettős PhD doktorrá avatták (1973), az orvostudomány doktora is. UNESCO-ösztöndíjas Mo.-on a Szegedi Biológiai Központban (1975). Állást kapott a kv.-i Nukleáris Medicina Intézetben, klinikai biológus 20 évig. Tanítványa pl. a mv.-i [&hellip;]</p>
