{"id":10378,"date":"2025-06-29T13:18:01","date_gmt":"2025-06-29T11:18:01","guid":{"rendered":"https:\/\/uj.adatbank.ro\/lexikon\/termek\/imreh-istvan-kaposztasszentmiklosi\/"},"modified":"2025-06-29T13:18:01","modified_gmt":"2025-06-29T11:18:01","slug":"imreh-istvan-kaposztasszentmiklosi","status":"publish","type":"product","link":"https:\/\/uj.adatbank.ro\/lexikon\/termek\/imreh-istvan-kaposztasszentmiklosi\/","title":{"rendered":"IMREH Istv\u00e1n, k\u00e1poszt\u00e1sszentmikl\u00f3si"},"content":{"rendered":"<p>? \u2020\u00a0?: l\u00f3f\u0151. \u2013 \u0150si sz\u00e9kely csal\u00e1d: I. Antal f\u00f6ldbirtokos volt K\u00e1poszt\u00e1sszentmikl\u00f3son (1596); L\u00f3f\u0151s\u00e9get Istv\u00e1n nyert (1655. jun. 28.). <br \/><strong>Irod.:<\/strong> P\u00e1lmay<\/br><\/p>\n","protected":false},"excerpt":{"rendered":"<p>? \u2020\u00a0?: l\u00f3f\u0151. \u2013 \u0150si sz\u00e9kely csal\u00e1d: I. Antal f\u00f6ldbirtokos volt K\u00e1poszt\u00e1sszentmikl\u00f3son (1596); L\u00f3f\u0151s\u00e9get Istv\u00e1n nyert (1655. jun. 28.). Irod.: P\u00e1lmay<\/p>\n","protected":false},"featured_media":0,"comment_status":"open","ping_status":"closed","template":"","meta":[],"product_brand":[],"product_cat":[137],"product_tag":[],"class_list":{"0":"post-10378","1":"product","2":"type-product","3":"status-publish","5":"product_cat-maros-megyei-eletrajzi-lexikon","7":"first","8":"instock","9":"shipping-taxable","10":"product-type-simple"},"_links":{"self":[{"href":"https:\/\/uj.adatbank.ro\/lexikon\/wp-json\/wp\/v2\/product\/10378","targetHints":{"allow":["GET"]}}],"collection":[{"href":"https:\/\/uj.adatbank.ro\/lexikon\/wp-json\/wp\/v2\/product"}],"about":[{"href":"https:\/\/uj.adatbank.ro\/lexikon\/wp-json\/wp\/v2\/types\/product"}],"replies":[{"embeddable":true,"href":"https:\/\/uj.adatbank.ro\/lexikon\/wp-json\/wp\/v2\/comments?post=10378"}],"wp:attachment":[{"href":"https:\/\/uj.adatbank.ro\/lexikon\/wp-json\/wp\/v2\/media?parent=10378"}],"wp:term":[{"taxonomy":"product_brand","embeddable":true,"href":"https:\/\/uj.adatbank.ro\/lexikon\/wp-json\/wp\/v2\/product_brand?post=10378"},{"taxonomy":"product_cat","embeddable":true,"href":"https:\/\/uj.adatbank.ro\/lexikon\/wp-json\/wp\/v2\/product_cat?post=10378"},{"taxonomy":"product_tag","embeddable":true,"href":"https:\/\/uj.adatbank.ro\/lexikon\/wp-json\/wp\/v2\/product_tag?post=10378"}],"curies":[{"name":"wp","href":"https:\/\/api.w.org\/{rel}","templated":true}]}}