{"id":10387,"date":"2025-06-29T13:18:17","date_gmt":"2025-06-29T11:18:17","guid":{"rendered":"https:\/\/uj.adatbank.ro\/lexikon\/termek\/imreh-sandor-%c2%a7-kaposztasszentmiklosi-alnevei-egy-volt-oreg-honved-egy-volt-oreg-honved-huszar\/"},"modified":"2025-06-29T13:18:17","modified_gmt":"2025-06-29T11:18:17","slug":"imreh-sandor-%c2%a7-kaposztasszentmiklosi-alnevei-egy-volt-oreg-honved-egy-volt-oreg-honved-huszar","status":"publish","type":"product","link":"https:\/\/uj.adatbank.ro\/lexikon\/termek\/imreh-sandor-%c2%a7-kaposztasszentmiklosi-alnevei-egy-volt-oreg-honved-egy-volt-oreg-honved-huszar\/","title":{"rendered":"IMREH S\u00e1ndor, \u00a7 k\u00e1poszt\u00e1sszentmikl\u00f3si, \u00e1lnevei: Egy volt \u00f6reg honv\u00e9d, Egy volt \u00f6reg honv\u00e9d \u2013 husz\u00e1r"},"content":{"rendered":"<p>Nagy-Esk\u00fcll\u0151 (Doboka vm.)., 1830. \u00e1pr. 11., \u2020 Mv., 1895. dec. 25.: \u00fajs\u00e1g\u00edr\u00f3; nyomd\u00e1sz, honv\u00e9d-husz\u00e1r. \u2013 I. Farkas testv\u00e9re. Feles\u00e9ge: Zsid\u00f3 M\u00e1ria. Le\u00e1nyuk: Gizella. \u2013 Kali Simon felvette Mv.-en a Ref. Koll. nyomd\u00e1j\u00e1ba mint seg\u00e9dnyomd\u00e1szt (1844); Kv.-on m\u0171k\u00f6d\u00f6tt a Ref. Koll. \u00e9s az Ellen\u0151r nyomd\u00e1j\u00e1ban, mint bet\u0171szed\u0151 (1848). Bel\u00e9pett a Kossuth, k\u00e9s\u0151bb a M\u00e1ty\u00e1s- husz\u00e1r nev\u0171 15. gyalogezredbe s t\u00f6bb csat\u00e1ban vett r\u00e9szt (1848\u201349): Kv. visszafoglal\u00e1s\u00e1n\u00e1l Urban seregeit\u0151l, Nagyszebennn\u00e9l, Szelindeken, V\u00edzakn\u00e1n\u00e1l, a Piski-i h\u00eddn\u00e1l stb., Zsib\u00f3n\u00e1l tette le a fegyvert. A kv.-on megjelen\u0151 T\u00f6rt\u00e9nelmi Lapok munkat\u00e1rsa a kezdetekt\u0151l (1848\u201349). Besorozt\u00e1k a 62. cs. kir. gyalogezredbe, ahol mint tizedes \u00e9s \u0151rmester szolg\u00e1lt Olaszo. -ban (\u20131857). K\u00f6nyvnyomtat\u00f3 Kv. -on, Bp.-en az Emich Guszt\u00e1v majd a Wodi\u00e1ner F\u00fcl\u00f6p \u00e9s Poldini k\u00f6nyvnyomd\u00e1ban (1858\u201362). Kv.-on Stein J\u00e1nosn\u00e1l k\u00e9s\u0151bb G\u00e1m\u00e1n J\u00e1nosn\u00e1l tev\u00e9kenykedett (1862\u2013). Mv.-en Nagy Lajos t\u00f6rv\u00e9nysz\u00e9ki b\u00edr\u00f3 \u00e9s Fogarasi Rudolf t\u00e1rsas\u00e1g\u00e1ban nyomd\u00e1t rendezett be (1865), ezt a nyomd\u00e1t a Ref. Koll. megvette t\u0151le (1867). Megb\u00edzt\u00e1k a nyomda vezet\u00e9s\u00e9vel. Szabad idej\u00e9ben a szabads\u00e1gharci esem\u00e9nyek le\u00edr\u00e1s\u00e1val \u00e9s Pet\u0151fi s\u00edrhely\u00e9nek kutat\u00e1s\u00e1val foglalkozott. Sz\u00e1mos forradalmi eml\u00e9keket feleleven\u00edt\u0151 f\u00fczet, cikk szerz\u0151je. Cikkeit k\u00f6z\u00f6lte a: Graphica, Nyomd\u00e1szok K\u00f6zl\u00f6nye, Marosvid\u00e9k, Erd\u00e9lyi H\u00edrad\u00f3, Vas\u00e1rnapi \u00dajs\u00e1g, T\u00f6rt\u00e9nelmi Lapok, Gutenberg, Typogr\u00e1fia. Tolnai Lajos Erd\u00e9ly c. lapj\u00e1nak kiad\u00f3ja (1871). K\u00f6zz\u00e9tette a mv.-i ref. v\u00e1rtemplom toronygombj\u00e1ban elhelyezett eml\u00e9kiratokat, amit a renov\u00e1l\u00e1skor vettek le (1885). A bp.-i K\u00f6nyvnyomd\u00e1szok T\u00e1rsas\u00e1ga tiszteletbeli tagja (1889). \u2013 <strong>F. m.:<\/strong> Gyakorlati utas\u00edt\u00e1sok a m. nyomd\u00e1sz fiatals\u00e1g sz\u00e1m\u00e1ra \u00e9s kimutat\u00e1sa azon neh\u00e9zs\u00e9geknek, melyekkel \u00fagy a nyomdatulajdonosok, mint seg\u00e9dek k\u00fczdenek (Mv., 1879); Visszaeml\u00e9kez\u00e9s az 1848\u201349. szabads\u00e1gharcra Erd\u00e9lyben (Mv., 1880); A mv.-i ev. ref. f\u0151tanoda ujonnan berendezett k\u00f6nyvnyomd\u00e1j\u00e1nak mutatv\u00e1nyk\u00f6nyve (Mv., 1880); Eml\u00e9kek az 1848\u201349. \u00e9vi szabads\u00e1gharcra Erd\u00e9lyben (Mv., 1882); Akik egym\u00e1snak vannak teremtve: Igen mulats\u00e1gos sz\u00ednm\u0171 (Mv., 1884); Mit tettek r\u00e9gi hitfeleink a mv.-i v\u00e1rbeli ref. templom toronygombj\u00e1ba a XVII. sz\u00e1zadban (Mv., 1885); Mik\u00e9pen lehetne seg\u00edteni az \u00e1ltal\u00e1nos iparos oszt\u00e1ly jelenlegi nyomaszt\u00f3 helyzet\u00e9n haz\u00e1nkban? (Mv., 1885); Mulhatatlanul sz\u00fcks\u00e9ges-e a k\u00f6tjelek haszn\u00e1lata a sz\u00f3elv\u00e1laszt\u00e1sokn\u00e1l: V\u00e9lem\u00e9ny \u00e9s ind\u00edtv\u00e1ny (Mv., 1889); Marossz\u00e9k \u00e9s Mv. az 1848\u20131849-es forradalom \u00e9s szabads\u00e1gharc idej\u00e9n (Sz\u00e9kelyudvarhely, 2001); Visszaeml\u00e9kez\u00e9s az 1848\u201349. \u00e9vi szabads\u00e1gharcra Erd\u00e9lyben (Bp., 2003); <strong>szerk.:<\/strong> Koszor\u00fa fels\u00e9ges kir\u00e1lyunk I. Ferenc J\u00f3zsef \u00e9s feles\u00e9ge kir\u00e1lyasszonyunk Erzs\u00e9bet ez\u00fcst mennyegz\u0151je eml\u00e9k\u00e9re. 1879. \u00e1pr. 24. (Mv., 1879), el\u0151sz\u00f3: Gr. Teleki S\u00e1muel erd\u00e9lyi kancell\u00e1r \u00fatinapl\u00f3ja (Mv., 1908). <br \/><strong>Irod.:<\/strong> 1848\u20131849 Marossz\u00e9k; Gy\u00e1szjelent\u0151; Id\u0151t\u00e1r 2; Keszeg; Koncz J\u00f3zsef; Marosi-KZST; Olosz Katalin. J\u00e1t\u00e9k a csatat\u00e9ren (Krizai J\u00e1nos N\u00e9prajzi T\u00e1rsas\u00e1g \u00c9vk., 11, 2003); Olosz Katalin: T\u00f6rt\u00e9nelem \u00e9s sz\u00e1jhagyom\u00e1ny =  Olosz Katalin 2003; Pusztai; Rugonfalvi Kiss; Sz\u00e9kely Napt\u00e1r (hirdet\u00e9sei; 1877); Szinnyei, Szinnyei J.; Veress<\/br><\/p>\n","protected":false},"excerpt":{"rendered":"<p>Nagy-Esk\u00fcll\u0151 (Doboka vm.)., 1830. \u00e1pr. 11., \u2020 Mv., 1895. dec. 25.: \u00fajs\u00e1g\u00edr\u00f3; nyomd\u00e1sz, honv\u00e9d-husz\u00e1r. \u2013 I. Farkas testv\u00e9re. Feles\u00e9ge: Zsid\u00f3 M\u00e1ria. Le\u00e1nyuk: Gizella. \u2013 Kali Simon felvette Mv.-en a Ref. Koll. nyomd\u00e1j\u00e1ba mint seg\u00e9dnyomd\u00e1szt (1844); Kv.-on m\u0171k\u00f6d\u00f6tt a Ref. Koll. \u00e9s az Ellen\u0151r nyomd\u00e1j\u00e1ban, mint bet\u0171szed\u0151 (1848). Bel\u00e9pett a Kossuth, k\u00e9s\u0151bb a M\u00e1ty\u00e1s- husz\u00e1r nev\u0171 [&hellip;]<\/p>\n","protected":false},"featured_media":0,"comment_status":"open","ping_status":"closed","template":"","meta":[],"product_brand":[],"product_cat":[137],"product_tag":[],"class_list":{"0":"post-10387","1":"product","2":"type-product","3":"status-publish","5":"product_cat-maros-megyei-eletrajzi-lexikon","7":"first","8":"instock","9":"shipping-taxable","10":"product-type-simple"},"_links":{"self":[{"href":"https:\/\/uj.adatbank.ro\/lexikon\/wp-json\/wp\/v2\/product\/10387","targetHints":{"allow":["GET"]}}],"collection":[{"href":"https:\/\/uj.adatbank.ro\/lexikon\/wp-json\/wp\/v2\/product"}],"about":[{"href":"https:\/\/uj.adatbank.ro\/lexikon\/wp-json\/wp\/v2\/types\/product"}],"replies":[{"embeddable":true,"href":"https:\/\/uj.adatbank.ro\/lexikon\/wp-json\/wp\/v2\/comments?post=10387"}],"wp:attachment":[{"href":"https:\/\/uj.adatbank.ro\/lexikon\/wp-json\/wp\/v2\/media?parent=10387"}],"wp:term":[{"taxonomy":"product_brand","embeddable":true,"href":"https:\/\/uj.adatbank.ro\/lexikon\/wp-json\/wp\/v2\/product_brand?post=10387"},{"taxonomy":"product_cat","embeddable":true,"href":"https:\/\/uj.adatbank.ro\/lexikon\/wp-json\/wp\/v2\/product_cat?post=10387"},{"taxonomy":"product_tag","embeddable":true,"href":"https:\/\/uj.adatbank.ro\/lexikon\/wp-json\/wp\/v2\/product_tag?post=10387"}],"curies":[{"name":"wp","href":"https:\/\/api.w.org\/{rel}","templated":true}]}}

IMREH Sándor, § káposztásszentmiklósi, álnevei: Egy volt öreg honvéd, Egy volt öreg honvéd – huszár

<p>Nagy-Esküllő (Doboka vm.)., 1830. ápr. 11., † Mv., 1895. dec. 25.: újságíró; nyomdász, honvéd-huszár. – I. Farkas testvére. Felesége: Zsidó Mária. Leányuk: Gizella. – Kali Simon felvette Mv.-en a Ref. Koll. nyomdájába mint segédnyomdászt (1844); Kv.-on működött a Ref. Koll. és az Ellenőr nyomdájában, mint betűszedő (1848). Belépett a Kossuth, később a Mátyás- huszár nevű 15. gyalogezredbe s több csatában vett részt (1848–49): Kv. visszafoglalásánál Urban seregeitől, Nagyszebennnél, Szelindeken, Vízaknánál, a Piski-i hídnál stb., Zsibónál tette le a fegyvert. A kv.-on megjelenő Történelmi Lapok munkatársa a kezdetektől (1848–49). Besorozták a 62. cs. kir. gyalogezredbe, ahol mint tizedes és őrmester szolgált Olaszo. -ban (–1857). Könyvnyomtató Kv. -on, Bp.-en az Emich Gusztáv majd a Wodiáner Fülöp és Poldini könyvnyomdában (1858–62). Kv.-on Stein Jánosnál később Gámán Jánosnál tevékenykedett (1862–). Mv.-en Nagy Lajos törvényszéki bíró és Fogarasi Rudolf társaságában nyomdát rendezett be (1865), ezt a nyomdát a Ref. Koll. megvette tőle (1867). Megbízták a nyomda vezetésével. Szabad idejében a szabadságharci események leírásával és Petőfi sírhelyének kutatásával foglalkozott. Számos forradalmi emlékeket felelevenítő füzet, cikk szerzője. Cikkeit közölte a: Graphica, Nyomdászok Közlönye, Marosvidék, Erdélyi Híradó, Vasárnapi Újság, Történelmi Lapok, Gutenberg, Typográfia. Tolnai Lajos Erdély c. lapjának kiadója (1871). Közzétette a mv.-i ref. vártemplom toronygombjában elhelyezett emlékiratokat, amit a renováláskor vettek le (1885). A bp.-i Könyvnyomdászok Társasága tiszteletbeli tagja (1889). – <strong>F. m.:</strong> Gyakorlati utasítások a m. nyomdász fiatalság számára és kimutatása azon nehézségeknek, melyekkel úgy a nyomdatulajdonosok, mint segédek küzdenek (Mv., 1879); Visszaemlékezés az 1848–49. szabadságharcra Erdélyben (Mv., 1880); A mv.-i ev. ref. főtanoda ujonnan berendezett könyvnyomdájának mutatványkönyve (Mv., 1880); Emlékek az 1848–49. évi szabadságharcra Erdélyben (Mv., 1882); Akik egymásnak vannak teremtve: Igen mulatságos színmű (Mv., 1884); Mit tettek régi hitfeleink a mv.-i várbeli ref. templom toronygombjába a XVII. században (Mv., 1885); Miképen lehetne segíteni az általános iparos osztály jelenlegi nyomasztó helyzetén hazánkban? (Mv., 1885); Mulhatatlanul szükséges-e a kötjelek használata a szóelválasztásoknál: Vélemény és indítvány (Mv., 1889); Marosszék és Mv. az 1848–1849-es forradalom és szabadságharc idején (Székelyudvarhely, 2001); Visszaemlékezés az 1848–49. évi szabadságharcra Erdélyben (Bp., 2003); <strong>szerk.:</strong> Koszorú felséges királyunk I. Ferenc József és felesége királyasszonyunk Erzsébet ezüst mennyegzője emlékére. 1879. ápr. 24. (Mv., 1879), előszó: Gr. Teleki Sámuel erdélyi kancellár útinaplója (Mv., 1908). <br /><strong>Irod.:</strong> 1848–1849 Marosszék; Gyászjelentő; Időtár 2; Keszeg; Koncz József; Marosi-KZST; Olosz Katalin. Játék a csatatéren (Krizai János Néprajzi Társaság Évk., 11, 2003); Olosz Katalin: Történelem és szájhagyomány =  Olosz Katalin 2003; Pusztai; Rugonfalvi Kiss; Székely Naptár (hirdetései; 1877); Szinnyei, Szinnyei J.; Veress</br></p>

<p>Nagy-Esküllő (Doboka vm.)., 1830. ápr. 11., † Mv., 1895. dec. 25.: újságíró; nyomdász, honvéd-huszár. – I. Farkas testvére. Felesége: Zsidó Mária. Leányuk: Gizella. – Kali Simon felvette Mv.-en a Ref. Koll. nyomdájába mint segédnyomdászt (1844); Kv.-on működött a Ref. Koll. és az Ellenőr nyomdájában, mint betűszedő (1848). Belépett a Kossuth, később a Mátyás- huszár nevű [&hellip;]</p>
