{"id":10389,"date":"2025-06-29T13:18:20","date_gmt":"2025-06-29T11:18:20","guid":{"rendered":"https:\/\/uj.adatbank.ro\/lexikon\/termek\/imreh-zsigmond-%c2%a7\/"},"modified":"2025-06-29T13:18:20","modified_gmt":"2025-06-29T11:18:20","slug":"imreh-zsigmond-%c2%a7","status":"publish","type":"product","link":"https:\/\/uj.adatbank.ro\/lexikon\/termek\/imreh-zsigmond-%c2%a7\/","title":{"rendered":"IMREH Zsigmond, \u00a7"},"content":{"rendered":"<p>Papolc, 1884., \u2020\u00a01942: igazgat\u00f3-tan\u00edt\u00f3. \u2013 Tanulm\u00e1nyait D\u00e9v\u00e1n v\u00e9gezte, tan\u00edt\u00f3i oklevelet szerzett (1903). M\u0171k\u00f6d\u00e9s\u00e9t a kommand\u00f3i f\u0171r\u00e9sztelepen kezdte, onnan Abaf\u00e1j\u00e1ra ker\u00fclt, majd Kib\u00e9dre (1906\u2013), ahol igazgat\u00f3-tan\u00edt\u00f3 volt (1909\u201334). A fogyaszt\u00e1si \u00e9s \u00e9rt\u00e9kes\u00edt\u0151 sz\u00f6vetkezet (276 taggal), a sz\u00f6vetkezeti malom \u00e9s a tejsz\u00f6vetkezet megteremt\u0151je volt Kib\u00e9den (1906\u2013). A hitelsz\u00f6vetkezet kezdem\u00e9nyez\u0151je. Sert\u00e9steny\u00e9szetet hozott l\u00e9tre, valamint mintam\u00e9hest l\u00e9tes\u00edtett. A gazdak\u00f6rt (1908) szervezett \u00e9s ennek \u00e9nekkar\u00e1t vezette, a M\u00fazeumok \u00e9s K\u00f6nyvt\u00e1rak Orsz\u00e1gos Tan\u00e1cs\u00e1t\u00f3l 100 k\u00f6tetes k\u00f6nyvt\u00e1rat kapott a gazdak\u00f6r, mely a m\u00e1r meglev\u0151 103 k\u00f6tetet szapor\u00edtotta. A gazdak\u00f6ri dal\u00e1rda karnagya volt. <br \/><strong>Irod.:<\/strong> Kib\u00e9d; Kib\u00e9d \u00e9s egyh\u00e1za; R\u00e1duly J\u00e1nos: Sorok a kib\u00e9di Hangya-\u00e9p\u00fcletr\u0151l (N\u00fa., Sz\u00ednes Vil\u00e1g, 2015. febr. 13.); Sz\u00e9kelyf\u00f6ld \u00ed. k.<\/br><\/p>\n","protected":false},"excerpt":{"rendered":"<p>Papolc, 1884., \u2020\u00a01942: igazgat\u00f3-tan\u00edt\u00f3. \u2013 Tanulm\u00e1nyait D\u00e9v\u00e1n v\u00e9gezte, tan\u00edt\u00f3i oklevelet szerzett (1903). M\u0171k\u00f6d\u00e9s\u00e9t a kommand\u00f3i f\u0171r\u00e9sztelepen kezdte, onnan Abaf\u00e1j\u00e1ra ker\u00fclt, majd Kib\u00e9dre (1906\u2013), ahol igazgat\u00f3-tan\u00edt\u00f3 volt (1909\u201334). A fogyaszt\u00e1si \u00e9s \u00e9rt\u00e9kes\u00edt\u0151 sz\u00f6vetkezet (276 taggal), a sz\u00f6vetkezeti malom \u00e9s a tejsz\u00f6vetkezet megteremt\u0151je volt Kib\u00e9den (1906\u2013). A hitelsz\u00f6vetkezet kezdem\u00e9nyez\u0151je. Sert\u00e9steny\u00e9szetet hozott l\u00e9tre, valamint mintam\u00e9hest l\u00e9tes\u00edtett. A gazdak\u00f6rt [&hellip;]<\/p>\n","protected":false},"featured_media":0,"comment_status":"open","ping_status":"closed","template":"","meta":[],"product_brand":[],"product_cat":[137],"product_tag":[],"class_list":{"0":"post-10389","1":"product","2":"type-product","3":"status-publish","5":"product_cat-maros-megyei-eletrajzi-lexikon","7":"first","8":"instock","9":"shipping-taxable","10":"product-type-simple"},"_links":{"self":[{"href":"https:\/\/uj.adatbank.ro\/lexikon\/wp-json\/wp\/v2\/product\/10389","targetHints":{"allow":["GET"]}}],"collection":[{"href":"https:\/\/uj.adatbank.ro\/lexikon\/wp-json\/wp\/v2\/product"}],"about":[{"href":"https:\/\/uj.adatbank.ro\/lexikon\/wp-json\/wp\/v2\/types\/product"}],"replies":[{"embeddable":true,"href":"https:\/\/uj.adatbank.ro\/lexikon\/wp-json\/wp\/v2\/comments?post=10389"}],"wp:attachment":[{"href":"https:\/\/uj.adatbank.ro\/lexikon\/wp-json\/wp\/v2\/media?parent=10389"}],"wp:term":[{"taxonomy":"product_brand","embeddable":true,"href":"https:\/\/uj.adatbank.ro\/lexikon\/wp-json\/wp\/v2\/product_brand?post=10389"},{"taxonomy":"product_cat","embeddable":true,"href":"https:\/\/uj.adatbank.ro\/lexikon\/wp-json\/wp\/v2\/product_cat?post=10389"},{"taxonomy":"product_tag","embeddable":true,"href":"https:\/\/uj.adatbank.ro\/lexikon\/wp-json\/wp\/v2\/product_tag?post=10389"}],"curies":[{"name":"wp","href":"https:\/\/api.w.org\/{rel}","templated":true}]}}

<p>Papolc, 1884., † 1942: igazgató-tanító. – Tanulmányait Déván végezte, tanítói oklevelet szerzett (1903). Működését a kommandói fűrésztelepen kezdte, onnan Abafájára került, majd Kibédre (1906–), ahol igazgató-tanító volt (1909–34). A fogyasztási és értékesítő szövetkezet (276 taggal), a szövetkezeti malom és a tejszövetkezet megteremtője volt Kibéden (1906–). A hitelszövetkezet kezdeményezője. Sertéstenyészetet hozott létre, valamint mintaméhest létesített. A gazdakört (1908) szervezett és ennek énekkarát vezette, a Múzeumok és Könyvtárak Országos Tanácsától 100 kötetes könyvtárat kapott a gazdakör, mely a már meglevő 103 kötetet szaporította. A gazdaköri dalárda karnagya volt. <br /><strong>Irod.:</strong> Kibéd; Kibéd és egyháza; Ráduly János: Sorok a kibédi Hangya-épületről (Nú., Színes Világ, 2015. febr. 13.); Székelyföld í. k.</br></p>

<p>Papolc, 1884., † 1942: igazgató-tanító. – Tanulmányait Déván végezte, tanítói oklevelet szerzett (1903). Működését a kommandói fűrésztelepen kezdte, onnan Abafájára került, majd Kibédre (1906–), ahol igazgató-tanító volt (1909–34). A fogyasztási és értékesítő szövetkezet (276 taggal), a szövetkezeti malom és a tejszövetkezet megteremtője volt Kibéden (1906–). A hitelszövetkezet kezdeményezője. Sertéstenyészetet hozott létre, valamint mintaméhest létesített. A gazdakört [&hellip;]</p>
