{"id":10395,"date":"2025-06-29T13:18:31","date_gmt":"2025-06-29T11:18:31","guid":{"rendered":"https:\/\/uj.adatbank.ro\/lexikon\/termek\/incze-bela-ilyefalvi\/"},"modified":"2025-06-29T13:18:31","modified_gmt":"2025-06-29T11:18:31","slug":"incze-bela-ilyefalvi","status":"publish","type":"product","link":"https:\/\/uj.adatbank.ro\/lexikon\/termek\/incze-bela-ilyefalvi\/","title":{"rendered":"INCZE B\u00e9la, ilyefalvi"},"content":{"rendered":"<p>Nagyenyed 1866., \u2020\u00a0?: g\u00f6r\u00f6g-latin tan\u00e1r. \u2013 Tan\u00edtott Sopronban, Eperjesen, Asz\u00f3don, Mez\u0151t\u00faron, K\u00e9sm\u00e1rkon, Nagyszalont\u00e1n, \u00c9rsek\u00fajv\u00e1ron, Mv.-en (1900\u20131901); ezut\u00e1n mint h\u00edrlap\u00edr\u00f3 m\u0171k\u00f6d\u00f6tt. Debrecenben tan\u00edtott (1914\u201315). Versei novell\u00e1i cikkei\u00a0: Arad \u00e9s Vid., M. Polg\u00e1r, Orsz\u00e1g-Vil\u00e1g, nagyv\u00e1radi Szabads\u00e1g, Debrecen, kv.-i Ellenz\u00e9k, Erd\u00e9lyi M\u00fazeum, gyulafeh\u00e9rv\u00e1ri K\u00f6zm\u0171vel\u0151d\u00e9s, Morsz\u00e1g., kv.-i \u00dajs\u00e1g, H\u00e1ztart\u00e1s, Erd\u00e9lyi Lapok, Debreceni Protest\u00e1ns Lap, Soproni Napl\u00f3. Val\u00f3sz\u00edn\u0171leg \u0151 szerkesztette a Kom\u00e9dia c. kritikai \u00e9s sz\u00ednh. riportlapot. \u2013 <strong>F. m.:<\/strong> Kun L\u00e1szl\u00f3 kir\u00e1ly 5 felv. dr\u00e1ma. Kv.-on adt\u00e1k el\u0151 (1895). <br \/><strong>Irod.:<\/strong> Guly\u00e1s; Mv. t\u00f6rt. 2.<\/br><\/p>\n","protected":false},"excerpt":{"rendered":"<p>Nagyenyed 1866., \u2020\u00a0?: g\u00f6r\u00f6g-latin tan\u00e1r. \u2013 Tan\u00edtott Sopronban, Eperjesen, Asz\u00f3don, Mez\u0151t\u00faron, K\u00e9sm\u00e1rkon, Nagyszalont\u00e1n, \u00c9rsek\u00fajv\u00e1ron, Mv.-en (1900\u20131901); ezut\u00e1n mint h\u00edrlap\u00edr\u00f3 m\u0171k\u00f6d\u00f6tt. Debrecenben tan\u00edtott (1914\u201315). Versei novell\u00e1i cikkei\u00a0: Arad \u00e9s Vid., M. Polg\u00e1r, Orsz\u00e1g-Vil\u00e1g, nagyv\u00e1radi Szabads\u00e1g, Debrecen, kv.-i Ellenz\u00e9k, Erd\u00e9lyi M\u00fazeum, gyulafeh\u00e9rv\u00e1ri K\u00f6zm\u0171vel\u0151d\u00e9s, Morsz\u00e1g., kv.-i \u00dajs\u00e1g, H\u00e1ztart\u00e1s, Erd\u00e9lyi Lapok, Debreceni Protest\u00e1ns Lap, Soproni Napl\u00f3. Val\u00f3sz\u00edn\u0171leg \u0151 szerkesztette [&hellip;]<\/p>\n","protected":false},"featured_media":0,"comment_status":"open","ping_status":"closed","template":"","meta":[],"product_brand":[],"product_cat":[137],"product_tag":[],"class_list":{"0":"post-10395","1":"product","2":"type-product","3":"status-publish","5":"product_cat-maros-megyei-eletrajzi-lexikon","7":"first","8":"instock","9":"shipping-taxable","10":"product-type-simple"},"_links":{"self":[{"href":"https:\/\/uj.adatbank.ro\/lexikon\/wp-json\/wp\/v2\/product\/10395","targetHints":{"allow":["GET"]}}],"collection":[{"href":"https:\/\/uj.adatbank.ro\/lexikon\/wp-json\/wp\/v2\/product"}],"about":[{"href":"https:\/\/uj.adatbank.ro\/lexikon\/wp-json\/wp\/v2\/types\/product"}],"replies":[{"embeddable":true,"href":"https:\/\/uj.adatbank.ro\/lexikon\/wp-json\/wp\/v2\/comments?post=10395"}],"wp:attachment":[{"href":"https:\/\/uj.adatbank.ro\/lexikon\/wp-json\/wp\/v2\/media?parent=10395"}],"wp:term":[{"taxonomy":"product_brand","embeddable":true,"href":"https:\/\/uj.adatbank.ro\/lexikon\/wp-json\/wp\/v2\/product_brand?post=10395"},{"taxonomy":"product_cat","embeddable":true,"href":"https:\/\/uj.adatbank.ro\/lexikon\/wp-json\/wp\/v2\/product_cat?post=10395"},{"taxonomy":"product_tag","embeddable":true,"href":"https:\/\/uj.adatbank.ro\/lexikon\/wp-json\/wp\/v2\/product_tag?post=10395"}],"curies":[{"name":"wp","href":"https:\/\/api.w.org\/{rel}","templated":true}]}}

INCZE Béla, ilyefalvi

<p>Nagyenyed 1866., † ?: görög-latin tanár. – Tanított Sopronban, Eperjesen, Aszódon, Mezőtúron, Késmárkon, Nagyszalontán, Érsekújváron, Mv.-en (1900–1901); ezután mint hírlapíró működött. Debrecenben tanított (1914–15). Versei novellái cikkei : Arad és Vid., M. Polgár, Ország-Világ, nagyváradi Szabadság, Debrecen, kv.-i Ellenzék, Erdélyi Múzeum, gyulafehérvári Közművelődés, Mország., kv.-i Újság, Háztartás, Erdélyi Lapok, Debreceni Protestáns Lap, Soproni Napló. Valószínűleg ő szerkesztette a Komédia c. kritikai és szính. riportlapot. – <strong>F. m.:</strong> Kun László király 5 felv. dráma. Kv.-on adták elő (1895). <br /><strong>Irod.:</strong> Gulyás; Mv. tört. 2.</br></p>

<p>Nagyenyed 1866., † ?: görög-latin tanár. – Tanított Sopronban, Eperjesen, Aszódon, Mezőtúron, Késmárkon, Nagyszalontán, Érsekújváron, Mv.-en (1900–1901); ezután mint hírlapíró működött. Debrecenben tanított (1914–15). Versei novellái cikkei : Arad és Vid., M. Polgár, Ország-Világ, nagyváradi Szabadság, Debrecen, kv.-i Ellenzék, Erdélyi Múzeum, gyulafehérvári Közművelődés, Mország., kv.-i Újság, Háztartás, Erdélyi Lapok, Debreceni Protestáns Lap, Soproni Napló. Valószínűleg ő szerkesztette [&hellip;]</p>
