{"id":10396,"date":"2025-06-29T13:18:33","date_gmt":"2025-06-29T11:18:33","guid":{"rendered":"https:\/\/uj.adatbank.ro\/lexikon\/termek\/incze-daniel-zalanyi\/"},"modified":"2025-06-29T13:18:33","modified_gmt":"2025-06-29T11:18:33","slug":"incze-daniel-zalanyi","status":"publish","type":"product","link":"https:\/\/uj.adatbank.ro\/lexikon\/termek\/incze-daniel-zalanyi\/","title":{"rendered":"INCZE D\u00e1niel, zal\u00e1nyi"},"content":{"rendered":"<p>Lukailencfalva, 1805., \u2020 Kv., 1857. jan. 12., A H\u00e1zsong\u00e1rdi temet\u0151ben nyugszik: ref. teol\u00f3giai tan\u00e1r. \u2013 Iskol\u00e1it Mv.-en v\u00e9gezte a Ref. Koll. -ban, ahol majd a logica classica tan\u00edt\u00f3ja volt; akad\u00e9mi\u00e1ra indulva, az utols\u00f3 peregrinus teol\u00f3giai kandid\u00e1tus Erd\u00e9lyben, Berlinbe ment (1835). Hazat\u00e9rve p\u00fcsp\u00f6ki titk\u00e1r lett (1836\u2013), onnan vitt\u00e9k Sz\u00e9kelyudvarhelyre teol. tan\u00e1rnak (1837\u201340). Nagyenyeden ugyancsak teol tan\u00e1ri tisztet viselt (1840 Kv.-ra menek\u00fclt (1849), ahol a Ref. F\u0151gimn. -ban majd az \u00f6sszpontos\u00edtott Teol\u00f3giai Szemin\u00e1riumban volt az exegetica teologia tan\u00e1ra (1854\u201357). \u00daj testamentum-\u00e1t az erd\u00e9lyi egyh. k\u00f6zzsinat k\u00e9zik\u00f6nyv\u00fcl fogadta el. \u2013 <strong>F. m.:<\/strong> <strong>t\u00e1rssz.:<\/strong> \u00daj testamentom, a szent\u00edr\u00e1snak a szenttudom\u00e1nynak jeles \u00e1ll\u00e1spontj\u00e1hoz \u00e9s korunk kiv\u00e1nataihoz alkalmazott fejteget\u0151 \u00e9s gyakorlati magyar\u00e1zata. (Herepey Gergellyel; Kv., 1852, 1854); \u00daj testamenton k\u00e9rd\u00e9sek \u00e9s feleletekben a n\u00e9p sz\u00e1m\u00e1ra (Polier ut\u00e1n franci\u00e1b\u00f3l \u00e1td. Herepei Gergellyel \u00e9s Sz\u00e9kely J\u00e1nossal. 2. k., Kv., 1856); <strong>antol\u00f3g.:<\/strong> Szive ki\u00f6ml\u00e9se a marosv\u00e1s\u00e1rhelyi reform kol\u00e9gyombeli ifj\u00fas\u00e1gnak egy kedves attya hal\u00e1l\u00e1n (Mv., 1829). <br \/><strong>Irod.:<\/strong> Bolyai-levelek; Gy\u00e1szjelent\u0151; H\u00e1zsong\u00e1rd; Kiss-K\u00e1lm\u00e1n-Bierbrunner; Rugonfalvi Kiss; Szinnyei, Zov\u00e1nyi<\/br><\/p>\n","protected":false},"excerpt":{"rendered":"<p>Lukailencfalva, 1805., \u2020 Kv., 1857. jan. 12., A H\u00e1zsong\u00e1rdi temet\u0151ben nyugszik: ref. teol\u00f3giai tan\u00e1r. \u2013 Iskol\u00e1it Mv.-en v\u00e9gezte a Ref. Koll. -ban, ahol majd a logica classica tan\u00edt\u00f3ja volt; akad\u00e9mi\u00e1ra indulva, az utols\u00f3 peregrinus teol\u00f3giai kandid\u00e1tus Erd\u00e9lyben, Berlinbe ment (1835). Hazat\u00e9rve p\u00fcsp\u00f6ki titk\u00e1r lett (1836\u2013), onnan vitt\u00e9k Sz\u00e9kelyudvarhelyre teol. tan\u00e1rnak (1837\u201340). Nagyenyeden ugyancsak teol tan\u00e1ri [&hellip;]<\/p>\n","protected":false},"featured_media":0,"comment_status":"open","ping_status":"closed","template":"","meta":[],"product_brand":[],"product_cat":[137],"product_tag":[],"class_list":{"0":"post-10396","1":"product","2":"type-product","3":"status-publish","5":"product_cat-maros-megyei-eletrajzi-lexikon","7":"first","8":"instock","9":"shipping-taxable","10":"product-type-simple"},"_links":{"self":[{"href":"https:\/\/uj.adatbank.ro\/lexikon\/wp-json\/wp\/v2\/product\/10396","targetHints":{"allow":["GET"]}}],"collection":[{"href":"https:\/\/uj.adatbank.ro\/lexikon\/wp-json\/wp\/v2\/product"}],"about":[{"href":"https:\/\/uj.adatbank.ro\/lexikon\/wp-json\/wp\/v2\/types\/product"}],"replies":[{"embeddable":true,"href":"https:\/\/uj.adatbank.ro\/lexikon\/wp-json\/wp\/v2\/comments?post=10396"}],"wp:attachment":[{"href":"https:\/\/uj.adatbank.ro\/lexikon\/wp-json\/wp\/v2\/media?parent=10396"}],"wp:term":[{"taxonomy":"product_brand","embeddable":true,"href":"https:\/\/uj.adatbank.ro\/lexikon\/wp-json\/wp\/v2\/product_brand?post=10396"},{"taxonomy":"product_cat","embeddable":true,"href":"https:\/\/uj.adatbank.ro\/lexikon\/wp-json\/wp\/v2\/product_cat?post=10396"},{"taxonomy":"product_tag","embeddable":true,"href":"https:\/\/uj.adatbank.ro\/lexikon\/wp-json\/wp\/v2\/product_tag?post=10396"}],"curies":[{"name":"wp","href":"https:\/\/api.w.org\/{rel}","templated":true}]}}

INCZE Dániel, zalányi

<p>Lukailencfalva, 1805., † Kv., 1857. jan. 12., A Házsongárdi temetőben nyugszik: ref. teológiai tanár. – Iskoláit Mv.-en végezte a Ref. Koll. -ban, ahol majd a logica classica tanítója volt; akadémiára indulva, az utolsó peregrinus teológiai kandidátus Erdélyben, Berlinbe ment (1835). Hazatérve püspöki titkár lett (1836–), onnan vitték Székelyudvarhelyre teol. tanárnak (1837–40). Nagyenyeden ugyancsak teol tanári tisztet viselt (1840 Kv.-ra menekült (1849), ahol a Ref. Főgimn. -ban majd az összpontosított Teológiai Szemináriumban volt az exegetica teologia tanára (1854–57). Új testamentum-át az erdélyi egyh. közzsinat kézikönyvül fogadta el. – <strong>F. m.:</strong> <strong>társsz.:</strong> Új testamentom, a szentírásnak a szenttudománynak jeles álláspontjához és korunk kivánataihoz alkalmazott fejtegető és gyakorlati magyarázata. (Herepey Gergellyel; Kv., 1852, 1854); Új testamenton kérdések és feleletekben a nép számára (Polier után franciából átd. Herepei Gergellyel és Székely Jánossal. 2. k., Kv., 1856); <strong>antológ.:</strong> Szive kiömlése a marosvásárhelyi reform kolégyombeli ifjúságnak egy kedves attya halálán (Mv., 1829). <br /><strong>Irod.:</strong> Bolyai-levelek; Gyászjelentő; Házsongárd; Kiss-Kálmán-Bierbrunner; Rugonfalvi Kiss; Szinnyei, Zoványi</br></p>

<p>Lukailencfalva, 1805., † Kv., 1857. jan. 12., A Házsongárdi temetőben nyugszik: ref. teológiai tanár. – Iskoláit Mv.-en végezte a Ref. Koll. -ban, ahol majd a logica classica tanítója volt; akadémiára indulva, az utolsó peregrinus teológiai kandidátus Erdélyben, Berlinbe ment (1835). Hazatérve püspöki titkár lett (1836–), onnan vitték Székelyudvarhelyre teol. tanárnak (1837–40). Nagyenyeden ugyancsak teol tanári [&hellip;]</p>
