{"id":10398,"date":"2025-06-29T13:18:42","date_gmt":"2025-06-29T11:18:42","guid":{"rendered":"https:\/\/uj.adatbank.ro\/lexikon\/termek\/incze-etelka\/"},"modified":"2025-06-29T13:18:42","modified_gmt":"2025-06-29T11:18:42","slug":"incze-etelka","status":"publish","type":"product","link":"https:\/\/uj.adatbank.ro\/lexikon\/termek\/incze-etelka\/","title":{"rendered":"INCZE Etelka"},"content":{"rendered":"<p>? \u2020\u00a0Mv., 2006. febr. 23.: k\u00f6nyvt\u00e1ros, tan\u00e1rn\u0151. \u2013 Fia: Bal\u00e1ssy Andr\u00e1s. \u2013 A MOGYI \/ MOGYE f\u0151k\u00f6nyvt\u00e1rosa nyugd\u00edjbavonul\u00e1s\u00e1ig. F\u00e9lmunkaid\u0151vel adminisztr\u00e1tora volt az EME Orvos- \u00e9s Gy\u00f3gyszer\u00e9sztudom\u00e1nyi Szakoszt\u00e1ly mv.-i sz\u00e9kh\u00e1z\u00e1nak (1994. dec. \u20132005. febr.). <br \/><strong>Irod.:<\/strong> P\u00e9ter 2006<\/br><\/p>\n","protected":false},"excerpt":{"rendered":"<p>? \u2020\u00a0Mv., 2006. febr. 23.: k\u00f6nyvt\u00e1ros, tan\u00e1rn\u0151. \u2013 Fia: Bal\u00e1ssy Andr\u00e1s. \u2013 A MOGYI \/ MOGYE f\u0151k\u00f6nyvt\u00e1rosa nyugd\u00edjbavonul\u00e1s\u00e1ig. F\u00e9lmunkaid\u0151vel adminisztr\u00e1tora volt az EME Orvos- \u00e9s Gy\u00f3gyszer\u00e9sztudom\u00e1nyi Szakoszt\u00e1ly mv.-i sz\u00e9kh\u00e1z\u00e1nak (1994. dec. \u20132005. febr.). Irod.: P\u00e9ter 2006<\/p>\n","protected":false},"featured_media":0,"comment_status":"open","ping_status":"closed","template":"","meta":[],"product_brand":[],"product_cat":[137],"product_tag":[],"class_list":{"0":"post-10398","1":"product","2":"type-product","3":"status-publish","5":"product_cat-maros-megyei-eletrajzi-lexikon","7":"first","8":"instock","9":"shipping-taxable","10":"product-type-simple"},"_links":{"self":[{"href":"https:\/\/uj.adatbank.ro\/lexikon\/wp-json\/wp\/v2\/product\/10398","targetHints":{"allow":["GET"]}}],"collection":[{"href":"https:\/\/uj.adatbank.ro\/lexikon\/wp-json\/wp\/v2\/product"}],"about":[{"href":"https:\/\/uj.adatbank.ro\/lexikon\/wp-json\/wp\/v2\/types\/product"}],"replies":[{"embeddable":true,"href":"https:\/\/uj.adatbank.ro\/lexikon\/wp-json\/wp\/v2\/comments?post=10398"}],"wp:attachment":[{"href":"https:\/\/uj.adatbank.ro\/lexikon\/wp-json\/wp\/v2\/media?parent=10398"}],"wp:term":[{"taxonomy":"product_brand","embeddable":true,"href":"https:\/\/uj.adatbank.ro\/lexikon\/wp-json\/wp\/v2\/product_brand?post=10398"},{"taxonomy":"product_cat","embeddable":true,"href":"https:\/\/uj.adatbank.ro\/lexikon\/wp-json\/wp\/v2\/product_cat?post=10398"},{"taxonomy":"product_tag","embeddable":true,"href":"https:\/\/uj.adatbank.ro\/lexikon\/wp-json\/wp\/v2\/product_tag?post=10398"}],"curies":[{"name":"wp","href":"https:\/\/api.w.org\/{rel}","templated":true}]}}