{"id":10399,"date":"2025-06-29T13:18:45","date_gmt":"2025-06-29T11:18:45","guid":{"rendered":"https:\/\/uj.adatbank.ro\/lexikon\/termek\/incze-ferenc-nagysolymosi-intze-ferenc\/"},"modified":"2025-06-29T13:18:45","modified_gmt":"2025-06-29T11:18:45","slug":"incze-ferenc-nagysolymosi-intze-ferenc","status":"publish","type":"product","link":"https:\/\/uj.adatbank.ro\/lexikon\/termek\/incze-ferenc-nagysolymosi-intze-ferenc\/","title":{"rendered":"INCZE Ferenc, nagysolymosi; Intze Ferenc"},"content":{"rendered":"<p>Kv., 1783. m\u00e1rc. 7., \u2020 Kv., 1853. m\u00e1rc. 7. Gerenden temett\u00e9k: marossz\u00e9ki t\u00e1blab\u00edr\u00f3, term\u00e9szettud\u00f3s. \u2013 I. S\u00e1muel fia. Testv\u00e9re I. Simeon. \u2013 Gyer\u0151monostori gr. Kem\u00e9ny S\u00e1muel nevel\u0151je, bar\u00e1tja. Tagja volt a j\u00e9nai \u00c1sv\u00e1ny \u00e9s az altenburgi N\u00f6v\u00e9nytani Tud\u00f3s T\u00e1rsas\u00e1gnak. Cikkeit k\u00f6z\u00f6lte a: Mentor, Nemzeti T\u00e1rsalkod\u00f3. \u2013 <strong>F. m.:<\/strong> A m\u00e1gnes elm\u00e9lete a mindens\u00e9gbeli \u00e1ltal\u00e1nos vonzer\u0151nek term\u00e9szet\u00e9b\u0151l kimagyar\u00e1zva a magyar orvosok \u00e9s term\u00e9szetvizsg\u00e1l\u00f3k \u00f6t\u00f6dik nagygy\u0171l\u00e9s\u00e9nek eml\u00e9k\u00e9\u00fcl (Kv., 1845); <strong>antol\u00f3g.:<\/strong> Term\u00e9szetes dolgok, babon\u00e1k s balv\u00e9leked\u00e9sek  =  Mentor 1\u20132. k. (Kv., 1842\u201343). <br \/><strong>Irod.:<\/strong> Gy\u00e1szjelent\u0151; Koncz 1879; Kr\u00f3n. F\u00fcz. (1939. 4\/6); Szinnyei; Szinnyei J-Sz. J.<\/br><\/p>\n","protected":false},"excerpt":{"rendered":"<p>Kv., 1783. m\u00e1rc. 7., \u2020 Kv., 1853. m\u00e1rc. 7. Gerenden temett\u00e9k: marossz\u00e9ki t\u00e1blab\u00edr\u00f3, term\u00e9szettud\u00f3s. \u2013 I. S\u00e1muel fia. Testv\u00e9re I. Simeon. \u2013 Gyer\u0151monostori gr. Kem\u00e9ny S\u00e1muel nevel\u0151je, bar\u00e1tja. Tagja volt a j\u00e9nai \u00c1sv\u00e1ny \u00e9s az altenburgi N\u00f6v\u00e9nytani Tud\u00f3s T\u00e1rsas\u00e1gnak. Cikkeit k\u00f6z\u00f6lte a: Mentor, Nemzeti T\u00e1rsalkod\u00f3. \u2013 F. m.: A m\u00e1gnes elm\u00e9lete a mindens\u00e9gbeli \u00e1ltal\u00e1nos vonzer\u0151nek [&hellip;]<\/p>\n","protected":false},"featured_media":0,"comment_status":"open","ping_status":"closed","template":"","meta":[],"product_brand":[],"product_cat":[137],"product_tag":[],"class_list":{"0":"post-10399","1":"product","2":"type-product","3":"status-publish","5":"product_cat-maros-megyei-eletrajzi-lexikon","7":"first","8":"instock","9":"shipping-taxable","10":"product-type-simple"},"_links":{"self":[{"href":"https:\/\/uj.adatbank.ro\/lexikon\/wp-json\/wp\/v2\/product\/10399","targetHints":{"allow":["GET"]}}],"collection":[{"href":"https:\/\/uj.adatbank.ro\/lexikon\/wp-json\/wp\/v2\/product"}],"about":[{"href":"https:\/\/uj.adatbank.ro\/lexikon\/wp-json\/wp\/v2\/types\/product"}],"replies":[{"embeddable":true,"href":"https:\/\/uj.adatbank.ro\/lexikon\/wp-json\/wp\/v2\/comments?post=10399"}],"wp:attachment":[{"href":"https:\/\/uj.adatbank.ro\/lexikon\/wp-json\/wp\/v2\/media?parent=10399"}],"wp:term":[{"taxonomy":"product_brand","embeddable":true,"href":"https:\/\/uj.adatbank.ro\/lexikon\/wp-json\/wp\/v2\/product_brand?post=10399"},{"taxonomy":"product_cat","embeddable":true,"href":"https:\/\/uj.adatbank.ro\/lexikon\/wp-json\/wp\/v2\/product_cat?post=10399"},{"taxonomy":"product_tag","embeddable":true,"href":"https:\/\/uj.adatbank.ro\/lexikon\/wp-json\/wp\/v2\/product_tag?post=10399"}],"curies":[{"name":"wp","href":"https:\/\/api.w.org\/{rel}","templated":true}]}}

<p>Kv., 1783. márc. 7., † Kv., 1853. márc. 7. Gerenden temették: marosszéki táblabíró, természettudós. – I. Sámuel fia. Testvére I. Simeon. – Gyerőmonostori gr. Kemény Sámuel nevelője, barátja. Tagja volt a jénai Ásvány és az altenburgi Növénytani Tudós Társaságnak. Cikkeit közölte a: Mentor, Nemzeti Társalkodó. – <strong>F. m.:</strong> A mágnes elmélete a mindenségbeli általános vonzerőnek természetéből kimagyarázva a magyar orvosok és természetvizsgálók ötödik nagygyűlésének emlékéül (Kv., 1845); <strong>antológ.:</strong> Természetes dolgok, babonák s balvélekedések  =  Mentor 1–2. k. (Kv., 1842–43). <br /><strong>Irod.:</strong> Gyászjelentő; Koncz 1879; Krón. Füz. (1939. 4/6); Szinnyei; Szinnyei J-Sz. J.</br></p>

<p>Kv., 1783. márc. 7., † Kv., 1853. márc. 7. Gerenden temették: marosszéki táblabíró, természettudós. – I. Sámuel fia. Testvére I. Simeon. – Gyerőmonostori gr. Kemény Sámuel nevelője, barátja. Tagja volt a jénai Ásvány és az altenburgi Növénytani Tudós Társaságnak. Cikkeit közölte a: Mentor, Nemzeti Társalkodó. – F. m.: A mágnes elmélete a mindenségbeli általános vonzerőnek [&hellip;]</p>
