{"id":10406,"date":"2025-06-29T13:19:01","date_gmt":"2025-06-29T11:19:01","guid":{"rendered":"https:\/\/uj.adatbank.ro\/lexikon\/termek\/incze-istvan\/"},"modified":"2025-06-29T13:19:01","modified_gmt":"2025-06-29T11:19:01","slug":"incze-istvan","status":"publish","type":"product","link":"https:\/\/uj.adatbank.ro\/lexikon\/termek\/incze-istvan\/","title":{"rendered":"INCZE Istv\u00e1n"},"content":{"rendered":"<p>Kv., 1679. jan. 5., \u2020 Mv., 1761.: tan\u00e1r. \u2013 Kv.-on kezdte tanulm\u00e1nyait, leydeni egyetemen folytatta (1741\u2013). Bonchid\u00e1n B\u00e1nffy Farkas udvari papja. A mv.-i koll. -ban a filoz\u00f3fia \u00e9s a mennyis\u00e9gtan tan\u00e1ra. Wolff h\u00edve volt, ny\u00edltan kijelentett: a deist\u00e1kkal \u00e9s ateist\u00e1kkal szemben nem lehet sz\u00f3 toler\u00e1nci\u00e1r\u00f3l. Teol\u00f3giai tanulm\u00e1nyokat, halotti verseket \u00edrt, m. \u00e9s latin nyelven. <br \/><strong>Irod.:<\/strong> Fazakas Istv\u00e1n 2003; Egy erd\u00e9lyi gr\u00f3f a felvil\u00e1gosult Eur\u00f3p\u00e1ban (Teleki J\u00f3zsef utaz\u00e1sai 1759\u20131761)(szerk. Tolnai G\u00e1bor; Bp., 1987)<\/br><\/p>\n","protected":false},"excerpt":{"rendered":"<p>Kv., 1679. jan. 5., \u2020 Mv., 1761.: tan\u00e1r. \u2013 Kv.-on kezdte tanulm\u00e1nyait, leydeni egyetemen folytatta (1741\u2013). Bonchid\u00e1n B\u00e1nffy Farkas udvari papja. A mv.-i koll. -ban a filoz\u00f3fia \u00e9s a mennyis\u00e9gtan tan\u00e1ra. Wolff h\u00edve volt, ny\u00edltan kijelentett: a deist\u00e1kkal \u00e9s ateist\u00e1kkal szemben nem lehet sz\u00f3 toler\u00e1nci\u00e1r\u00f3l. Teol\u00f3giai tanulm\u00e1nyokat, halotti verseket \u00edrt, m. \u00e9s latin nyelven. Irod.: [&hellip;]<\/p>\n","protected":false},"featured_media":0,"comment_status":"open","ping_status":"closed","template":"","meta":[],"product_brand":[],"product_cat":[137],"product_tag":[],"class_list":{"0":"post-10406","1":"product","2":"type-product","3":"status-publish","5":"product_cat-maros-megyei-eletrajzi-lexikon","7":"first","8":"instock","9":"shipping-taxable","10":"product-type-simple"},"_links":{"self":[{"href":"https:\/\/uj.adatbank.ro\/lexikon\/wp-json\/wp\/v2\/product\/10406","targetHints":{"allow":["GET"]}}],"collection":[{"href":"https:\/\/uj.adatbank.ro\/lexikon\/wp-json\/wp\/v2\/product"}],"about":[{"href":"https:\/\/uj.adatbank.ro\/lexikon\/wp-json\/wp\/v2\/types\/product"}],"replies":[{"embeddable":true,"href":"https:\/\/uj.adatbank.ro\/lexikon\/wp-json\/wp\/v2\/comments?post=10406"}],"wp:attachment":[{"href":"https:\/\/uj.adatbank.ro\/lexikon\/wp-json\/wp\/v2\/media?parent=10406"}],"wp:term":[{"taxonomy":"product_brand","embeddable":true,"href":"https:\/\/uj.adatbank.ro\/lexikon\/wp-json\/wp\/v2\/product_brand?post=10406"},{"taxonomy":"product_cat","embeddable":true,"href":"https:\/\/uj.adatbank.ro\/lexikon\/wp-json\/wp\/v2\/product_cat?post=10406"},{"taxonomy":"product_tag","embeddable":true,"href":"https:\/\/uj.adatbank.ro\/lexikon\/wp-json\/wp\/v2\/product_tag?post=10406"}],"curies":[{"name":"wp","href":"https:\/\/api.w.org\/{rel}","templated":true}]}}