{"id":10409,"date":"2025-06-29T13:19:06","date_gmt":"2025-06-29T11:19:06","guid":{"rendered":"https:\/\/uj.adatbank.ro\/lexikon\/termek\/incze-istvan-%c2%a7\/"},"modified":"2025-06-29T13:19:06","modified_gmt":"2025-06-29T11:19:06","slug":"incze-istvan-%c2%a7","status":"publish","type":"product","link":"https:\/\/uj.adatbank.ro\/lexikon\/termek\/incze-istvan-%c2%a7\/","title":{"rendered":"INCZE Istv\u00e1n, \u00a7"},"content":{"rendered":"<p>K\u00e9zdiv\u00e1s\u00e1rhely, 1905. szept. 21., \u2020 Mv., 1978. aug. 12.: fest\u0151m\u0171v\u00e9sz, tan\u00e1r. \u2013 Feles\u00e9ge: S\u00e1rk\u00e1ny Ilona keramikus (Erzs\u00e9betv\u00e1ros, 1918. febr. 18. &#8211; Mv., ?). Gyermekeik: Istv\u00e1n (1943), \u00c1gnes. \u2013 A k\u00f6z\u00e9piskol\u00e1it K\u00e9zdiv\u00e1s\u00e1rhelyen \u00e9s Sz\u00e9kelykereszt\u00faron v\u00e9gezte; a kv.-i Sz\u00e9pm\u0171v\u00e9szeti Akad. -\u00e1n mestere Aurel Ciupe (1930\u201333) \u00e9s a Buk.-i Sz\u00e9pm\u0171v\u00e9szeti Akad. -\u00e1n, Constantin Artachino ir\u00e1ny\u00edt\u00e1s\u00e1val v\u00e9gzett (1934\u201335). Egyetlen k\u00fclf\u00f6ldi tanulm\u00e1ny\u00fatja hat\u00e1s\u00e1ra (Olszo., Franciao., N\u00e9meto., Ausztria, 1937), a posztimpresszionista szeml\u00e9let befoly\u00e1solta tov\u00e1bbi munk\u00e1j\u00e1t. Mv.-en a R. K. Gimn. -ban \u00e9s Tan\u00edt\u00f3k\u00e9pz\u0151ben rajzot, sz\u00e9p\u00edr\u00e1st, k\u00e9zimunk\u00e1t tan\u00edtott (1935\u201344), festett t\u00e1jk\u00e9peivel itt jelentkezett el\u0151sz\u00f6r a nyilv\u00e1noss\u00e1g el\u0151tt egy\u00e9ni ki\u00e1ll\u00edt\u00e1ssal (1939). Mv.-en megalakult a M\u0171v\u00e9szeti K\u00f6z\u00e9piskola, melynek tan\u00e1ra lett nyugd\u00edjaz\u00e1s\u00e1ig (1949\u2013). Tagja a Barab\u00e1s Mikl\u00f3s C\u00e9hnek (1933\u201344) \u00e9s a K\u00e9pz\u0151m\u0171v\u00e9szeti Sz\u00f6vets\u00e9g mv.-i fi\u00f3kj\u00e1nak. T\u00f6bb k\u00e9p\u00e9t a buk.-i, ploie\u015fti-i, bp.-i, mv.-i m\u00fazumokban \u0151rzik. \u2013 <strong>F. ki\u00e1ll.:<\/strong> A Barab\u00e1s Mikl\u00f3s C\u00e9h (Kv.; Nagyb\u00e1nya, Mv., 1940, 1943); Buk. (1934; ker\u00e1mia, 1954); Mv. 1938, 1939, 1941, 1947, 1967, 1988, 1998); Kv. (F\u00fcl\u00f6p Antal Andorral \u00e9s Gy. Szab\u00f3 B\u00e9l\u00e1val, 1940); Bp. (1940; V\u00e1rmegye Gal\u00e9ria, 1996); P\u00e9cs (1934, 1942, 1943). <br \/><strong>Irod.:<\/strong> Arck\u00e9pcsarnok (Igaz Sz\u00f3, 1972, 11. sz.); artportal; Banner; Barab\u00e1s M. C\u00e9h; D\u00e9zsi \u00d6d\u00f6n: I. I. fest\u0151m\u0171v\u00e9sz eml\u00e9k\u00e9re (V. Z., 1978. aug. 19.); Du\u015fa Traian: I. I. peisagist (St. R., 1967. sept. 27.); Erd\u00e9lyi L. 2009; Erd\u00e9lyi Lajos 2018; Gal\u00e9ria a Bern\u00e1dy H\u00e1zban; Id\u0151t\u00e1r 3., 4.; Incze Istv\u00e1n: Expozi\u0163ie de pictur\u0103 Katal\u00f3gus (Mv., 1968); J\u00e1ray Fekete Katalin: Mesters\u00e9g-e vagy m\u0171v\u00e9szet? (Mv., 2009); Kiss P\u00e1l; Katona Szab\u00f3 Istv\u00e1n: Az \u00daj \u00c9let lexikona, 79. (\u00daj \u00c9let, 19. sz. 1973). Kulcs\u00e1r B\u00e9la, ifj.: I. I. (V. Z., 1958. m\u00e1rc. 9); Nagy Mikl\u00f3s Kund: T\u00e1jaink nyugalmas der\u0171je (V. Z., 1988. m\u00e1rc. 12.); N\u00fa. (1998. m\u00e1j. 5.); P. I.: B\u00facs\u00fa I. I. -t\u00f3l (\u00daj \u00c9let, 19. sz., 1978); Pelin; R. k. okt. \u2013 1; R. k. okt. \u20132; R\u00daL; Sebesty\u00e9n Mih\u00e1ly: Csal\u00e1di t\u00e1rlat a Bern\u00e1dy H\u00e1zban (N\u00fa., M\u00fazsa, 344. sz., 1998. m\u00e1j. 16.); Simon Endre: Erd\u00e9ly Van Goghja: I. I. (N\u00fa., M\u00fazsa, 240. sz., 1996. \u00e1pr. 12.); Simon Endre: Incze Istv\u00e1n (\u00daj \u00c9let, 8. sz. 1987.); Szab\u00f3 K. Attila; Szab\u00f3\u2013K\u00e1llai; Sz\u00e9pr\u00e9ti Lilla: I. I. eml\u00e9kki\u00e1l\u00edt\u00e1s (\u00daj \u00c9let, 9. sz., 1988); Todea 2013<\/br><\/p>\n","protected":false},"excerpt":{"rendered":"<p>K\u00e9zdiv\u00e1s\u00e1rhely, 1905. szept. 21., \u2020 Mv., 1978. aug. 12.: fest\u0151m\u0171v\u00e9sz, tan\u00e1r. \u2013 Feles\u00e9ge: S\u00e1rk\u00e1ny Ilona keramikus (Erzs\u00e9betv\u00e1ros, 1918. febr. 18. &#8211; Mv., ?). Gyermekeik: Istv\u00e1n (1943), \u00c1gnes. \u2013 A k\u00f6z\u00e9piskol\u00e1it K\u00e9zdiv\u00e1s\u00e1rhelyen \u00e9s Sz\u00e9kelykereszt\u00faron v\u00e9gezte; a kv.-i Sz\u00e9pm\u0171v\u00e9szeti Akad. -\u00e1n mestere Aurel Ciupe (1930\u201333) \u00e9s a Buk.-i Sz\u00e9pm\u0171v\u00e9szeti Akad. -\u00e1n, Constantin Artachino ir\u00e1ny\u00edt\u00e1s\u00e1val v\u00e9gzett (1934\u201335). Egyetlen [&hellip;]<\/p>\n","protected":false},"featured_media":0,"comment_status":"open","ping_status":"closed","template":"","meta":[],"product_brand":[],"product_cat":[137],"product_tag":[],"class_list":{"0":"post-10409","1":"product","2":"type-product","3":"status-publish","5":"product_cat-maros-megyei-eletrajzi-lexikon","7":"first","8":"instock","9":"shipping-taxable","10":"product-type-simple"},"_links":{"self":[{"href":"https:\/\/uj.adatbank.ro\/lexikon\/wp-json\/wp\/v2\/product\/10409","targetHints":{"allow":["GET"]}}],"collection":[{"href":"https:\/\/uj.adatbank.ro\/lexikon\/wp-json\/wp\/v2\/product"}],"about":[{"href":"https:\/\/uj.adatbank.ro\/lexikon\/wp-json\/wp\/v2\/types\/product"}],"replies":[{"embeddable":true,"href":"https:\/\/uj.adatbank.ro\/lexikon\/wp-json\/wp\/v2\/comments?post=10409"}],"wp:attachment":[{"href":"https:\/\/uj.adatbank.ro\/lexikon\/wp-json\/wp\/v2\/media?parent=10409"}],"wp:term":[{"taxonomy":"product_brand","embeddable":true,"href":"https:\/\/uj.adatbank.ro\/lexikon\/wp-json\/wp\/v2\/product_brand?post=10409"},{"taxonomy":"product_cat","embeddable":true,"href":"https:\/\/uj.adatbank.ro\/lexikon\/wp-json\/wp\/v2\/product_cat?post=10409"},{"taxonomy":"product_tag","embeddable":true,"href":"https:\/\/uj.adatbank.ro\/lexikon\/wp-json\/wp\/v2\/product_tag?post=10409"}],"curies":[{"name":"wp","href":"https:\/\/api.w.org\/{rel}","templated":true}]}}

INCZE István, §

<p>Kézdivásárhely, 1905. szept. 21., † Mv., 1978. aug. 12.: festőművész, tanár. – Felesége: Sárkány Ilona keramikus (Erzsébetváros, 1918. febr. 18. &#8211; Mv., ?). Gyermekeik: István (1943), Ágnes. – A középiskoláit Kézdivásárhelyen és Székelykeresztúron végezte; a kv.-i Szépművészeti Akad. -án mestere Aurel Ciupe (1930–33) és a Buk.-i Szépművészeti Akad. -án, Constantin Artachino irányításával végzett (1934–35). Egyetlen külföldi tanulmányútja hatására (Olszo., Franciao., Németo., Ausztria, 1937), a posztimpresszionista szemlélet befolyásolta további munkáját. Mv.-en a R. K. Gimn. -ban és Tanítóképzőben rajzot, szépírást, kézimunkát tanított (1935–44), festett tájképeivel itt jelentkezett először a nyilvánosság előtt egyéni kiállítással (1939). Mv.-en megalakult a Művészeti Középiskola, melynek tanára lett nyugdíjazásáig (1949–). Tagja a Barabás Miklós Céhnek (1933–44) és a Képzőművészeti Szövetség mv.-i fiókjának. Több képét a buk.-i, ploieşti-i, bp.-i, mv.-i múzumokban őrzik. – <strong>F. kiáll.:</strong> A Barabás Miklós Céh (Kv.; Nagybánya, Mv., 1940, 1943); Buk. (1934; kerámia, 1954); Mv. 1938, 1939, 1941, 1947, 1967, 1988, 1998); Kv. (Fülöp Antal Andorral és Gy. Szabó Bélával, 1940); Bp. (1940; Vármegye Galéria, 1996); Pécs (1934, 1942, 1943). <br /><strong>Irod.:</strong> Arcképcsarnok (Igaz Szó, 1972, 11. sz.); artportal; Banner; Barabás M. Céh; Dézsi Ödön: I. I. festőművész emlékére (V. Z., 1978. aug. 19.); Duşa Traian: I. I. peisagist (St. R., 1967. sept. 27.); Erdélyi L. 2009; Erdélyi Lajos 2018; Galéria a Bernády Házban; Időtár 3., 4.; Incze István: Expoziţie de pictură Katalógus (Mv., 1968); Járay Fekete Katalin: Mesterség-e vagy művészet? (Mv., 2009); Kiss Pál; Katona Szabó István: Az Új Élet lexikona, 79. (Új Élet, 19. sz. 1973). Kulcsár Béla, ifj.: I. I. (V. Z., 1958. márc. 9); Nagy Miklós Kund: Tájaink nyugalmas derűje (V. Z., 1988. márc. 12.); Nú. (1998. máj. 5.); P. I.: Búcsú I. I. -tól (Új Élet, 19. sz., 1978); Pelin; R. k. okt. – 1; R. k. okt. –2; RÚL; Sebestyén Mihály: Családi tárlat a Bernády Házban (Nú., Múzsa, 344. sz., 1998. máj. 16.); Simon Endre: Erdély Van Goghja: I. I. (Nú., Múzsa, 240. sz., 1996. ápr. 12.); Simon Endre: Incze István (Új Élet, 8. sz. 1987.); Szabó K. Attila; Szabó–Kállai; Szépréti Lilla: I. I. emlékkiálítás (Új Élet, 9. sz., 1988); Todea 2013</br></p>

<p>Kézdivásárhely, 1905. szept. 21., † Mv., 1978. aug. 12.: festőművész, tanár. – Felesége: Sárkány Ilona keramikus (Erzsébetváros, 1918. febr. 18. &#8211; Mv., ?). Gyermekeik: István (1943), Ágnes. – A középiskoláit Kézdivásárhelyen és Székelykeresztúron végezte; a kv.-i Szépművészeti Akad. -án mestere Aurel Ciupe (1930–33) és a Buk.-i Szépművészeti Akad. -án, Constantin Artachino irányításával végzett (1934–35). Egyetlen [&hellip;]</p>
