{"id":10414,"date":"2025-06-29T13:19:13","date_gmt":"2025-06-29T11:19:13","guid":{"rendered":"https:\/\/uj.adatbank.ro\/lexikon\/termek\/incze-istvan-nagybaconi-2\/"},"modified":"2025-06-29T13:19:13","modified_gmt":"2025-06-29T11:19:13","slug":"incze-istvan-nagybaconi-2","status":"publish","type":"product","link":"https:\/\/uj.adatbank.ro\/lexikon\/termek\/incze-istvan-nagybaconi-2\/","title":{"rendered":"INCZE Istv\u00e1n, nagybaconi"},"content":{"rendered":"<p>1760. k., \u2020\u00a0Marosv\u00e9cs, 1821. jan. 11.: ref. lelk\u00e9sz, esperes. \u2013 Feles\u00e9ge: 1. Farcz\u00e1di Ter\u00e9zia (\u2020 1805, 35 \u00e9v); 2. Csern\u00e1toni Vajda Erzs\u00e9bet. \u2013 Mv.-en subscrib\u00e1lt (1776), majd Enyeden tanult (1780). Bernben (1787\u201388) \u00e9s G\u00f6tting\u00e1ban (1788) peregrin\u00e1lt. A d\u00e9vai zsinaton szentelt\u00e9k papp\u00e1 (1793. m\u00e1j. 23.) \u00e9s a g\u00f6rg\u00e9nyi egyh\u00e1zmegy\u00e9be ker\u00fclt, Marosv\u00e9csen (1793\u20131821. jan. 11.) volt lelk\u00e9sz, egyh\u00e1zmegyei jegyz\u0151 (1807\u201311), esperes (1813\u2013). <br \/><strong>Irod.:<\/strong> B\u00f6jthe Andor, \u0150sz<\/br><\/p>\n","protected":false},"excerpt":{"rendered":"<p>1760. k., \u2020\u00a0Marosv\u00e9cs, 1821. jan. 11.: ref. lelk\u00e9sz, esperes. \u2013 Feles\u00e9ge: 1. Farcz\u00e1di Ter\u00e9zia (\u2020 1805, 35 \u00e9v); 2. Csern\u00e1toni Vajda Erzs\u00e9bet. \u2013 Mv.-en subscrib\u00e1lt (1776), majd Enyeden tanult (1780). Bernben (1787\u201388) \u00e9s G\u00f6tting\u00e1ban (1788) peregrin\u00e1lt. A d\u00e9vai zsinaton szentelt\u00e9k papp\u00e1 (1793. m\u00e1j. 23.) \u00e9s a g\u00f6rg\u00e9nyi egyh\u00e1zmegy\u00e9be ker\u00fclt, Marosv\u00e9csen (1793\u20131821. jan. 11.) volt lelk\u00e9sz, [&hellip;]<\/p>\n","protected":false},"featured_media":0,"comment_status":"open","ping_status":"closed","template":"","meta":[],"product_brand":[],"product_cat":[137],"product_tag":[],"class_list":{"0":"post-10414","1":"product","2":"type-product","3":"status-publish","5":"product_cat-maros-megyei-eletrajzi-lexikon","7":"first","8":"instock","9":"shipping-taxable","10":"product-type-simple"},"_links":{"self":[{"href":"https:\/\/uj.adatbank.ro\/lexikon\/wp-json\/wp\/v2\/product\/10414","targetHints":{"allow":["GET"]}}],"collection":[{"href":"https:\/\/uj.adatbank.ro\/lexikon\/wp-json\/wp\/v2\/product"}],"about":[{"href":"https:\/\/uj.adatbank.ro\/lexikon\/wp-json\/wp\/v2\/types\/product"}],"replies":[{"embeddable":true,"href":"https:\/\/uj.adatbank.ro\/lexikon\/wp-json\/wp\/v2\/comments?post=10414"}],"wp:attachment":[{"href":"https:\/\/uj.adatbank.ro\/lexikon\/wp-json\/wp\/v2\/media?parent=10414"}],"wp:term":[{"taxonomy":"product_brand","embeddable":true,"href":"https:\/\/uj.adatbank.ro\/lexikon\/wp-json\/wp\/v2\/product_brand?post=10414"},{"taxonomy":"product_cat","embeddable":true,"href":"https:\/\/uj.adatbank.ro\/lexikon\/wp-json\/wp\/v2\/product_cat?post=10414"},{"taxonomy":"product_tag","embeddable":true,"href":"https:\/\/uj.adatbank.ro\/lexikon\/wp-json\/wp\/v2\/product_tag?post=10414"}],"curies":[{"name":"wp","href":"https:\/\/api.w.org\/{rel}","templated":true}]}}