{"id":10418,"date":"2025-06-29T13:19:22","date_gmt":"2025-06-29T11:19:22","guid":{"rendered":"https:\/\/uj.adatbank.ro\/lexikon\/termek\/incze-janos-2\/"},"modified":"2025-06-29T13:19:22","modified_gmt":"2025-06-29T11:19:22","slug":"incze-janos-2","status":"publish","type":"product","link":"https:\/\/uj.adatbank.ro\/lexikon\/termek\/incze-janos-2\/","title":{"rendered":"INCZE J\u00e1nos"},"content":{"rendered":"<p>Sz\u00e9kelyudvarhely, 1843. dec. 28., \u2020 Mez\u0151szengyel, 1881. dec. 18.: r. k. pap. \u2013 Sz\u00e9kelyudvarhelyen v\u00e9gezte a gimn. \u00e9s a teol\u00f3gi\u00e1t Pesten. Papp\u00e1 szentelt\u00e9k (1867. aug. 17.). Cs\u00edksomly\u00f3n tan\u00e1r \u00e9s koll.-i igazgat\u00f3 (1870), pl\u00e9b\u00e1nos Cs\u00edkmindszenten (1872), majd Mez\u0151szengyelen (1876\u2013). \u2013 <strong>F. m.:<\/strong> Halotti besz\u00e9d k\u00f6k\u00f6si Dobolyi Gy\u00f6rgy felett, 1860. szept. 25. (Mv., 1861.); Halotti besz\u00e9d magyarb\u00e9nyi br. Rad\u00e1k Istv\u00e1n felett, 1865. szept. 1. (Kv., 1865); Halotti besz\u00e9d Moln\u00e1r Kata felett, 1871. j\u00fan. 5. (Kv., 1871.); <br \/><strong>Irod.:<\/strong> Ferenczi S\u00e1ndor 2009; Halotti besz\u00e9dek<\/br><\/p>\n","protected":false},"excerpt":{"rendered":"<p>Sz\u00e9kelyudvarhely, 1843. dec. 28., \u2020 Mez\u0151szengyel, 1881. dec. 18.: r. k. pap. \u2013 Sz\u00e9kelyudvarhelyen v\u00e9gezte a gimn. \u00e9s a teol\u00f3gi\u00e1t Pesten. Papp\u00e1 szentelt\u00e9k (1867. aug. 17.). Cs\u00edksomly\u00f3n tan\u00e1r \u00e9s koll.-i igazgat\u00f3 (1870), pl\u00e9b\u00e1nos Cs\u00edkmindszenten (1872), majd Mez\u0151szengyelen (1876\u2013). \u2013 F. m.: Halotti besz\u00e9d k\u00f6k\u00f6si Dobolyi Gy\u00f6rgy felett, 1860. szept. 25. (Mv., 1861.); Halotti besz\u00e9d magyarb\u00e9nyi [&hellip;]<\/p>\n","protected":false},"featured_media":0,"comment_status":"open","ping_status":"closed","template":"","meta":[],"product_brand":[],"product_cat":[137],"product_tag":[],"class_list":{"0":"post-10418","1":"product","2":"type-product","3":"status-publish","5":"product_cat-maros-megyei-eletrajzi-lexikon","7":"first","8":"instock","9":"shipping-taxable","10":"product-type-simple"},"_links":{"self":[{"href":"https:\/\/uj.adatbank.ro\/lexikon\/wp-json\/wp\/v2\/product\/10418","targetHints":{"allow":["GET"]}}],"collection":[{"href":"https:\/\/uj.adatbank.ro\/lexikon\/wp-json\/wp\/v2\/product"}],"about":[{"href":"https:\/\/uj.adatbank.ro\/lexikon\/wp-json\/wp\/v2\/types\/product"}],"replies":[{"embeddable":true,"href":"https:\/\/uj.adatbank.ro\/lexikon\/wp-json\/wp\/v2\/comments?post=10418"}],"wp:attachment":[{"href":"https:\/\/uj.adatbank.ro\/lexikon\/wp-json\/wp\/v2\/media?parent=10418"}],"wp:term":[{"taxonomy":"product_brand","embeddable":true,"href":"https:\/\/uj.adatbank.ro\/lexikon\/wp-json\/wp\/v2\/product_brand?post=10418"},{"taxonomy":"product_cat","embeddable":true,"href":"https:\/\/uj.adatbank.ro\/lexikon\/wp-json\/wp\/v2\/product_cat?post=10418"},{"taxonomy":"product_tag","embeddable":true,"href":"https:\/\/uj.adatbank.ro\/lexikon\/wp-json\/wp\/v2\/product_tag?post=10418"}],"curies":[{"name":"wp","href":"https:\/\/api.w.org\/{rel}","templated":true}]}}

INCZE János

<p>Székelyudvarhely, 1843. dec. 28., † Mezőszengyel, 1881. dec. 18.: r. k. pap. – Székelyudvarhelyen végezte a gimn. és a teológiát Pesten. Pappá szentelték (1867. aug. 17.). Csíksomlyón tanár és koll.-i igazgató (1870), plébános Csíkmindszenten (1872), majd Mezőszengyelen (1876–). – <strong>F. m.:</strong> Halotti beszéd kökösi Dobolyi György felett, 1860. szept. 25. (Mv., 1861.); Halotti beszéd magyarbényi br. Radák István felett, 1865. szept. 1. (Kv., 1865); Halotti beszéd Molnár Kata felett, 1871. jún. 5. (Kv., 1871.); <br /><strong>Irod.:</strong> Ferenczi Sándor 2009; Halotti beszédek</br></p>

<p>Székelyudvarhely, 1843. dec. 28., † Mezőszengyel, 1881. dec. 18.: r. k. pap. – Székelyudvarhelyen végezte a gimn. és a teológiát Pesten. Pappá szentelték (1867. aug. 17.). Csíksomlyón tanár és koll.-i igazgató (1870), plébános Csíkmindszenten (1872), majd Mezőszengyelen (1876–). – F. m.: Halotti beszéd kökösi Dobolyi György felett, 1860. szept. 25. (Mv., 1861.); Halotti beszéd magyarbényi [&hellip;]</p>
