{"id":10422,"date":"2025-06-29T13:19:32","date_gmt":"2025-06-29T11:19:32","guid":{"rendered":"https:\/\/uj.adatbank.ro\/lexikon\/termek\/incze-jozsef-nagysolymosi\/"},"modified":"2025-06-29T13:19:32","modified_gmt":"2025-06-29T11:19:32","slug":"incze-jozsef-nagysolymosi","status":"publish","type":"product","link":"https:\/\/uj.adatbank.ro\/lexikon\/termek\/incze-jozsef-nagysolymosi\/","title":{"rendered":"INCZE J\u00f3zsef, nagysolymosi"},"content":{"rendered":"<p>1763., \u2020 1843. j\u00fan. 12.: tan\u00edt\u00f3. \u2013 A mv.-i ref. le\u00e1nyiskola tan\u00edt\u00f3ja (1822), a V\u00e1rtemplom torongombirata is eml\u00edti. V\u00e9grendelet\u00e9ben (1833. \u00e1pr. 4.) 6 pontba foglalva a mv.-i Ref. Koll. -nak hagyom\u00e1nyozta vagyon\u00e1t: k\u00f6nyvt\u00e1ralapra, rokon ut\u00f3dai de\u00e1kgyermekeinek, rokonut\u00f3dai tog\u00e1tus de\u00e1kok sz\u00e1m\u00e1ra. Alap\u00edtv\u00e1nyai: a sz\u00e9kelyudvarhelyi ref. egyh\u00e1znak 2 papi fizet\u00e9sre, a mv.-i ref. h\u00e1ziszeg\u00e9nyeknek, a v\u00e1rosi k\u00fcls\u0151 szeg\u00e9nyeknek, ref. templom\u00e9p\u00edt\u00e9sre, \u00farasztal\u00e1ra borra, \u00e9s az els\u0151 papnak. <br \/><strong>Irod.:<\/strong> Keszeg; Kr\u00f3n. F\u00fcz. (1939. 4\/6)<\/br><\/p>\n","protected":false},"excerpt":{"rendered":"<p>1763., \u2020 1843. j\u00fan. 12.: tan\u00edt\u00f3. \u2013 A mv.-i ref. le\u00e1nyiskola tan\u00edt\u00f3ja (1822), a V\u00e1rtemplom torongombirata is eml\u00edti. V\u00e9grendelet\u00e9ben (1833. \u00e1pr. 4.) 6 pontba foglalva a mv.-i Ref. Koll. -nak hagyom\u00e1nyozta vagyon\u00e1t: k\u00f6nyvt\u00e1ralapra, rokon ut\u00f3dai de\u00e1kgyermekeinek, rokonut\u00f3dai tog\u00e1tus de\u00e1kok sz\u00e1m\u00e1ra. Alap\u00edtv\u00e1nyai: a sz\u00e9kelyudvarhelyi ref. egyh\u00e1znak 2 papi fizet\u00e9sre, a mv.-i ref. h\u00e1ziszeg\u00e9nyeknek, a v\u00e1rosi k\u00fcls\u0151 [&hellip;]<\/p>\n","protected":false},"featured_media":0,"comment_status":"open","ping_status":"closed","template":"","meta":[],"product_brand":[],"product_cat":[137],"product_tag":[],"class_list":{"0":"post-10422","1":"product","2":"type-product","3":"status-publish","5":"product_cat-maros-megyei-eletrajzi-lexikon","7":"first","8":"instock","9":"shipping-taxable","10":"product-type-simple"},"_links":{"self":[{"href":"https:\/\/uj.adatbank.ro\/lexikon\/wp-json\/wp\/v2\/product\/10422","targetHints":{"allow":["GET"]}}],"collection":[{"href":"https:\/\/uj.adatbank.ro\/lexikon\/wp-json\/wp\/v2\/product"}],"about":[{"href":"https:\/\/uj.adatbank.ro\/lexikon\/wp-json\/wp\/v2\/types\/product"}],"replies":[{"embeddable":true,"href":"https:\/\/uj.adatbank.ro\/lexikon\/wp-json\/wp\/v2\/comments?post=10422"}],"wp:attachment":[{"href":"https:\/\/uj.adatbank.ro\/lexikon\/wp-json\/wp\/v2\/media?parent=10422"}],"wp:term":[{"taxonomy":"product_brand","embeddable":true,"href":"https:\/\/uj.adatbank.ro\/lexikon\/wp-json\/wp\/v2\/product_brand?post=10422"},{"taxonomy":"product_cat","embeddable":true,"href":"https:\/\/uj.adatbank.ro\/lexikon\/wp-json\/wp\/v2\/product_cat?post=10422"},{"taxonomy":"product_tag","embeddable":true,"href":"https:\/\/uj.adatbank.ro\/lexikon\/wp-json\/wp\/v2\/product_tag?post=10422"}],"curies":[{"name":"wp","href":"https:\/\/api.w.org\/{rel}","templated":true}]}}

INCZE József, nagysolymosi

<p>1763., † 1843. jún. 12.: tanító. – A mv.-i ref. leányiskola tanítója (1822), a Vártemplom torongombirata is említi. Végrendeletében (1833. ápr. 4.) 6 pontba foglalva a mv.-i Ref. Koll. -nak hagyományozta vagyonát: könyvtáralapra, rokon utódai deákgyermekeinek, rokonutódai togátus deákok számára. Alapítványai: a székelyudvarhelyi ref. egyháznak 2 papi fizetésre, a mv.-i ref. háziszegényeknek, a városi külső szegényeknek, ref. templomépítésre, úrasztalára borra, és az első papnak. <br /><strong>Irod.:</strong> Keszeg; Krón. Füz. (1939. 4/6)</br></p>

<p>1763., † 1843. jún. 12.: tanító. – A mv.-i ref. leányiskola tanítója (1822), a Vártemplom torongombirata is említi. Végrendeletében (1833. ápr. 4.) 6 pontba foglalva a mv.-i Ref. Koll. -nak hagyományozta vagyonát: könyvtáralapra, rokon utódai deákgyermekeinek, rokonutódai togátus deákok számára. Alapítványai: a székelyudvarhelyi ref. egyháznak 2 papi fizetésre, a mv.-i ref. háziszegényeknek, a városi külső [&hellip;]</p>
